000
CDUS41 KBUF 210705
CLIART


CLIMATE REPORT
NATIONAL WEATHER SERVICE BUFFALO NY
205 AM EST WED JAN 21 2015


...................................

...THE WATERTOWN NY CLIMATE SUMMARY FOR JANUARY 20 2015...

CLIMATE NORMAL PERIOD 1981 TO 2010
CLIMATE RECORD PERIOD 1949 TO 2015


WEATHER ITEM   OBSERVED TIME   RECORD YEAR NORMAL DEPARTURE LAST
                VALUE   (LST)  VALUE       VALUE  FROM      YEAR
                                                  NORMAL
..................................................................
TEMPERATURE (F)
 YESTERDAY
  MAXIMUM         20   1208 AM  57    1951  29     -9       32
  MINIMUM         -5   1155 PM -21    2014   9    -14      -21
  AVERAGE          8                        19    -11        6

PRECIPITATION (IN)
  YESTERDAY        0.00          0.52 1995   0.09  -0.09     0.10
  MONTH TO DATE    1.78                      1.78   0.00     3.05
  SINCE DEC 1      3.50                      4.93  -1.43     5.46
  SINCE JAN 1      1.78                      1.78   0.00     3.05

DEGREE DAYS
 HEATING
  YESTERDAY       57                        46     11       59
  MONTH TO DATE  958                       905     53      842
  SINCE DEC 1   1946                      2102   -156     2104
  SINCE JUL 1   3299                      3701   -402     3679

 COOLING
  YESTERDAY        0                         0      0        0
  MONTH TO DATE    0                         0      0        0
  SINCE DEC 1      0                         0      0        0
  SINCE JAN 1      0                         0      0        0
..................................................................


WIND (MPH)
  HIGHEST WIND SPEED     9   HIGHEST WIND DIRECTION    SW (230)
  HIGHEST GUST SPEED    12   HIGHEST GUST DIRECTION     W (270)
  AVERAGE WIND SPEED     3.3


SKY COVER
  AVERAGE SKY COVER 0.1


WEATHER CONDITIONS
 THE FOLLOWING WEATHER WAS RECORDED YESTERDAY.
  HAZE


RELATIVE HUMIDITY (PERCENT)
 HIGHEST    87           700 PM
 LOWEST     51           100 PM
 AVERAGE    69

..........................................................


THE WATERTOWN NY CLIMATE NORMALS FOR TODAY
                         NORMAL    RECORD    YEAR
 MAXIMUM TEMPERATURE (F)   29        57      1951
 MINIMUM TEMPERATURE (F)    9       -33      2014


SUNRISE AND SUNSET
JANUARY 21 2015.......SUNRISE   732 AM EST   SUNSET   459 PM EST
JANUARY 22 2015.......SUNRISE   731 AM EST   SUNSET   501 PM EST


-  INDICATES NEGATIVE NUMBERS.
R  INDICATES RECORD WAS SET OR TIED.
MM INDICATES DATA IS MISSING.
T  INDICATES TRACE AMOUNT.




$$
