000
CDUS41 KBUF 252042
CLIART


CLIMATE REPORT
NATIONAL WEATHER SERVICE BUFFALO NY
441 PM EDT FRI JUL 25 2014


...................................

...THE WATERTOWN NY CLIMATE SUMMARY FOR JULY 25 2014...
VALID TODAY AS OF 0400 PM LOCAL TIME.

CLIMATE NORMAL PERIOD 1981 TO 2010
CLIMATE RECORD PERIOD 1949 TO 2014


WEATHER ITEM   OBSERVED TIME   RECORD YEAR NORMAL DEPARTURE LAST
                VALUE   (LST)  VALUE       VALUE  FROM      YEAR
                                                  NORMAL
..................................................................
TEMPERATURE (F)
 TODAY
  MAXIMUM         74    340 PM  90    1985  80     -6       76
  MINIMUM         55    440 AM  43    1976  59     -4       46
  AVERAGE         65                        69     -4       61

PRECIPITATION (IN)
  TODAY            0.00          1.18 1962   0.10  -0.10     0.00
  MONTH TO DATE    3.68                      2.10   1.58     1.72
  SINCE JUN 1      6.59                      4.95   1.64     7.76
  SINCE JAN 1     25.19                     18.10   7.09    18.38

DEGREE DAYS
 HEATING
  TODAY            0                         1     -1        4
  MONTH TO DATE   13                        26    -13        9
  SINCE JUN 1     75                       133    -58      112
  SINCE JUL 1     13                        26    -13        9

 COOLING
  TODAY            0                         5     -5        0
  MONTH TO DATE  111                       114     -3      215
  SINCE JUN 1    223                       176     47      289
  SINCE JAN 1    246                       187     59      321
..................................................................


WIND (MPH)
  HIGHEST WIND SPEED    18   HIGHEST WIND DIRECTION    SW (210)
  HIGHEST GUST SPEED    23   HIGHEST GUST DIRECTION    SW (220)
  AVERAGE WIND SPEED     6.9


SKY COVER
  AVERAGE SKY COVER 0.0


WEATHER CONDITIONS
 THE FOLLOWING WEATHER WAS RECORDED TODAY.
  NO SIGNIFICANT WEATHER WAS OBSERVED.


RELATIVE HUMIDITY (PERCENT)
 HIGHEST    86           100 AM
 LOWEST     46          1200 PM
 AVERAGE    66

..........................................................


THE WATERTOWN NY CLIMATE NORMALS FOR TOMORROW
                         NORMAL    RECORD    YEAR
 MAXIMUM TEMPERATURE (F)   80        93      1963
 MINIMUM TEMPERATURE (F)   59        45      2001


SUNRISE AND SUNSET
JULY 25 2014..........SUNRISE   545 AM EDT   SUNSET   836 PM EDT
JULY 26 2014..........SUNRISE   546 AM EDT   SUNSET   835 PM EDT


-  INDICATES NEGATIVE NUMBERS.
R  INDICATES RECORD WAS SET OR TIED.
MM INDICATES DATA IS MISSING.
T  INDICATES TRACE AMOUNT.




$$
