539
CDUS41 KBUF 131031
CLIART


CLIMATE REPORT
NATIONAL WEATHER SERVICE BUFFALO NY
530 AM EST FRI JAN 13 2017


...................................

...THE WATERTOWN NY CLIMATE SUMMARY FOR JANUARY 12 2017...

CLIMATE NORMAL PERIOD 1981 TO 2010
CLIMATE RECORD PERIOD 1949 TO 2017


WEATHER ITEM   OBSERVED TIME   RECORD YEAR NORMAL DEPARTURE LAST
                VALUE   (LST)  VALUE       VALUE  FROM      YEAR
                                                  NORMAL
..................................................................
TEMPERATURE (F)
 YESTERDAY
  MAXIMUM         54R   903 AM  53    2013  29     25       29
  MINIMUM         33   1159 PM -34    1968  10     23       16
  AVERAGE         44                        19     25       23

PRECIPITATION (IN)
  YESTERDAY        0.05          0.88 1957   0.09  -0.04     0.12
                                      1957
                                      2012
  MONTH TO DATE    1.09                      1.11  -0.02     0.95
  SINCE DEC 1      3.28                      4.26  -0.98     3.39
  SINCE JAN 1      1.09                      1.11  -0.02     0.95

DEGREE DAYS
 HEATING
  YESTERDAY       21                        46    -25       42
  MONTH TO DATE  492                       537    -45      475
  SINCE DEC 1   1609                      1734   -125     1255
  SINCE JUL 1   2951                      3333   -382     2622

 COOLING
  YESTERDAY        0                         0      0        0
  MONTH TO DATE    0                         0      0        0
  SINCE DEC 1      0                         0      0        0
  SINCE JAN 1      0                         0      0        0
..................................................................


WIND (MPH)
  HIGHEST WIND SPEED    24   HIGHEST WIND DIRECTION     W (270)
  HIGHEST GUST SPEED    37   HIGHEST GUST DIRECTION     S (190)
  AVERAGE WIND SPEED    12.7


SKY COVER
  AVERAGE SKY COVER 0.9


WEATHER CONDITIONS
 THE FOLLOWING WEATHER WAS RECORDED YESTERDAY.
  RAIN
  LIGHT RAIN
  FOG


RELATIVE HUMIDITY (PERCENT)
 HIGHEST   100           100 PM
 LOWEST     60          1200 AM
 AVERAGE    80

..........................................................


THE WATERTOWN NY CLIMATE NORMALS FOR TODAY
                         NORMAL    RECORD    YEAR
 MAXIMUM TEMPERATURE (F)   29        62      2013
                                             2005
 MINIMUM TEMPERATURE (F)    9       -27      1957


SUNRISE AND SUNSET
JANUARY 13 2017.......SUNRISE   736 AM EST   SUNSET   450 PM EST
JANUARY 14 2017.......SUNRISE   736 AM EST   SUNSET   451 PM EST


-  INDICATES NEGATIVE NUMBERS.
R  INDICATES RECORD WAS SET OR TIED.
MM INDICATES DATA IS MISSING.
T  INDICATES TRACE AMOUNT.




$$
