000
CDUS41 KBUF 282025
CLIART


CLIMATE REPORT
NATIONAL WEATHER SERVICE BUFFALO NY
424 PM EDT FRI AUG 28 2015


...................................

...THE WATERTOWN NY CLIMATE SUMMARY FOR AUGUST 28 2015...
VALID TODAY AS OF 0400 PM LOCAL TIME.

CLIMATE NORMAL PERIOD 1981 TO 2010
CLIMATE RECORD PERIOD 1949 TO 2015


WEATHER ITEM   OBSERVED TIME   RECORD YEAR NORMAL DEPARTURE LAST
                VALUE   (LST)  VALUE       VALUE  FROM      YEAR
                                                  NORMAL
..................................................................
TEMPERATURE (F)
 TODAY
  MAXIMUM         72    214 PM  90    1973  77     -5       73
  MINIMUM         51    555 AM  38    1982  54     -3       49
  AVERAGE         62                        65     -3       61

PRECIPITATION (IN)
  TODAY            0.00          2.15 1971   0.10  -0.10     0.00
  MONTH TO DATE    2.65                      2.85  -0.20     5.10
  SINCE JUN 1      9.95                      8.35   1.60    13.04
  SINCE JAN 1     17.35                     21.50  -4.15    31.64

DEGREE DAYS
 HEATING
  TODAY            3                         2      1        4
  MONTH TO DATE   15                        37    -22       25
  SINCE JUN 1    169                       170     -1      106
  SINCE JUL 1     53                        63    -10       44

 COOLING
  TODAY            0                         3     -3        0
  MONTH TO DATE   98                       105     -7       86
  SINCE JUN 1    252                       306    -54      321
  SINCE JAN 1    298                       317    -19      344
..................................................................


WIND (MPH)
  HIGHEST WIND SPEED    16   HIGHEST WIND DIRECTION     W (270)
  HIGHEST GUST SPEED    21   HIGHEST GUST DIRECTION     W (260)
  AVERAGE WIND SPEED     5.9


SKY COVER
  AVERAGE SKY COVER 0.4


WEATHER CONDITIONS
 THE FOLLOWING WEATHER WAS RECORDED TODAY.
  NO SIGNIFICANT WEATHER WAS OBSERVED.


RELATIVE HUMIDITY (PERCENT)
 HIGHEST   100           500 AM
 LOWEST     53          1200 PM
 AVERAGE    77

..........................................................


THE WATERTOWN NY CLIMATE NORMALS FOR TOMORROW
                         NORMAL    RECORD    YEAR
 MAXIMUM TEMPERATURE (F)   76        89      1953
 MINIMUM TEMPERATURE (F)   54        34      1982


SUNRISE AND SUNSET
AUGUST 28 2015........SUNRISE   622 AM EDT   SUNSET   747 PM EDT
AUGUST 29 2015........SUNRISE   624 AM EDT   SUNSET   746 PM EDT


-  INDICATES NEGATIVE NUMBERS.
R  INDICATES RECORD WAS SET OR TIED.
MM INDICATES DATA IS MISSING.
T  INDICATES TRACE AMOUNT.

$$
