000
CDUS41 KBUF 132035
CLIART


CLIMATE REPORT
NATIONAL WEATHER SERVICE BUFFALO NY
434 PM EDT WED SEP 13 2017


...................................

...THE WATERTOWN NY CLIMATE SUMMARY FOR SEPTEMBER 13 2017...
VALID TODAY AS OF 0400 PM LOCAL TIME.

CLIMATE NORMAL PERIOD 1981 TO 2010
CLIMATE RECORD PERIOD 1949 TO 2017


WEATHER ITEM   OBSERVED TIME   RECORD YEAR NORMAL DEPARTURE LAST
                VALUE   (LST)  VALUE       VALUE  FROM      YEAR
                                                  NORMAL
..................................................................
TEMPERATURE (F)
 TODAY
  MAXIMUM         76    259 PM  89    1951  72      4       78
  MINIMUM         46    428 AM  32    1964  50     -4       46
  AVERAGE         61                        61      0       62

PRECIPITATION (IN)
  TODAY            T             1.32 2006   0.12  -0.12     0.00
  MONTH TO DATE    1.13                      1.43  -0.30     1.67
  SINCE SEP 1      1.13                      1.43  -0.30     1.67
  SINCE JAN 1     31.86                     23.23   8.63    20.70

DEGREE DAYS
 HEATING
  TODAY            4                         6     -2        3
  MONTH TO DATE  102                        54     48       31
  SINCE SEP 1    102                        54     48       31
  SINCE JUL 1    172                       126     46       42

 COOLING
  TODAY            0                         1     -1        0
  MONTH TO DATE    0                        23    -23       35
  SINCE SEP 1      0                        23    -23       35
  SINCE JAN 1    330                       347    -17      549
..................................................................


WIND (MPH)
  HIGHEST WIND SPEED     8   HIGHEST WIND DIRECTION     W (260)
  HIGHEST GUST SPEED    10   HIGHEST GUST DIRECTION     W (260)
  AVERAGE WIND SPEED     1.9


SKY COVER
  AVERAGE SKY COVER 0.0


WEATHER CONDITIONS
 THE FOLLOWING WEATHER WAS RECORDED TODAY.
  NO SIGNIFICANT WEATHER WAS OBSERVED.


RELATIVE HUMIDITY (PERCENT)
 HIGHEST   100          1200 AM
 LOWEST     60          1200 PM
 AVERAGE    80

..........................................................


THE WATERTOWN NY CLIMATE NORMALS FOR TOMORROW
                         NORMAL    RECORD    YEAR
 MAXIMUM TEMPERATURE (F)   71        90      1961
 MINIMUM TEMPERATURE (F)   49        32      1986


SUNRISE AND SUNSET
SEPTEMBER 13 2017.....SUNRISE   641 AM EDT   SUNSET   718 PM EDT
SEPTEMBER 14 2017.....SUNRISE   642 AM EDT   SUNSET   716 PM EDT


-  INDICATES NEGATIVE NUMBERS.
R  INDICATES RECORD WAS SET OR TIED.
MM INDICATES DATA IS MISSING.
T  INDICATES TRACE AMOUNT.




$$
