000
CDUS41 KBUF 222038
CLIART


CLIMATE REPORT
NATIONAL WEATHER SERVICE BUFFALO NY
438 PM EDT SUN MAY 22 2016


...................................

...THE WATERTOWN NY CLIMATE SUMMARY FOR MAY 22 2016...
VALID TODAY AS OF 0400 PM LOCAL TIME.

CLIMATE NORMAL PERIOD 1981 TO 2010
CLIMATE RECORD PERIOD 1949 TO 2016


WEATHER ITEM   OBSERVED TIME   RECORD YEAR NORMAL DEPARTURE LAST
                VALUE   (LST)  VALUE       VALUE  FROM      YEAR
                                                  NORMAL
..................................................................
TEMPERATURE (F)
 TODAY
  MAXIMUM         75    202 PM  86    1955  68      7       59
  MINIMUM         49    458 AM  30    1990  45      4       32
  AVERAGE         62                        56      6       46

PRECIPITATION (IN)
  TODAY            0.00          1.04 1986   0.11  -0.11     0.09
  MONTH TO DATE    1.40                      2.13  -0.73     0.74
  SINCE MAR 1      5.19                      7.33  -2.14     3.26
  SINCE JAN 1     11.00                     12.21  -1.21     6.35

DEGREE DAYS
 HEATING
  TODAY            3                         9     -6       19
  MONTH TO DATE  312                       264     48      174
  SINCE MAR 1   1980                      1966     14     1982
  SINCE JUL 1   6628                      7407   -779     7502

 COOLING
  TODAY            0                         0      0        0
  MONTH TO DATE    0                         0      0       18
  SINCE MAR 1      0                         1     -1       18
  SINCE JAN 1      0                         1     -1       18
..................................................................


WIND (MPH)
  HIGHEST WIND SPEED    16   HIGHEST WIND DIRECTION     N (340)
  HIGHEST GUST SPEED    20   HIGHEST GUST DIRECTION     N (350)
  AVERAGE WIND SPEED     4.8


SKY COVER
  AVERAGE SKY COVER 0.1


WEATHER CONDITIONS
 THE FOLLOWING WEATHER WAS RECORDED TODAY.
  NO SIGNIFICANT WEATHER WAS OBSERVED.


RELATIVE HUMIDITY (PERCENT)
 HIGHEST    89          1200 AM
 LOWEST     36           200 PM
 AVERAGE    63

..........................................................


THE WATERTOWN NY CLIMATE NORMALS FOR TOMORROW
                         NORMAL    RECORD    YEAR
 MAXIMUM TEMPERATURE (F)   68        81      2010
                                             1991
 MINIMUM TEMPERATURE (F)   46        25      1967


SUNRISE AND SUNSET
MAY 22 2016...........SUNRISE   531 AM EDT   SUNSET   831 PM EDT
MAY 23 2016...........SUNRISE   530 AM EDT   SUNSET   832 PM EDT


-  INDICATES NEGATIVE NUMBERS.
R  INDICATES RECORD WAS SET OR TIED.
MM INDICATES DATA IS MISSING.
T  INDICATES TRACE AMOUNT.




$$
