143
CDUS41 KBUF 161018
CLIART


CLIMATE REPORT
NATIONAL WEATHER SERVICE BUFFALO NY
517 AM EST TUE JAN 16 2018


...................................

...THE WATERTOWN NY CLIMATE SUMMARY FOR JANUARY 15 2018...

CLIMATE NORMAL PERIOD 1981 TO 2010
CLIMATE RECORD PERIOD 1949 TO 2018


WEATHER ITEM   OBSERVED TIME   RECORD YEAR NORMAL DEPARTURE LAST
                VALUE   (LST)  VALUE       VALUE  FROM      YEAR
                                                  NORMAL
..................................................................
TEMPERATURE (F)
 YESTERDAY
  MAXIMUM         MM        MM  66    1995  29     MM       30
  MINIMUM        -12   1242 AM -33    1994   9    -21       14
  AVERAGE         MM                        19     MM       22

PRECIPITATION (IN)
  YESTERDAY        T             0.87 1999   0.08  -0.08     0.00
  MONTH TO DATE    1.65                      1.36   0.29     1.09
  SINCE DEC 1      3.44                      4.51  -1.07     3.28
  SINCE JAN 1      1.65                      1.36   0.29     1.09

DEGREE DAYS
 HEATING
  YESTERDAY       MM                        46     MM       43
  MONTH TO DATE  597                       675    -78      626
  SINCE DEC 1   2008                      1872    136     1743
  SINCE JUL 1   3367                      3471   -104     3085

 COOLING
  YESTERDAY       MM                         0     MM        0
  MONTH TO DATE    0                         0      0        0
  SINCE DEC 1      0                         0      0        0
  SINCE JAN 1      0                         0      0        0
..................................................................


WIND (MPH)
  HIGHEST WIND SPEED    17   HIGHEST WIND DIRECTION    NE (50)
  HIGHEST GUST SPEED    21   HIGHEST GUST DIRECTION    NE (50)
  AVERAGE WIND SPEED     8.3


SKY COVER
  AVERAGE SKY COVER 0.3


WEATHER CONDITIONS
 THE FOLLOWING WEATHER WAS RECORDED YESTERDAY.
  LIGHT SNOW
  HAZE


RELATIVE HUMIDITY (PERCENT)
 HIGHEST    64          1200 AM
 LOWEST     31           100 PM
 AVERAGE    48

..........................................................


THE WATERTOWN NY CLIMATE NORMALS FOR TODAY
                         NORMAL    RECORD    YEAR
 MAXIMUM TEMPERATURE (F)   29        53      1953
 MINIMUM TEMPERATURE (F)    9       -43      1994


SUNRISE AND SUNSET
JANUARY 16 2018.......SUNRISE   735 AM EST   SUNSET   453 PM EST
JANUARY 17 2018.......SUNRISE   734 AM EST   SUNSET   454 PM EST


-  INDICATES NEGATIVE NUMBERS.
R  INDICATES RECORD WAS SET OR TIED.
MM INDICATES DATA IS MISSING.
T  INDICATES TRACE AMOUNT.




$$
