000
CDUS41 KBUF 271022
CLIART


CLIMATE REPORT
NATIONAL WEATHER SERVICE BUFFALO NY
618 AM EDT TUE JUN 27 2017


...................................

...THE WATERTOWN NY CLIMATE SUMMARY FOR JUNE 26 2017...

CLIMATE NORMAL PERIOD 1981 TO 2010
CLIMATE RECORD PERIOD 1949 TO 2017


WEATHER ITEM   OBSERVED TIME   RECORD YEAR NORMAL DEPARTURE LAST
                VALUE   (LST)  VALUE       VALUE  FROM      YEAR
                                                  NORMAL
..................................................................
TEMPERATURE (F)
 YESTERDAY
  MAXIMUM         70    303 PM  91    1995  77     -7       90
  MINIMUM         50    439 AM  38    1965  56     -6       56
  AVERAGE         60                        66     -6       73

PRECIPITATION (IN)
  YESTERDAY        0.28          1.68 1998   0.10   0.18     0.00
  MONTH TO DATE    5.80                      2.51   3.29     3.02
  SINCE JUN 1      5.80                      2.51   3.29     3.02
  SINCE JAN 1     21.47                     15.66   5.81    14.02

DEGREE DAYS
 HEATING
  YESTERDAY        5                         2      3        0
  MONTH TO DATE   93                       100     -7       98
  SINCE JUN 1     93                       100     -7       98
  SINCE JUL 1   6742                      7576   -834     6738

 COOLING
  YESTERDAY        0                         3     -3        8
  MONTH TO DATE   70                        47     23       35
  SINCE JUN 1     70                        47     23       35
  SINCE JAN 1     89                        58     31       65
..................................................................


WIND (MPH)
  HIGHEST WIND SPEED    24   HIGHEST WIND DIRECTION     W (280)
  HIGHEST GUST SPEED    35   HIGHEST GUST DIRECTION    NW (300)
  AVERAGE WIND SPEED     5.1


SKY COVER
  AVERAGE SKY COVER 0.6


WEATHER CONDITIONS
 THE FOLLOWING WEATHER WAS RECORDED YESTERDAY.
  THUNDERSTORM
  HEAVY RAIN
  RAIN
  LIGHT RAIN
  FOG


RELATIVE HUMIDITY (PERCENT)
 HIGHEST   100           300 AM
 LOWEST     59           200 PM
 AVERAGE    80

..........................................................


THE WATERTOWN NY CLIMATE NORMALS FOR TODAY
                         NORMAL    RECORD    YEAR
 MAXIMUM TEMPERATURE (F)   77        94      1999
 MINIMUM TEMPERATURE (F)   56        41      1982


SUNRISE AND SUNSET
JUNE 27 2017..........SUNRISE   523 AM EDT   SUNSET   851 PM EDT
JUNE 28 2017..........SUNRISE   524 AM EDT   SUNSET   851 PM EDT


-  INDICATES NEGATIVE NUMBERS.
R  INDICATES RECORD WAS SET OR TIED.
MM INDICATES DATA IS MISSING.
T  INDICATES TRACE AMOUNT.




$$
