000
CDUS41 KBUF 232032
CLIART


CLIMATE REPORT
NATIONAL WEATHER SERVICE BUFFALO NY
427 PM EDT MON OCT 23 2017


...................................

...THE WATERTOWN NY CLIMATE SUMMARY FOR OCTOBER 23 2017...
VALID TODAY AS OF 0400 PM LOCAL TIME.

CLIMATE NORMAL PERIOD 1981 TO 2010
CLIMATE RECORD PERIOD 1949 TO 2017


WEATHER ITEM   OBSERVED TIME   RECORD YEAR NORMAL DEPARTURE LAST
                VALUE   (LST)  VALUE       VALUE  FROM      YEAR
                                                  NORMAL
..................................................................
TEMPERATURE (F)
 TODAY
  MAXIMUM         71    242 PM  80    1979  56     15       52
  MINIMUM         61    326 AM  20    1997  36     25       38
  AVERAGE         66                        46     20       45

PRECIPITATION (IN)
  TODAY            0.00          1.11 2007   0.11  -0.11      T
  MONTH TO DATE    5.56                      2.75   2.81     5.10
  SINCE SEP 1      6.85                      6.47   0.38     7.55
  SINCE JAN 1     37.58                     28.27   9.31    26.58

DEGREE DAYS
 HEATING
  TODAY            0                        19    -19       20
  MONTH TO DATE  190                       360   -170      259
  SINCE SEP 1    337                       562   -225      403
  SINCE JUL 1    407                       634   -227      414

 COOLING
  TODAY            1                         0      1        0
  MONTH TO DATE    6                         0      6        5
  SINCE SEP 1     59                        35     24       52
  SINCE JAN 1    389                       359     30      566
..................................................................


WIND (MPH)
  HIGHEST WIND SPEED    17   HIGHEST WIND DIRECTION     S (160)
  HIGHEST GUST SPEED    25   HIGHEST GUST DIRECTION    SE (150)
  AVERAGE WIND SPEED     9.9


SKY COVER
  AVERAGE SKY COVER 0.0


WEATHER CONDITIONS
 THE FOLLOWING WEATHER WAS RECORDED TODAY.
  NO SIGNIFICANT WEATHER WAS OBSERVED.


RELATIVE HUMIDITY (PERCENT)
 HIGHEST    65           600 AM
 LOWEST     48          1200 AM
 AVERAGE    57

..........................................................


THE WATERTOWN NY CLIMATE NORMALS FOR TOMORROW
                         NORMAL    RECORD    YEAR
 MAXIMUM TEMPERATURE (F)   55        74      1991
 MINIMUM TEMPERATURE (F)   36        18      1974


SUNRISE AND SUNSET
OCTOBER 23 2017.......SUNRISE   729 AM EDT   SUNSET   607 PM EDT
OCTOBER 24 2017.......SUNRISE   730 AM EDT   SUNSET   605 PM EDT


-  INDICATES NEGATIVE NUMBERS.
R  INDICATES RECORD WAS SET OR TIED.
MM INDICATES DATA IS MISSING.
T  INDICATES TRACE AMOUNT.




$$
