000
CDUS41 KBUF 230705
CLIART


CLIMATE REPORT
NATIONAL WEATHER SERVICE BUFFALO NY
305 AM EDT WED APR 23 2014


...................................

...THE WATERTOWN NY CLIMATE SUMMARY FOR APRIL 22 2014...

CLIMATE NORMAL PERIOD 1981 TO 2010
CLIMATE RECORD PERIOD 1949 TO 2014


WEATHER ITEM   OBSERVED TIME   RECORD YEAR NORMAL DEPARTURE LAST
                VALUE   (LST)  VALUE       VALUE  FROM      YEAR
                                                  NORMAL
..................................................................
TEMPERATURE (F)
 YESTERDAY
  MAXIMUM         64    222 AM  79    1973  58      6       59
  MINIMUM         40   1102 PM  22    2013  36      4       22
  AVERAGE         52                        47      5       41

PRECIPITATION (IN)
  YESTERDAY        0.19          1.24 2006   0.10   0.09     0.00
  MONTH TO DATE    3.46                      2.13   1.33     3.17
  SINCE MAR 1      5.57                      4.43   1.14     4.16
  SINCE JAN 1     12.67                      9.31   3.36     8.46

DEGREE DAYS
 HEATING
  YESTERDAY       13                        18     -5       24
  MONTH TO DATE  467                       501    -34      515
  SINCE MAR 1   1772                      1567    205     1523
  SINCE JUL 1   7443                      7008    435     6373

 COOLING
  YESTERDAY        0                         0      0        0
  MONTH TO DATE    0                         0      0        0
  SINCE MAR 1      0                         0      0        0
  SINCE JAN 1      0                         0      0        0
..................................................................


WIND (MPH)
  HIGHEST WIND SPEED    20   HIGHEST WIND DIRECTION    SW (210)
  HIGHEST GUST SPEED    26   HIGHEST GUST DIRECTION    SW (230)
  AVERAGE WIND SPEED     8.3


SKY COVER
  AVERAGE SKY COVER 0.7


WEATHER CONDITIONS
 THE FOLLOWING WEATHER WAS RECORDED YESTERDAY.
  RAIN
  LIGHT RAIN
  FOG
  HAZE


RELATIVE HUMIDITY (PERCENT)
 HIGHEST    89           100 PM
 LOWEST     32           200 AM
 AVERAGE    61

..........................................................


THE WATERTOWN NY CLIMATE NORMALS FOR TODAY
                         NORMAL    RECORD    YEAR
 MAXIMUM TEMPERATURE (F)   58        84      2001
 MINIMUM TEMPERATURE (F)   36        24      2010
                                             1989


SUNRISE AND SUNSET
APRIL 23 2014.........SUNRISE   608 AM EDT   SUNSET   758 PM EDT
APRIL 24 2014.........SUNRISE   606 AM EDT   SUNSET   759 PM EDT


-  INDICATES NEGATIVE NUMBERS.
R  INDICATES RECORD WAS SET OR TIED.
MM INDICATES DATA IS MISSING.
T  INDICATES TRACE AMOUNT.




$$
