000
CDUS41 KBUF 101032
CLIART


CLIMATE REPORT
NATIONAL WEATHER SERVICE BUFFALO NY
530 AM EST SAT DEC 10 2016


...................................

...THE WATERTOWN NY CLIMATE SUMMARY FOR DECEMBER 9 2016...

CLIMATE NORMAL PERIOD 1981 TO 2010
CLIMATE RECORD PERIOD 1949 TO 2016


WEATHER ITEM   OBSERVED TIME   RECORD YEAR NORMAL DEPARTURE LAST
                VALUE   (LST)  VALUE       VALUE  FROM      YEAR
                                                  NORMAL
..................................................................
TEMPERATURE (F)
 YESTERDAY
  MAXIMUM         29   1221 AM  63    1966  37     -8       54
  MINIMUM         20    840 PM  -8    2000  21     -1       30
  AVERAGE         25                        29     -4       42

PRECIPITATION (IN)
  YESTERDAY        T             1.17 1975   0.11  -0.11      T
  MONTH TO DATE    0.75                      0.99  -0.24     0.58
  SINCE DEC 1      0.75                      0.99  -0.24     0.58
  SINCE JAN 1     29.08                     33.92  -4.84    26.17

DEGREE DAYS
 HEATING
  YESTERDAY       40                        36      4       23
  MONTH TO DATE  272                       310    -38      243
  SINCE DEC 1    272                       310    -38      243
  SINCE JUL 1   1614                      1909   -295     1610

 COOLING
  YESTERDAY        0                         0      0        0
  MONTH TO DATE    0                         0      0        0
  SINCE DEC 1      0                         0      0        0
  SINCE JAN 1    566                       362    204      388
..................................................................


WIND (MPH)
  HIGHEST WIND SPEED    18   HIGHEST WIND DIRECTION     W (290)
  HIGHEST GUST SPEED    23   HIGHEST GUST DIRECTION     W (290)
  AVERAGE WIND SPEED    10.3


SKY COVER
  AVERAGE SKY COVER 0.7


WEATHER CONDITIONS
 THE FOLLOWING WEATHER WAS RECORDED YESTERDAY.
  NO SIGNIFICANT WEATHER WAS OBSERVED.


RELATIVE HUMIDITY (PERCENT)
 HIGHEST    81           200 AM
 LOWEST     55          1100 AM
 AVERAGE    68

..........................................................


THE WATERTOWN NY CLIMATE NORMALS FOR TODAY
                         NORMAL    RECORD    YEAR
 MAXIMUM TEMPERATURE (F)   37        57      1952
 MINIMUM TEMPERATURE (F)   20       -15      1968


SUNRISE AND SUNSET
DECEMBER 10 2016......SUNRISE   728 AM EST   SUNSET   426 PM EST
DECEMBER 11 2016......SUNRISE   729 AM EST   SUNSET   426 PM EST


-  INDICATES NEGATIVE NUMBERS.
R  INDICATES RECORD WAS SET OR TIED.
MM INDICATES DATA IS MISSING.
T  INDICATES TRACE AMOUNT.




$$
