000
CDUS41 KBUF 221024
CLIART


CLIMATE REPORT
NATIONAL WEATHER SERVICE BUFFALO NY
621 AM EDT MON MAY 22 2017


...................................

...THE WATERTOWN NY CLIMATE SUMMARY FOR MAY 21 2017...

CLIMATE NORMAL PERIOD 1981 TO 2010
CLIMATE RECORD PERIOD 1949 TO 2017


WEATHER ITEM   OBSERVED TIME   RECORD YEAR NORMAL DEPARTURE LAST
                VALUE   (LST)  VALUE       VALUE  FROM      YEAR
                                                  NORMAL
..................................................................
TEMPERATURE (F)
 YESTERDAY
  MAXIMUM         69    322 PM  83    2012  67      2       69
                                      1953
  MINIMUM         44    115 AM  30    1964  45     -1       37
  AVERAGE         57                        56      1       53

PRECIPITATION (IN)
  YESTERDAY        0.31          0.44 1996   0.10   0.21     0.00
  MONTH TO DATE    4.33                      2.02   2.31     1.40
  SINCE MAR 1     10.75                      7.22   3.53     5.19
  SINCE JAN 1     14.38                     12.10   2.28    11.00

DEGREE DAYS
 HEATING
  YESTERDAY        8                         9     -1       12
  MONTH TO DATE  301                       255     46      309
  SINCE MAR 1   1996                      1957     39     1977
  SINCE JUL 1   6607                      7398   -791     6625

 COOLING
  YESTERDAY        0                         0      0        0
  MONTH TO DATE   11                         0     11        0
  SINCE MAR 1     18                         1     17        0
  SINCE JAN 1     18                         1     17        0
..................................................................


WIND (MPH)
  HIGHEST WIND SPEED    13   HIGHEST WIND DIRECTION    SE (140)
  HIGHEST GUST SPEED    19   HIGHEST GUST DIRECTION    SE (140)
  AVERAGE WIND SPEED     5.4


SKY COVER
  AVERAGE SKY COVER 0.7


WEATHER CONDITIONS
 THE FOLLOWING WEATHER WAS RECORDED YESTERDAY.
  RAIN
  LIGHT RAIN
  FOG


RELATIVE HUMIDITY (PERCENT)
 HIGHEST   100           800 PM
 LOWEST     34          1100 AM
 AVERAGE    67

..........................................................


THE WATERTOWN NY CLIMATE NORMALS FOR TODAY
                         NORMAL    RECORD    YEAR
 MAXIMUM TEMPERATURE (F)   68        86      1955
 MINIMUM TEMPERATURE (F)   45        30      1990


SUNRISE AND SUNSET
MAY 22 2017...........SUNRISE   531 AM EDT   SUNSET   831 PM EDT
MAY 23 2017...........SUNRISE   530 AM EDT   SUNSET   832 PM EDT


-  INDICATES NEGATIVE NUMBERS.
R  INDICATES RECORD WAS SET OR TIED.
MM INDICATES DATA IS MISSING.
T  INDICATES TRACE AMOUNT.




$$
