000
CDUS41 KBUF 250705
CLIART


CLIMATE REPORT
NATIONAL WEATHER SERVICE BUFFALO NY
205 AM EST TUE NOV 25 2014


...................................

...THE WATERTOWN NY CLIMATE SUMMARY FOR NOVEMBER 24 2014...

CLIMATE NORMAL PERIOD 1981 TO 2010
CLIMATE RECORD PERIOD 1949 TO 2014


WEATHER ITEM   OBSERVED TIME   RECORD YEAR NORMAL DEPARTURE LAST
                VALUE   (LST)  VALUE       VALUE  FROM      YEAR
                                                  NORMAL
..................................................................
TEMPERATURE (F)
 YESTERDAY
  MAXIMUM         71R   203 PM  67    1979  43     28       25
  MINIMUM         46   1159 PM  -2    2000  27     19       13
  AVERAGE         59                        35     24       19

PRECIPITATION (IN)
  YESTERDAY        0.23          1.36 2004   0.12   0.11      T
  MONTH TO DATE    2.53                      3.02  -0.49     2.39
  SINCE SEP 1      7.73                     10.39  -2.66     9.78
  SINCE JAN 1     39.99                     32.19   7.80    31.58

DEGREE DAYS
 HEATING
  YESTERDAY        6                        30    -24       46
  MONTH TO DATE  582                       614    -32      631
  SINCE SEP 1   1121                      1338   -217     1276
  SINCE JUL 1   1171                      1410   -239     1319

 COOLING
  YESTERDAY        0                         0      0        0
  MONTH TO DATE    0                         0      0        0
  SINCE SEP 1     73                        38     35       48
  SINCE JAN 1    433                       362     71      481
..................................................................


WIND (MPH)
  HIGHEST WIND SPEED    32   HIGHEST WIND DIRECTION     W (260)
  HIGHEST GUST SPEED    42   HIGHEST GUST DIRECTION     S (160)
  AVERAGE WIND SPEED    16.0


SKY COVER
  AVERAGE SKY COVER 0.8


WEATHER CONDITIONS
 THE FOLLOWING WEATHER WAS RECORDED YESTERDAY.
  LIGHT RAIN


RELATIVE HUMIDITY (PERCENT)
 HIGHEST    77           400 AM
 LOWEST     43          1200 AM
 AVERAGE    60

..........................................................


THE WATERTOWN NY CLIMATE NORMALS FOR TODAY
                         NORMAL    RECORD    YEAR
 MAXIMUM TEMPERATURE (F)   43        64      2001
 MINIMUM TEMPERATURE (F)   27         7      2013


SUNRISE AND SUNSET
NOVEMBER 25 2014......SUNRISE   712 AM EST   SUNSET   430 PM EST
NOVEMBER 26 2014......SUNRISE   713 AM EST   SUNSET   430 PM EST


-  INDICATES NEGATIVE NUMBERS.
R  INDICATES RECORD WAS SET OR TIED.
MM INDICATES DATA IS MISSING.
T  INDICATES TRACE AMOUNT.




$$
