000
CDUS41 KBUF 161012
CLIART


CLIMATE REPORT
NATIONAL WEATHER SERVICE BUFFALO NY
611 AM EDT SAT AUG 16 2014


...................................

...THE WATERTOWN NY CLIMATE SUMMARY FOR AUGUST 15 2014...

CLIMATE NORMAL PERIOD 1981 TO 2010
CLIMATE RECORD PERIOD 1949 TO 2014


WEATHER ITEM   OBSERVED TIME   RECORD YEAR NORMAL DEPARTURE LAST
                VALUE   (LST)  VALUE       VALUE  FROM      YEAR
                                                  NORMAL
..................................................................
TEMPERATURE (F)
 YESTERDAY
  MAXIMUM         66    824 PM  93    1978  78    -12       72
  MINIMUM         54    638 AM  41    1972  57     -3       48
  AVERAGE         60                        68     -8       60

PRECIPITATION (IN)
  YESTERDAY        0.14          1.12 1981   0.10   0.04     0.00
  MONTH TO DATE    1.88                      1.53   0.35     1.70
  SINCE JUN 1      9.82                      7.03   2.79    10.79
  SINCE JAN 1     28.42                     20.18   8.24    21.41

DEGREE DAYS
 HEATING
  YESTERDAY        5                         1      4        5
  MONTH TO DATE   13                        15     -2       22
  SINCE JUN 1     94                       148    -54      136
  SINCE JUL 1     32                        41     -9       33

 COOLING
  YESTERDAY        0                         4     -4        0
  MONTH TO DATE   48                        63    -15       39
  SINCE JUN 1    283                       264     19      337
  SINCE JAN 1    306                       275     31      369
..................................................................


WIND (MPH)
  HIGHEST WIND SPEED    17   HIGHEST WIND DIRECTION     W (260)
  HIGHEST GUST SPEED    24   HIGHEST GUST DIRECTION     W (260)
  AVERAGE WIND SPEED     8.1


SKY COVER
  AVERAGE SKY COVER 0.9


WEATHER CONDITIONS
 THE FOLLOWING WEATHER WAS RECORDED YESTERDAY.
  RAIN
  LIGHT RAIN
  FOG


RELATIVE HUMIDITY (PERCENT)
 HIGHEST    89           500 AM
 LOWEST     56           500 PM
 AVERAGE    73

..........................................................


THE WATERTOWN NY CLIMATE NORMALS FOR TODAY
                         NORMAL    RECORD    YEAR
 MAXIMUM TEMPERATURE (F)   78        90      1987
 MINIMUM TEMPERATURE (F)   57        39      1979


SUNRISE AND SUNSET
AUGUST 16 2014........SUNRISE   609 AM EDT   SUNSET   807 PM EDT
AUGUST 17 2014........SUNRISE   610 AM EDT   SUNSET   805 PM EDT


-  INDICATES NEGATIVE NUMBERS.
R  INDICATES RECORD WAS SET OR TIED.
MM INDICATES DATA IS MISSING.
T  INDICATES TRACE AMOUNT.




$$
