000
CDUS41 KBUF 062157
CLIART


CLIMATE REPORT
NATIONAL WEATHER SERVICE BUFFALO NY
457 PM EST WED DEC 6 2017


...................................

...THE WATERTOWN NY CLIMATE SUMMARY FOR DECEMBER 6 2017...
VALID TODAY AS OF 0400 PM LOCAL TIME.

CLIMATE NORMAL PERIOD 1981 TO 2010
CLIMATE RECORD PERIOD 1949 TO 2017


WEATHER ITEM   OBSERVED TIME   RECORD YEAR NORMAL DEPARTURE LAST
                VALUE   (LST)  VALUE       VALUE  FROM      YEAR
                                                  NORMAL
..................................................................
TEMPERATURE (F)
 TODAY
  MAXIMUM         40   1231 AM  68    2001  38      2       42
  MINIMUM         32    646 AM  -4    1969  22     10       21
  AVERAGE         36                        30      6       32

PRECIPITATION (IN)
  TODAY            T             0.75 1984   0.11  -0.11     0.05
  MONTH TO DATE    0.52                      0.66  -0.14     0.40
  SINCE DEC 1      0.52                      0.66  -0.14     0.40
  SINCE JAN 1     47.41                     33.59  13.82    28.73

DEGREE DAYS
 HEATING
  TODAY           29                        35     -6       33
  MONTH TO DATE  158                       203    -45      175
  SINCE DEC 1    158                       203    -45      175
  SINCE JUL 1   1517                      1802   -285     1517

 COOLING
  TODAY            0                         0      0        0
  MONTH TO DATE    0                         0      0        0
  SINCE DEC 1      0                         0      0        0
  SINCE JAN 1    389                       362     27      566
..................................................................


WIND (MPH)
  HIGHEST WIND SPEED    31   HIGHEST WIND DIRECTION     W (250)
  HIGHEST GUST SPEED    49   HIGHEST GUST DIRECTION     W (260)
  AVERAGE WIND SPEED    20.7


SKY COVER
  AVERAGE SKY COVER 0.9


WEATHER CONDITIONS
 THE FOLLOWING WEATHER WAS RECORDED TODAY.
  LIGHT SNOW
  FOG


RELATIVE HUMIDITY (PERCENT)
 HIGHEST    82           700 AM
 LOWEST     54           200 AM
 AVERAGE    68

..........................................................


THE WATERTOWN NY CLIMATE NORMALS FOR TOMORROW
                         NORMAL    RECORD    YEAR
 MAXIMUM TEMPERATURE (F)   38        68      1998
 MINIMUM TEMPERATURE (F)   22       -16      2000


SUNRISE AND SUNSET
DECEMBER  6 2017......SUNRISE   724 AM EST   SUNSET   426 PM EST
DECEMBER  7 2017......SUNRISE   725 AM EST   SUNSET   426 PM EST


-  INDICATES NEGATIVE NUMBERS.
R  INDICATES RECORD WAS SET OR TIED.
MM INDICATES DATA IS MISSING.
T  INDICATES TRACE AMOUNT.




$$
