000
CDUS41 KBUF 141036
CLIART


CLIMATE REPORT
NATIONAL WEATHER SERVICE BUFFALO NY
633 AM EDT THU JUL 14 2016


...................................

...THE WATERTOWN NY CLIMATE SUMMARY FOR JULY 13 2016...

CLIMATE NORMAL PERIOD 1981 TO 2010
CLIMATE RECORD PERIOD 1949 TO 2016


WEATHER ITEM   OBSERVED TIME   RECORD YEAR NORMAL DEPARTURE LAST
                VALUE   (LST)  VALUE       VALUE  FROM      YEAR
                                                  NORMAL
..................................................................
TEMPERATURE (F)
 YESTERDAY
  MAXIMUM         91   1216 PM  92    2012  79     12       86
  MINIMUM         74    455 AM  44    1970  58     16       55
  AVERAGE         83                        69     14       71

PRECIPITATION (IN)
  YESTERDAY        0.00          0.82 2005   0.08  -0.08     0.00
  MONTH TO DATE    0.32                      1.07  -0.75     0.87
  SINCE JUN 1      3.92                      3.92   0.00     6.58
  SINCE JAN 1     14.92                     17.07  -2.15    13.98

DEGREE DAYS
 HEATING
  YESTERDAY        0                         1     -1        0
  MONTH TO DATE    4                        14    -10       22
  SINCE JUN 1    102                       121    -19      138
  SINCE JUL 1      4                        14    -10       22

 COOLING
  YESTERDAY       18                         5     13        6
  MONTH TO DATE   70                        54     16       28
  SINCE JUN 1    117                       116      1       59
  SINCE JAN 1    147                       127     20      105
..................................................................


WIND (MPH)
  HIGHEST WIND SPEED    18   HIGHEST WIND DIRECTION     W (260)
  HIGHEST GUST SPEED    25   HIGHEST GUST DIRECTION    SW (230)
  AVERAGE WIND SPEED     9.6


SKY COVER
  AVERAGE SKY COVER 0.1


WEATHER CONDITIONS
 THE FOLLOWING WEATHER WAS RECORDED YESTERDAY.
  NO SIGNIFICANT WEATHER WAS OBSERVED.


RELATIVE HUMIDITY (PERCENT)
 HIGHEST    74           900 PM
 LOWEST     50           200 PM
 AVERAGE    62

..........................................................


THE WATERTOWN NY CLIMATE NORMALS FOR TODAY
                         NORMAL    RECORD    YEAR
 MAXIMUM TEMPERATURE (F)   79        91      1952
 MINIMUM TEMPERATURE (F)   58        49      2003


SUNRISE AND SUNSET
JULY 14 2016..........SUNRISE   535 AM EDT   SUNSET   845 PM EDT
JULY 15 2016..........SUNRISE   536 AM EDT   SUNSET   844 PM EDT


-  INDICATES NEGATIVE NUMBERS.
R  INDICATES RECORD WAS SET OR TIED.
MM INDICATES DATA IS MISSING.
T  INDICATES TRACE AMOUNT.




$$
