000
CDUS41 KBUF 171023
CLIART


CLIMATE REPORT
NATIONAL WEATHER SERVICE BUFFALO NY
521 AM EST MON NOV 17 2014


...................................

...THE WATERTOWN NY CLIMATE SUMMARY FOR NOVEMBER 16 2014...

CLIMATE NORMAL PERIOD 1981 TO 2010
CLIMATE RECORD PERIOD 1949 TO 2014


WEATHER ITEM   OBSERVED TIME   RECORD YEAR NORMAL DEPARTURE LAST
                VALUE   (LST)  VALUE       VALUE  FROM      YEAR
                                                  NORMAL
..................................................................
TEMPERATURE (F)
 YESTERDAY
  MAXIMUM         40    242 PM  69    2005  47     -7       56
  MINIMUM         33    408 AM   5    1972  30      3       35
  AVERAGE         37                        38     -1       46

PRECIPITATION (IN)
  YESTERDAY        0.04          1.48 1995   0.14  -0.10     0.00
  MONTH TO DATE    0.58                      1.98  -1.40     1.87
  SINCE SEP 1      5.78                      9.35  -3.57     9.26
  SINCE JAN 1     38.04                     31.15   6.89    31.06

DEGREE DAYS
 HEATING
  YESTERDAY       28                        27      1       19
  MONTH TO DATE  349                       387    -38      393
  SINCE SEP 1    888                      1111   -223     1038
  SINCE JUL 1    938                      1183   -245     1081

 COOLING
  YESTERDAY        0                         0      0        0
  MONTH TO DATE    0                         0      0        0
  SINCE SEP 1     73                        38     35       48
  SINCE JAN 1    433                       362     71      481
..................................................................


WIND (MPH)
  HIGHEST WIND SPEED    16   HIGHEST WIND DIRECTION    SW (210)
  HIGHEST GUST SPEED    25   HIGHEST GUST DIRECTION     S (200)
  AVERAGE WIND SPEED     7.5


SKY COVER
  AVERAGE SKY COVER 1.0


WEATHER CONDITIONS
 THE FOLLOWING WEATHER WAS RECORDED YESTERDAY.
  LIGHT RAIN
  LIGHT SNOW


RELATIVE HUMIDITY (PERCENT)
 HIGHEST    75           300 AM
 LOWEST     48           100 PM
 AVERAGE    62

..........................................................


THE WATERTOWN NY CLIMATE NORMALS FOR TODAY
                         NORMAL    RECORD    YEAR
 MAXIMUM TEMPERATURE (F)   46        68      1987
 MINIMUM TEMPERATURE (F)   30        13      1995


SUNRISE AND SUNSET
NOVEMBER 17 2014......SUNRISE   702 AM EST   SUNSET   436 PM EST
NOVEMBER 18 2014......SUNRISE   703 AM EST   SUNSET   435 PM EST


-  INDICATES NEGATIVE NUMBERS.
R  INDICATES RECORD WAS SET OR TIED.
MM INDICATES DATA IS MISSING.
T  INDICATES TRACE AMOUNT.




$$
