000
CDUS41 KBUF 151019
CLIART


CLIMATE REPORT
NATIONAL WEATHER SERVICE BUFFALO NY
615 AM EDT WED MAR 15 2017


...................................

...THE WATERTOWN NY CLIMATE SUMMARY FOR MARCH 14 2017...

CLIMATE NORMAL PERIOD 1981 TO 2010
CLIMATE RECORD PERIOD 1949 TO 2017


WEATHER ITEM   OBSERVED TIME   RECORD YEAR NORMAL DEPARTURE LAST
                VALUE   (LST)  VALUE       VALUE  FROM      YEAR
                                                  NORMAL
..................................................................
TEMPERATURE (F)
 YESTERDAY
  MAXIMUM         17    435 PM  78    1990  40    -23       49
  MINIMUM         14   1159 PM -12    1992  20     -6       38
  AVERAGE         16                        30    -14       44

PRECIPITATION (IN)
  YESTERDAY       MM             1.29 1997   0.07  MM        0.01
  MONTH TO DATE    0.57                      1.04  -0.47     0.89
  SINCE MAR 1      0.57                      1.04  -0.47     0.89
  SINCE JAN 1      4.20                      5.92  -1.72     6.70

DEGREE DAYS
 HEATING
  YESTERDAY       49                        35     14       21
  MONTH TO DATE  570                       531     39      461
  SINCE MAR 1    570                       531     39      461
  SINCE JUL 1   5181                      5972   -791     5109

 COOLING
  YESTERDAY        0                         0      0        0
  MONTH TO DATE    0                         0      0        0
  SINCE MAR 1      0                         0      0        0
  SINCE JAN 1      0                         0      0        0
..................................................................


WIND (MPH)
  HIGHEST WIND SPEED    29   HIGHEST WIND DIRECTION    NE (30)
  HIGHEST GUST SPEED    38   HIGHEST GUST DIRECTION    NE (30)
  AVERAGE WIND SPEED    17.8


SKY COVER
  AVERAGE SKY COVER 1.0


WEATHER CONDITIONS
 THE FOLLOWING WEATHER WAS RECORDED YESTERDAY.
  HEAVY SNOW
  SNOW
  LIGHT SNOW
  FOG
  FOG W/VISIBILITY <= 1/4 MILE
  HAZE


RELATIVE HUMIDITY (PERCENT)
 HIGHEST    96           700 AM
 LOWEST     80          1200 AM
 AVERAGE    88

..........................................................


THE WATERTOWN NY CLIMATE NORMALS FOR TODAY
                         NORMAL    RECORD    YEAR
 MAXIMUM TEMPERATURE (F)   40        81      1990
 MINIMUM TEMPERATURE (F)   20       -23      1993


SUNRISE AND SUNSET
MARCH 15 2017.........SUNRISE   716 AM EDT   SUNSET   711 PM EDT
MARCH 16 2017.........SUNRISE   714 AM EDT   SUNSET   712 PM EDT


-  INDICATES NEGATIVE NUMBERS.
R  INDICATES RECORD WAS SET OR TIED.
MM INDICATES DATA IS MISSING.
T  INDICATES TRACE AMOUNT.




$$
