000
CDUS41 KBUF 161020
CLIART


CLIMATE REPORT
NATIONAL WEATHER SERVICE BUFFALO NY
619 AM EDT WED JUL 16 2014


...................................

...THE WATERTOWN NY CLIMATE SUMMARY FOR JULY 15 2014...

CLIMATE NORMAL PERIOD 1981 TO 2010
CLIMATE RECORD PERIOD 1949 TO 2014


WEATHER ITEM   OBSERVED TIME   RECORD YEAR NORMAL DEPARTURE LAST
                VALUE   (LST)  VALUE       VALUE  FROM      YEAR
                                                  NORMAL
..................................................................
TEMPERATURE (F)
 YESTERDAY
  MAXIMUM         81    359 PM  90    1979  79      2       87
  MINIMUM         63    323 AM  44    1989  58      5       64
  AVERAGE         72                        69      3       76

PRECIPITATION (IN)
  YESTERDAY        0.80          1.24 1996   0.08   0.72     0.00
  MONTH TO DATE    3.49                      1.23   2.26     1.44
  SINCE JUN 1      6.40                      4.08   2.32     7.48
  SINCE JAN 1     25.00                     17.23   7.77    18.10

DEGREE DAYS
 HEATING
  YESTERDAY        0                         1     -1        0
  MONTH TO DATE    9                        16     -7        0
  SINCE JUN 1     71                       123    -52      103
  SINCE JUL 1      9                        16     -7        0

 COOLING
  YESTERDAY        7                         5      2       11
  MONTH TO DATE   81                        64     17      136
  SINCE JUN 1    193                       126     67      210
  SINCE JAN 1    216                       137     79      242
..................................................................


WIND (MPH)
  HIGHEST WIND SPEED    15   HIGHEST WIND DIRECTION    SW (220)
  HIGHEST GUST SPEED    19   HIGHEST GUST DIRECTION    SW (220)
  AVERAGE WIND SPEED     5.3


SKY COVER
  AVERAGE SKY COVER 0.8


WEATHER CONDITIONS
 THE FOLLOWING WEATHER WAS RECORDED YESTERDAY.
  THUNDERSTORM
  HEAVY RAIN
  RAIN
  LIGHT RAIN
  FOG
  FOG W/VISIBILITY <= 1/4 MILE


RELATIVE HUMIDITY (PERCENT)
 HIGHEST    87           100 AM
 LOWEST     58           300 PM
 AVERAGE    73

..........................................................


THE WATERTOWN NY CLIMATE NORMALS FOR TODAY
                         NORMAL    RECORD    YEAR
 MAXIMUM TEMPERATURE (F)   80        89      2013
 MINIMUM TEMPERATURE (F)   59        45      1992


SUNRISE AND SUNSET
JULY 16 2014..........SUNRISE   536 AM EDT   SUNSET   844 PM EDT
JULY 17 2014..........SUNRISE   537 AM EDT   SUNSET   843 PM EDT


-  INDICATES NEGATIVE NUMBERS.
R  INDICATES RECORD WAS SET OR TIED.
MM INDICATES DATA IS MISSING.
T  INDICATES TRACE AMOUNT.




$$
