000
CDUS41 KBUF 110705
CLIART


CLIMATE REPORT
NATIONAL WEATHER SERVICE BUFFALO NY
305 AM EDT FRI AUG 11 2017


...................................

...THE WATERTOWN NY CLIMATE SUMMARY FOR AUGUST 10 2017...

CLIMATE NORMAL PERIOD 1981 TO 2010
CLIMATE RECORD PERIOD 1949 TO 2017


WEATHER ITEM   OBSERVED TIME   RECORD YEAR NORMAL DEPARTURE LAST
                VALUE   (LST)  VALUE       VALUE  FROM      YEAR
                                                  NORMAL
..................................................................
TEMPERATURE (F)
 YESTERDAY
  MAXIMUM         80    550 PM  94    1970  79      1       85
  MINIMUM         61   1213 AM  43    1983  57      4       72
  AVERAGE         71                        68      3       79

PRECIPITATION (IN)
  YESTERDAY        0.00          1.89 1957   0.11  -0.11      T
  MONTH TO DATE    1.23                      1.01   0.22     0.53
  SINCE JUN 1     12.19                      6.51   5.68     4.53
  SINCE JAN 1     27.86                     19.66   8.20    15.53

DEGREE DAYS
 HEATING
  YESTERDAY        0                         1     -1        0
  MONTH TO DATE    4                        10     -6        0
  SINCE JUN 1    117                       143    -26      103
  SINCE JUL 1     15                        36    -21        5

 COOLING
  YESTERDAY        6                         4      2       14
  MONTH TO DATE   44                        43      1       87
  SINCE JUN 1    248                       244      4      336
  SINCE JAN 1    267                       255     12      366
..................................................................


WIND (MPH)
  HIGHEST WIND SPEED    13   HIGHEST WIND DIRECTION     W (280)
  HIGHEST GUST SPEED    16   HIGHEST GUST DIRECTION     W (270)
  AVERAGE WIND SPEED     4.2


SKY COVER
  AVERAGE SKY COVER 0.1


WEATHER CONDITIONS
 THE FOLLOWING WEATHER WAS RECORDED YESTERDAY.
  FOG
  HAZE


RELATIVE HUMIDITY (PERCENT)
 HIGHEST    93          1200 AM
 LOWEST     51           500 PM
 AVERAGE    72

..........................................................


THE WATERTOWN NY CLIMATE NORMALS FOR TODAY
                         NORMAL    RECORD    YEAR
 MAXIMUM TEMPERATURE (F)   79        92      1970
 MINIMUM TEMPERATURE (F)   57        42      1972


SUNRISE AND SUNSET
AUGUST 11 2017........SUNRISE   604 AM EDT   SUNSET   814 PM EDT
AUGUST 12 2017........SUNRISE   605 AM EDT   SUNSET   812 PM EDT


-  INDICATES NEGATIVE NUMBERS.
R  INDICATES RECORD WAS SET OR TIED.
MM INDICATES DATA IS MISSING.
T  INDICATES TRACE AMOUNT.




$$
