000
CDUS41 KBUF 221019
CLIART


CLIMATE REPORT
NATIONAL WEATHER SERVICE BUFFALO NY
518 AM EST SAT NOV 22 2014


...................................

...THE WATERTOWN NY CLIMATE SUMMARY FOR NOVEMBER 21 2014...

CLIMATE NORMAL PERIOD 1981 TO 2010
CLIMATE RECORD PERIOD 1949 TO 2014


WEATHER ITEM   OBSERVED TIME   RECORD YEAR NORMAL DEPARTURE LAST
                VALUE   (LST)  VALUE       VALUE  FROM      YEAR
                                                  NORMAL
..................................................................
TEMPERATURE (F)
 YESTERDAY
  MAXIMUM         31   1159 PM  62    1953  45    -14       46
  MINIMUM         14    800 AM   6    1969  28    -14       19
  AVERAGE         23                        36    -13       33

PRECIPITATION (IN)
  YESTERDAY        0.00          0.75 1954   0.13  -0.13      T
  MONTH TO DATE    2.11                      2.64  -0.53     2.16
  SINCE SEP 1      7.31                     10.01  -2.70     9.55
  SINCE JAN 1     39.57                     31.81   7.76    31.35

DEGREE DAYS
 HEATING
  YESTERDAY       42                        29     13       32
  MONTH TO DATE  530                       526      4      523
  SINCE SEP 1   1069                      1250   -181     1168
  SINCE JUL 1   1119                      1322   -203     1211

 COOLING
  YESTERDAY        0                         0      0        0
  MONTH TO DATE    0                         0      0        0
  SINCE SEP 1     73                        38     35       48
  SINCE JAN 1    433                       362     71      481
..................................................................


WIND (MPH)
  HIGHEST WIND SPEED    16   HIGHEST WIND DIRECTION     W (270)
  HIGHEST GUST SPEED    20   HIGHEST GUST DIRECTION     W (280)
  AVERAGE WIND SPEED     6.8


SKY COVER
  AVERAGE SKY COVER 0.4


WEATHER CONDITIONS
 THE FOLLOWING WEATHER WAS RECORDED YESTERDAY.
  NO SIGNIFICANT WEATHER WAS OBSERVED.


RELATIVE HUMIDITY (PERCENT)
 HIGHEST    80           800 AM
 LOWEST     42          1100 AM
 AVERAGE    61

..........................................................


THE WATERTOWN NY CLIMATE NORMALS FOR TODAY
                         NORMAL    RECORD    YEAR
 MAXIMUM TEMPERATURE (F)   44        70      1953
 MINIMUM TEMPERATURE (F)   28         4      1972


SUNRISE AND SUNSET
NOVEMBER 22 2014......SUNRISE   708 AM EST   SUNSET   432 PM EST
NOVEMBER 23 2014......SUNRISE   709 AM EST   SUNSET   431 PM EST


-  INDICATES NEGATIVE NUMBERS.
R  INDICATES RECORD WAS SET OR TIED.
MM INDICATES DATA IS MISSING.
T  INDICATES TRACE AMOUNT.

$$
