000
CDUS41 KBUF 250706
CLIART


CLIMATE REPORT
NATIONAL WEATHER SERVICE BUFFALO NY
305 AM EDT MON MAY 25 2015


...................................

...THE WATERTOWN NY CLIMATE SUMMARY FOR MAY 24 2015...

CLIMATE NORMAL PERIOD 1981 TO 2010
CLIMATE RECORD PERIOD 1949 TO 2015


WEATHER ITEM   OBSERVED TIME   RECORD YEAR NORMAL DEPARTURE LAST
                VALUE   (LST)  VALUE       VALUE  FROM      YEAR
                                                  NORMAL
..................................................................
TEMPERATURE (F)
 YESTERDAY
  MAXIMUM         76    405 PM  87    1966  68      8       68
  MINIMUM         52    519 AM  30    1992  46      6       50
  AVERAGE         64                        57      7       59

PRECIPITATION (IN)
  YESTERDAY        0.00          1.66 2003   0.10  -0.10     0.01
  MONTH TO DATE    0.74                      2.34  -1.60     3.30
  SINCE MAR 1      3.26                      7.54  -4.28    11.34
  SINCE JAN 1      6.35                     12.42  -6.07    18.44

DEGREE DAYS
 HEATING
  YESTERDAY        1                         8     -7        6
  MONTH TO DATE  198                       281    -83      229
  SINCE MAR 1   2006                      1983     23     2153
  SINCE JUL 1   7526                      7424    102     7824

 COOLING
  YESTERDAY        0                         1     -1        0
  MONTH TO DATE   18                         1     17       20
  SINCE MAR 1     18                         2     16       20
  SINCE JAN 1     18                         2     16       20
..................................................................


WIND (MPH)
  HIGHEST WIND SPEED    21   HIGHEST WIND DIRECTION    SW (220)
  HIGHEST GUST SPEED    28   HIGHEST GUST DIRECTION    SW (230)
  AVERAGE WIND SPEED     9.3


SKY COVER
  AVERAGE SKY COVER 0.0


WEATHER CONDITIONS
 THE FOLLOWING WEATHER WAS RECORDED YESTERDAY.
  NO SIGNIFICANT WEATHER WAS OBSERVED.


RELATIVE HUMIDITY (PERCENT)
 HIGHEST    56           700 PM
 LOWEST     24           100 AM
 AVERAGE    40

..........................................................


THE WATERTOWN NY CLIMATE NORMALS FOR TODAY
                         NORMAL    RECORD    YEAR
 MAXIMUM TEMPERATURE (F)   68        86      2012
 MINIMUM TEMPERATURE (F)   46        30      2002


SUNRISE AND SUNSET
MAY 25 2015...........SUNRISE   529 AM EDT   SUNSET   834 PM EDT
MAY 26 2015...........SUNRISE   528 AM EDT   SUNSET   835 PM EDT


-  INDICATES NEGATIVE NUMBERS.
R  INDICATES RECORD WAS SET OR TIED.
MM INDICATES DATA IS MISSING.
T  INDICATES TRACE AMOUNT.




$$
