000
CDUS41 KBUF 161027
CLIART


CLIMATE REPORT
NATIONAL WEATHER SERVICE BUFFALO NY
526 AM EST THU FEB 16 2017


...................................

...THE WATERTOWN NY CLIMATE SUMMARY FOR FEBRUARY 15 2017...

CLIMATE NORMAL PERIOD 1981 TO 2010
CLIMATE RECORD PERIOD 1949 TO 2017


WEATHER ITEM   OBSERVED TIME   RECORD YEAR NORMAL DEPARTURE LAST
                VALUE   (LST)  VALUE       VALUE  FROM      YEAR
                                                  NORMAL
..................................................................
TEMPERATURE (F)
 YESTERDAY
  MAXIMUM         36   1239 PM  56    1954  32      4       30
  MINIMUM         25   1159 PM -30    1987  10     15      -22
  AVERAGE         31                        21     10        4

PRECIPITATION (IN)
  YESTERDAY        0.03          0.65 1992   0.08  -0.05      T
  MONTH TO DATE    1.10                      1.17  -0.07     0.78
  SINCE DEC 1      5.07                      6.98  -1.91     4.74
  SINCE JAN 1      2.88                      3.83  -0.95     2.30

DEGREE DAYS
 HEATING
  YESTERDAY       34                        44    -10       61
  MONTH TO DATE  599                       680    -81      656
  SINCE DEC 1   2888                      3292   -404     2723
  SINCE JUL 1   4230                      4891   -661     4090

 COOLING
  YESTERDAY        0                         0      0        0
  MONTH TO DATE    0                         0      0        0
  SINCE DEC 1      0                         0      0        0
  SINCE JAN 1      0                         0      0        0
..................................................................


WIND (MPH)
  HIGHEST WIND SPEED    17   HIGHEST WIND DIRECTION    NW (300)
  HIGHEST GUST SPEED    22   HIGHEST GUST DIRECTION     W (270)
  AVERAGE WIND SPEED     8.2


SKY COVER
  AVERAGE SKY COVER 0.9


WEATHER CONDITIONS
 THE FOLLOWING WEATHER WAS RECORDED YESTERDAY.
  LIGHT RAIN
  SNOW
  LIGHT SNOW
  FOG


RELATIVE HUMIDITY (PERCENT)
 HIGHEST   100           100 AM
 LOWEST     75           300 PM
 AVERAGE    88

..........................................................


THE WATERTOWN NY CLIMATE NORMALS FOR TODAY
                         NORMAL    RECORD    YEAR
 MAXIMUM TEMPERATURE (F)   32        53      1981
 MINIMUM TEMPERATURE (F)   10       -36      2015


SUNRISE AND SUNSET
FEBRUARY 16 2017......SUNRISE   701 AM EST   SUNSET   536 PM EST
FEBRUARY 17 2017......SUNRISE   700 AM EST   SUNSET   537 PM EST


-  INDICATES NEGATIVE NUMBERS.
R  INDICATES RECORD WAS SET OR TIED.
MM INDICATES DATA IS MISSING.
T  INDICATES TRACE AMOUNT.

$$
