000
CDUS41 KBUF 271012
CLIART


CLIMATE REPORT
NATIONAL WEATHER SERVICE BUFFALO NY
611 AM EDT SUN JUL 27 2014


...................................

...THE WATERTOWN NY CLIMATE SUMMARY FOR JULY 26 2014...

CLIMATE NORMAL PERIOD 1981 TO 2010
CLIMATE RECORD PERIOD 1949 TO 2014


WEATHER ITEM   OBSERVED TIME   RECORD YEAR NORMAL DEPARTURE LAST
                VALUE   (LST)  VALUE       VALUE  FROM      YEAR
                                                  NORMAL
..................................................................
TEMPERATURE (F)
 YESTERDAY
  MAXIMUM         78    407 PM  93    1963  80     -2       81
  MINIMUM         60    522 AM  45    2001  59      1       46
  AVERAGE         69                        69      0       64

PRECIPITATION (IN)
  YESTERDAY        T             1.90 2012   0.09  -0.09     0.00
  MONTH TO DATE    3.68                      2.19   1.49     1.72
  SINCE JUN 1      6.59                      5.04   1.55     7.76
  SINCE JAN 1     25.19                     18.19   7.00    18.38

DEGREE DAYS
 HEATING
  YESTERDAY        0                         1     -1        1
  MONTH TO DATE   13                        27    -14       10
  SINCE JUN 1     75                       134    -59      113
  SINCE JUL 1     13                        27    -14       10

 COOLING
  YESTERDAY        4                         5     -1        0
  MONTH TO DATE  115                       119     -4      215
  SINCE JUN 1    227                       181     46      289
  SINCE JAN 1    250                       192     58      321
..................................................................


WIND (MPH)
  HIGHEST WIND SPEED    16   HIGHEST WIND DIRECTION    SW (230)
  HIGHEST GUST SPEED    21   HIGHEST GUST DIRECTION    SW (230)
  AVERAGE WIND SPEED     5.7


SKY COVER
  AVERAGE SKY COVER 0.4


WEATHER CONDITIONS
 THE FOLLOWING WEATHER WAS RECORDED YESTERDAY.
  NO SIGNIFICANT WEATHER WAS OBSERVED.


RELATIVE HUMIDITY (PERCENT)
 HIGHEST    78           800 PM
 LOWEST     50           300 PM
 AVERAGE    64

..........................................................


THE WATERTOWN NY CLIMATE NORMALS FOR TODAY
                         NORMAL    RECORD    YEAR
 MAXIMUM TEMPERATURE (F)   79        90      1990
 MINIMUM TEMPERATURE (F)   59        39      2001


SUNRISE AND SUNSET
JULY 27 2014..........SUNRISE   547 AM EDT   SUNSET   834 PM EDT
JULY 28 2014..........SUNRISE   548 AM EDT   SUNSET   833 PM EDT


-  INDICATES NEGATIVE NUMBERS.
R  INDICATES RECORD WAS SET OR TIED.
MM INDICATES DATA IS MISSING.
T  INDICATES TRACE AMOUNT.




$$
