000
CDUS41 KBUF 261005
CLIART


CLIMATE REPORT
NATIONAL WEATHER SERVICE BUFFALO NY
505 AM EST SAT NOV 26 2016


...................................

...THE WATERTOWN NY CLIMATE SUMMARY FOR NOVEMBER 25 2016...

CLIMATE NORMAL PERIOD 1981 TO 2010
CLIMATE RECORD PERIOD 1949 TO 2016


WEATHER ITEM   OBSERVED TIME   RECORD YEAR NORMAL DEPARTURE LAST
                VALUE   (LST)  VALUE       VALUE  FROM      YEAR
                                                  NORMAL
..................................................................
TEMPERATURE (F)
 YESTERDAY
  MAXIMUM         42    351 PM  64    2001  43     -1       47
  MINIMUM         34    725 AM   7    2013  27      7       24
  AVERAGE         38                        35      3       36

PRECIPITATION (IN)
  YESTERDAY        0.09          1.02 1987   0.12  -0.03     0.00
  MONTH TO DATE    1.25                      3.14  -1.89     1.66
  SINCE SEP 1      9.15                     10.51  -1.36     7.79
  SINCE JAN 1     28.18                     32.31  -4.13    25.14

DEGREE DAYS
 HEATING
  YESTERDAY       27                        30     -3       29
  MONTH TO DATE  597                       644    -47      520
  SINCE SEP 1   1206                      1368   -162     1175
  SINCE JUL 1   1217                      1440   -223     1230

 COOLING
  YESTERDAY        0                         0      0        0
  MONTH TO DATE    0                         0      0        0
  SINCE SEP 1     52                        38     14       82
  SINCE JAN 1    566                       362    204      388
..................................................................


WIND (MPH)
  HIGHEST WIND SPEED     9   HIGHEST WIND DIRECTION    SW (210)
  HIGHEST GUST SPEED    16   HIGHEST GUST DIRECTION    SW (220)
  AVERAGE WIND SPEED     1.9


SKY COVER
  AVERAGE SKY COVER 1.0


WEATHER CONDITIONS
 THE FOLLOWING WEATHER WAS RECORDED YESTERDAY.
  RAIN
  LIGHT RAIN
  FOG
  FOG W/VISIBILITY <= 1/4 MILE


RELATIVE HUMIDITY (PERCENT)
 HIGHEST   100          1200 AM
 LOWEST     92           600 AM
 AVERAGE    96

..........................................................


THE WATERTOWN NY CLIMATE NORMALS FOR TODAY
                         NORMAL    RECORD    YEAR
 MAXIMUM TEMPERATURE (F)   43        65      1979
 MINIMUM TEMPERATURE (F)   26         2      1949


SUNRISE AND SUNSET
NOVEMBER 26 2016......SUNRISE   714 AM EST   SUNSET   429 PM EST
NOVEMBER 27 2016......SUNRISE   715 AM EST   SUNSET   429 PM EST


-  INDICATES NEGATIVE NUMBERS.
R  INDICATES RECORD WAS SET OR TIED.
MM INDICATES DATA IS MISSING.
T  INDICATES TRACE AMOUNT.




$$
