000
CDUS41 KBUF 200705
CLIART


CLIMATE REPORT
NATIONAL WEATHER SERVICE BUFFALO NY
305 AM EDT MON MAR 20 2017


...................................

...THE WATERTOWN NY CLIMATE SUMMARY FOR MARCH 19 2017...

CLIMATE NORMAL PERIOD 1981 TO 2010
CLIMATE RECORD PERIOD 1949 TO 2017


WEATHER ITEM   OBSERVED TIME   RECORD YEAR NORMAL DEPARTURE LAST
                VALUE   (LST)  VALUE       VALUE  FROM      YEAR
                                                  NORMAL
..................................................................
TEMPERATURE (F)
 YESTERDAY
  MAXIMUM         42    449 PM  73    2012  42      0       34
  MINIMUM         15   1147 PM -19    1993  22     -7       14
  AVERAGE         29                        32     -3       24

PRECIPITATION (IN)
  YESTERDAY        0.00          0.75 1998   0.07  -0.07     0.00
  MONTH TO DATE    1.48                      1.40   0.08     1.20
  SINCE MAR 1      1.48                      1.40   0.08     1.20
  SINCE JAN 1      5.11                      6.28  -1.17     7.01

DEGREE DAYS
 HEATING
  YESTERDAY       36                        33      3       41
  MONTH TO DATE  787                       702     85      586
  SINCE MAR 1    787                       702     85      586
  SINCE JUL 1   5398                      6143   -745     5234

 COOLING
  YESTERDAY        0                         0      0        0
  MONTH TO DATE    0                         0      0        0
  SINCE MAR 1      0                         0      0        0
  SINCE JAN 1      0                         0      0        0
..................................................................


WIND (MPH)
  HIGHEST WIND SPEED    12   HIGHEST WIND DIRECTION     N (350)
  HIGHEST GUST SPEED    18   HIGHEST GUST DIRECTION    NW (310)
  AVERAGE WIND SPEED     5.8


SKY COVER
  AVERAGE SKY COVER 0.4


WEATHER CONDITIONS
 THE FOLLOWING WEATHER WAS RECORDED YESTERDAY.
  FOG


RELATIVE HUMIDITY (PERCENT)
 HIGHEST   100          1100 PM
 LOWEST     41           500 PM
 AVERAGE    71

..........................................................


THE WATERTOWN NY CLIMATE NORMALS FOR TODAY
                         NORMAL    RECORD    YEAR
 MAXIMUM TEMPERATURE (F)   42        74      2012
 MINIMUM TEMPERATURE (F)   22         1      1956


SUNRISE AND SUNSET
MARCH 20 2017.........SUNRISE   707 AM EDT   SUNSET   717 PM EDT
MARCH 21 2017.........SUNRISE   705 AM EDT   SUNSET   718 PM EDT


-  INDICATES NEGATIVE NUMBERS.
R  INDICATES RECORD WAS SET OR TIED.
MM INDICATES DATA IS MISSING.
T  INDICATES TRACE AMOUNT.




$$
