000
CDUS41 KBUF 101026
CLIART


CLIMATE REPORT
NATIONAL WEATHER SERVICE BUFFALO NY
525 AM EST FRI FEB 10 2017


...................................

...THE WATERTOWN NY CLIMATE SUMMARY FOR FEBRUARY 9 2017...

CLIMATE NORMAL PERIOD 1981 TO 2010
CLIMATE RECORD PERIOD 1949 TO 2017


WEATHER ITEM   OBSERVED TIME   RECORD YEAR NORMAL DEPARTURE LAST
                VALUE   (LST)  VALUE       VALUE  FROM      YEAR
                                                  NORMAL
..................................................................
TEMPERATURE (F)
 YESTERDAY
  MAXIMUM         20   1052 PM  52    2001  30    -10       29
  MINIMUM          7    843 PM -25    1994   9     -2       24
  AVERAGE         14                        20     -6       27

PRECIPITATION (IN)
  YESTERDAY        0.00          0.79 1971   0.08  -0.08     0.01
  MONTH TO DATE    0.52                      0.70  -0.18     0.61
  SINCE DEC 1      4.49                      6.51  -2.02     4.57
  SINCE JAN 1      2.30                      3.36  -1.06     2.13

DEGREE DAYS
 HEATING
  YESTERDAY       51                        45      6       38
  MONTH TO DATE  353                       412    -59      284
  SINCE DEC 1   2642                      3024   -382     2351
  SINCE JUL 1   3984                      4623   -639     3718

 COOLING
  YESTERDAY        0                         0      0        0
  MONTH TO DATE    0                         0      0        0
  SINCE DEC 1      0                         0      0        0
  SINCE JAN 1      0                         0      0        0
..................................................................


WIND (MPH)
  HIGHEST WIND SPEED    22   HIGHEST WIND DIRECTION     W (290)
  HIGHEST GUST SPEED    28   HIGHEST GUST DIRECTION     W (290)
  AVERAGE WIND SPEED    10.5


SKY COVER
  AVERAGE SKY COVER 0.5


WEATHER CONDITIONS
 THE FOLLOWING WEATHER WAS RECORDED YESTERDAY.
  NO SIGNIFICANT WEATHER WAS OBSERVED.


RELATIVE HUMIDITY (PERCENT)
 HIGHEST    83           700 PM
 LOWEST     46           300 PM
 AVERAGE    65

..........................................................


THE WATERTOWN NY CLIMATE NORMALS FOR TODAY
                         NORMAL    RECORD    YEAR
 MAXIMUM TEMPERATURE (F)   31        52      2001
 MINIMUM TEMPERATURE (F)    9       -31      1994


SUNRISE AND SUNSET
FEBRUARY 10 2017......SUNRISE   710 AM EST   SUNSET   527 PM EST
FEBRUARY 11 2017......SUNRISE   709 AM EST   SUNSET   529 PM EST


-  INDICATES NEGATIVE NUMBERS.
R  INDICATES RECORD WAS SET OR TIED.
MM INDICATES DATA IS MISSING.
T  INDICATES TRACE AMOUNT.

$$
