257
CDUS41 KBUF 230705
CLIART


CLIMATE REPORT
NATIONAL WEATHER SERVICE BUFFALO NY
305 AM EDT TUE MAY 23 2017


...................................

...THE WATERTOWN NY CLIMATE SUMMARY FOR MAY 22 2017...

CLIMATE NORMAL PERIOD 1981 TO 2010
CLIMATE RECORD PERIOD 1949 TO 2017


WEATHER ITEM   OBSERVED TIME   RECORD YEAR NORMAL DEPARTURE LAST
                VALUE   (LST)  VALUE       VALUE  FROM      YEAR
                                                  NORMAL
..................................................................
TEMPERATURE (F)
 YESTERDAY
  MAXIMUM         65    157 PM  86    1955  68     -3       75
  MINIMUM         49   1159 PM  30    1990  45      4       48
  AVERAGE         57                        56      1       62

PRECIPITATION (IN)
  YESTERDAY        0.18          1.04 1986   0.11   0.07     0.00
  MONTH TO DATE    4.51                      2.13   2.38     1.40
  SINCE MAR 1     10.93                      7.33   3.60     5.19
  SINCE JAN 1     14.56                     12.21   2.35    11.00

DEGREE DAYS
 HEATING
  YESTERDAY        8                         9     -1        3
  MONTH TO DATE  309                       264     45      312
  SINCE MAR 1   2004                      1966     38     1980
  SINCE JUL 1   6615                      7407   -792     6628

 COOLING
  YESTERDAY        0                         0      0        0
  MONTH TO DATE   11                         0     11        0
  SINCE MAR 1     18                         1     17        0
  SINCE JAN 1     18                         1     17        0
..................................................................


WIND (MPH)
  HIGHEST WIND SPEED    20   HIGHEST WIND DIRECTION     W (250)
  HIGHEST GUST SPEED    33   HIGHEST GUST DIRECTION    SW (230)
  AVERAGE WIND SPEED     8.3


SKY COVER
  AVERAGE SKY COVER 1.0


WEATHER CONDITIONS
 THE FOLLOWING WEATHER WAS RECORDED YESTERDAY.
  RAIN
  LIGHT RAIN
  FOG


RELATIVE HUMIDITY (PERCENT)
 HIGHEST    93          1200 AM
 LOWEST     67           600 PM
 AVERAGE    80

..........................................................


THE WATERTOWN NY CLIMATE NORMALS FOR TODAY
                         NORMAL    RECORD    YEAR
 MAXIMUM TEMPERATURE (F)   68        81      2010
                                             1991
 MINIMUM TEMPERATURE (F)   46        25      1967


SUNRISE AND SUNSET
MAY 23 2017...........SUNRISE   530 AM EDT   SUNSET   832 PM EDT
MAY 24 2017...........SUNRISE   529 AM EDT   SUNSET   833 PM EDT


-  INDICATES NEGATIVE NUMBERS.
R  INDICATES RECORD WAS SET OR TIED.
MM INDICATES DATA IS MISSING.
T  INDICATES TRACE AMOUNT.




$$
