000
CDUS41 KBUF 292026
CLIART


CLIMATE REPORT
NATIONAL WEATHER SERVICE BUFFALO NY
425 PM EDT SAT AUG 29 2015


...................................

...THE WATERTOWN NY CLIMATE SUMMARY FOR AUGUST 29 2015...
VALID TODAY AS OF 0400 PM LOCAL TIME.

CLIMATE NORMAL PERIOD 1981 TO 2010
CLIMATE RECORD PERIOD 1949 TO 2015


WEATHER ITEM   OBSERVED TIME   RECORD YEAR NORMAL DEPARTURE LAST
                VALUE   (LST)  VALUE       VALUE  FROM      YEAR
                                                  NORMAL
..................................................................
TEMPERATURE (F)
 TODAY
  MAXIMUM         76    221 PM  89    1953  76      0       73
  MINIMUM         50    513 AM  34    1982  54     -4       45
  AVERAGE         63                        65     -2       59

PRECIPITATION (IN)
  TODAY            0.00          1.32 1979   0.10  -0.10     0.00
  MONTH TO DATE    2.65                      2.95  -0.30     5.10
  SINCE JUN 1      9.95                      8.45   1.50    13.04
  SINCE JAN 1     17.35                     21.60  -4.25    31.64

DEGREE DAYS
 HEATING
  TODAY            2                         2      0        6
  MONTH TO DATE   17                        39    -22       31
  SINCE JUN 1    171                       172     -1      112
  SINCE JUL 1     55                        65    -10       50

 COOLING
  TODAY            0                         2     -2        0
  MONTH TO DATE   98                       107     -9       86
  SINCE JUN 1    252                       308    -56      321
  SINCE JAN 1    298                       319    -21      344
..................................................................


WIND (MPH)
  HIGHEST WIND SPEED    14   HIGHEST WIND DIRECTION     W (270)
  HIGHEST GUST SPEED    17   HIGHEST GUST DIRECTION     W (270)
  AVERAGE WIND SPEED     5.5


SKY COVER
  AVERAGE SKY COVER 0.1


WEATHER CONDITIONS
 THE FOLLOWING WEATHER WAS RECORDED TODAY.
  NO SIGNIFICANT WEATHER WAS OBSERVED.


RELATIVE HUMIDITY (PERCENT)
 HIGHEST    96           300 AM
 LOWEST     61           900 AM
 AVERAGE    79

..........................................................


THE WATERTOWN NY CLIMATE NORMALS FOR TOMORROW
                         NORMAL    RECORD    YEAR
 MAXIMUM TEMPERATURE (F)   76        92      1953
 MINIMUM TEMPERATURE (F)   54        38      1999


SUNRISE AND SUNSET
AUGUST 29 2015........SUNRISE   624 AM EDT   SUNSET   746 PM EDT
AUGUST 30 2015........SUNRISE   625 AM EDT   SUNSET   744 PM EDT


-  INDICATES NEGATIVE NUMBERS.
R  INDICATES RECORD WAS SET OR TIED.
MM INDICATES DATA IS MISSING.
T  INDICATES TRACE AMOUNT.

$$
