839
CDUS41 KBUF 290705
CLIART


CLIMATE REPORT
NATIONAL WEATHER SERVICE BUFFALO NY
205 AM EST TUE NOV 29 2016


...................................

...THE WATERTOWN NY CLIMATE SUMMARY FOR NOVEMBER 28 2016...

CLIMATE NORMAL PERIOD 1981 TO 2010
CLIMATE RECORD PERIOD 1949 TO 2016


WEATHER ITEM   OBSERVED TIME   RECORD YEAR NORMAL DEPARTURE LAST
                VALUE   (LST)  VALUE       VALUE  FROM      YEAR
                                                  NORMAL
..................................................................
TEMPERATURE (F)
 YESTERDAY
  MAXIMUM         45   1159 PM  72    1990  42      3       34
  MINIMUM         20    247 AM  -3    1968  25     -5       28
  AVERAGE         33                        34     -1       31

PRECIPITATION (IN)
  YESTERDAY        0.00          0.86 1968   0.13  -0.13      T
  MONTH TO DATE    1.25                      3.52  -2.27     2.11
  SINCE SEP 1      9.15                     10.89  -1.74     8.24
  SINCE JAN 1     28.18                     32.69  -4.51    25.59

DEGREE DAYS
 HEATING
  YESTERDAY       32                        32      0       34
  MONTH TO DATE  691                       738    -47      586
  SINCE SEP 1   1300                      1462   -162     1241
  SINCE JUL 1   1311                      1534   -223     1296

 COOLING
  YESTERDAY        0                         0      0        0
  MONTH TO DATE    0                         0      0        0
  SINCE SEP 1     52                        38     14       82
  SINCE JAN 1    566                       362    204      388
..................................................................


WIND (MPH)
  HIGHEST WIND SPEED    14   HIGHEST WIND DIRECTION     E (80)
  HIGHEST GUST SPEED    18   HIGHEST GUST DIRECTION     E (80)
  AVERAGE WIND SPEED     5.9


SKY COVER
  AVERAGE SKY COVER 0.2


WEATHER CONDITIONS
 THE FOLLOWING WEATHER WAS RECORDED YESTERDAY.
  FOG


RELATIVE HUMIDITY (PERCENT)
 HIGHEST    92          1200 AM
 LOWEST     53           200 PM
 AVERAGE    73

..........................................................


THE WATERTOWN NY CLIMATE NORMALS FOR TODAY
                         NORMAL    RECORD    YEAR
 MAXIMUM TEMPERATURE (F)   41        68      2005
 MINIMUM TEMPERATURE (F)   25         1      1974


SUNRISE AND SUNSET
NOVEMBER 29 2016......SUNRISE   717 AM EST   SUNSET   428 PM EST
NOVEMBER 30 2016......SUNRISE   718 AM EST   SUNSET   428 PM EST


-  INDICATES NEGATIVE NUMBERS.
R  INDICATES RECORD WAS SET OR TIED.
MM INDICATES DATA IS MISSING.
T  INDICATES TRACE AMOUNT.




$$
