000
CDUS41 KBUF 181011
CLIART


CLIMATE REPORT
NATIONAL WEATHER SERVICE BUFFALO NY
611 AM EDT THU AUG 18 2016


...................................

...THE WATERTOWN NY CLIMATE SUMMARY FOR AUGUST 17 2016...

CLIMATE NORMAL PERIOD 1981 TO 2010
CLIMATE RECORD PERIOD 1949 TO 2016


WEATHER ITEM   OBSERVED TIME   RECORD YEAR NORMAL DEPARTURE LAST
                VALUE   (LST)  VALUE       VALUE  FROM      YEAR
                                                  NORMAL
..................................................................
TEMPERATURE (F)
 YESTERDAY
  MAXIMUM         76    501 PM  93    1995  78     -2       85
  MINIMUM         63    954 PM  40    1979  56      7       65
  AVERAGE         70                        67      3       75

PRECIPITATION (IN)
  YESTERDAY        0.04          0.60 1953   0.11  -0.07     0.00
  MONTH TO DATE    1.53                      1.74  -0.21     1.41
  SINCE JUN 1      5.53                      7.24  -1.71     8.71
  SINCE JAN 1     16.53                     20.39  -3.86    16.11

DEGREE DAYS
 HEATING
  YESTERDAY        0                         1     -1        0
  MONTH TO DATE    0                        17    -17        5
  SINCE JUN 1    103                       150    -47      159
  SINCE JUL 1      5                        43    -38       43

 COOLING
  YESTERDAY        5                         4      1       10
  MONTH TO DATE  153                        71     82       60
  SINCE JUN 1    402                       272    130      214
  SINCE JAN 1    432                       283    149      260
..................................................................


WIND (MPH)
  HIGHEST WIND SPEED    22   HIGHEST WIND DIRECTION    NW (310)
  HIGHEST GUST SPEED    29   HIGHEST GUST DIRECTION    NW (310)
  AVERAGE WIND SPEED     6.7


SKY COVER
  AVERAGE SKY COVER 0.5


WEATHER CONDITIONS
 THE FOLLOWING WEATHER WAS RECORDED YESTERDAY.
  LIGHT RAIN
  FOG


RELATIVE HUMIDITY (PERCENT)
 HIGHEST    90          1200 AM
 LOWEST     64          1100 AM
 AVERAGE    77

..........................................................


THE WATERTOWN NY CLIMATE NORMALS FOR TODAY
                         NORMAL    RECORD    YEAR
 MAXIMUM TEMPERATURE (F)   78        90      2015
 MINIMUM TEMPERATURE (F)   56        41      1989


SUNRISE AND SUNSET
AUGUST 18 2016........SUNRISE   612 AM EDT   SUNSET   803 PM EDT
AUGUST 19 2016........SUNRISE   613 AM EDT   SUNSET   801 PM EDT


-  INDICATES NEGATIVE NUMBERS.
R  INDICATES RECORD WAS SET OR TIED.
MM INDICATES DATA IS MISSING.
T  INDICATES TRACE AMOUNT.




$$
