000
CDUS41 KBUF 220705
CLIART


CLIMATE REPORT
NATIONAL WEATHER SERVICE BUFFALO NY
205 AM EST THU JAN 22 2015


...................................

...THE WATERTOWN NY CLIMATE SUMMARY FOR JANUARY 21 2015...

CLIMATE NORMAL PERIOD 1981 TO 2010
CLIMATE RECORD PERIOD 1949 TO 2015


WEATHER ITEM   OBSERVED TIME   RECORD YEAR NORMAL DEPARTURE LAST
                VALUE   (LST)  VALUE       VALUE  FROM      YEAR
                                                  NORMAL
..................................................................
TEMPERATURE (F)
 YESTERDAY
  MAXIMUM         23    326 PM  57    1951  29     -6        0
  MINIMUM         -9    638 AM -33    2014   9    -18      -33
  AVERAGE          7                        19    -12      -16

PRECIPITATION (IN)
  YESTERDAY        0.00          0.71 1959   0.08  -0.08     0.00
  MONTH TO DATE    1.78                      1.86  -0.08     3.05
  SINCE DEC 1      3.50                      5.01  -1.51     5.46
  SINCE JAN 1      1.78                      1.86  -0.08     3.05

DEGREE DAYS
 HEATING
  YESTERDAY       58                        46     12       81
  MONTH TO DATE 1016                       951     65      923
  SINCE DEC 1   2004                      2148   -144     2185
  SINCE JUL 1   3357                      3747   -390     3760

 COOLING
  YESTERDAY        0                         0      0        0
  MONTH TO DATE    0                         0      0        0
  SINCE DEC 1      0                         0      0        0
  SINCE JAN 1      0                         0      0        0
..................................................................


WIND (MPH)
  HIGHEST WIND SPEED    10   HIGHEST WIND DIRECTION    NE (50)
  HIGHEST GUST SPEED    14   HIGHEST GUST DIRECTION    NE (30)
  AVERAGE WIND SPEED     5.7


SKY COVER
  AVERAGE SKY COVER 0.0


WEATHER CONDITIONS
 THE FOLLOWING WEATHER WAS RECORDED YESTERDAY.
  NO SIGNIFICANT WEATHER WAS OBSERVED.


RELATIVE HUMIDITY (PERCENT)
 HIGHEST    79           300 AM
 LOWEST     50           300 PM
 AVERAGE    65

..........................................................


THE WATERTOWN NY CLIMATE NORMALS FOR TODAY
                         NORMAL    RECORD    YEAR
 MAXIMUM TEMPERATURE (F)   29        55      1959
 MINIMUM TEMPERATURE (F)    9       -37      2014


SUNRISE AND SUNSET
JANUARY 22 2015.......SUNRISE   731 AM EST   SUNSET   501 PM EST
JANUARY 23 2015.......SUNRISE   730 AM EST   SUNSET   502 PM EST


-  INDICATES NEGATIVE NUMBERS.
R  INDICATES RECORD WAS SET OR TIED.
MM INDICATES DATA IS MISSING.
T  INDICATES TRACE AMOUNT.




$$
