000
CDUS41 KBUF 050705
CLIART


CLIMATE REPORT
NATIONAL WEATHER SERVICE BUFFALO NY
205 AM EST TUE DEC 5 2017


...................................

...THE WATERTOWN NY CLIMATE SUMMARY FOR DECEMBER 4 2017...

CLIMATE NORMAL PERIOD 1981 TO 2010
CLIMATE RECORD PERIOD 1949 TO 2017


WEATHER ITEM   OBSERVED TIME   RECORD YEAR NORMAL DEPARTURE LAST
                VALUE   (LST)  VALUE       VALUE  FROM      YEAR
                                                  NORMAL
..................................................................
TEMPERATURE (F)
 YESTERDAY
  MAXIMUM         51    302 PM  69    2012  39     12       34
  MINIMUM         25    751 AM -20    1989  23      2       21
  AVERAGE         38                        31      7       28

PRECIPITATION (IN)
  YESTERDAY        0.00          1.16 1968   0.12  -0.12     0.00
  MONTH TO DATE    0.00                      0.45  -0.45     0.22
  SINCE DEC 1      0.00                      0.45  -0.45     0.22
  SINCE JAN 1     46.89                     33.38  13.51    28.55

DEGREE DAYS
 HEATING
  YESTERDAY       27                        34     -7       37
  MONTH TO DATE  111                       134    -23      111
  SINCE DEC 1    111                       134    -23      111
  SINCE JUL 1   1470                      1733   -263     1453

 COOLING
  YESTERDAY        0                         0      0        0
  MONTH TO DATE    0                         0      0        0
  SINCE DEC 1      0                         0      0        0
  SINCE JAN 1    389                       362     27      566
..................................................................


WIND (MPH)
  HIGHEST WIND SPEED    25   HIGHEST WIND DIRECTION     S (160)
  HIGHEST GUST SPEED    37   HIGHEST GUST DIRECTION     S (160)
  AVERAGE WIND SPEED     5.9


SKY COVER
  AVERAGE SKY COVER 0.4


WEATHER CONDITIONS
 THE FOLLOWING WEATHER WAS RECORDED YESTERDAY.
  FOG
  HAZE


RELATIVE HUMIDITY (PERCENT)
 HIGHEST   100          1200 AM
 LOWEST     48           300 PM
 AVERAGE    74

..........................................................


THE WATERTOWN NY CLIMATE NORMALS FOR TODAY
                         NORMAL    RECORD    YEAR
 MAXIMUM TEMPERATURE (F)   39        60      2013
 MINIMUM TEMPERATURE (F)   22       -15      1989


SUNRISE AND SUNSET
DECEMBER  5 2017......SUNRISE   723 AM EST   SUNSET   426 PM EST
DECEMBER  6 2017......SUNRISE   724 AM EST   SUNSET   426 PM EST


-  INDICATES NEGATIVE NUMBERS.
R  INDICATES RECORD WAS SET OR TIED.
MM INDICATES DATA IS MISSING.
T  INDICATES TRACE AMOUNT.




$$
