000
CDUS41 KBUF 061018
CLIART


CLIMATE REPORT
NATIONAL WEATHER SERVICE BUFFALO NY
616 AM EDT SUN JUL 6 2014


...................................

...THE WATERTOWN NY CLIMATE SUMMARY FOR JULY 5 2014...

CLIMATE NORMAL PERIOD 1981 TO 2010
CLIMATE RECORD PERIOD 1949 TO 2014


WEATHER ITEM   OBSERVED TIME   RECORD YEAR NORMAL DEPARTURE LAST
                VALUE   (LST)  VALUE       VALUE  FROM      YEAR
                                                  NORMAL
..................................................................
TEMPERATURE (F)
 YESTERDAY
  MAXIMUM         75    304 PM  92    1993  79     -4       84
  MINIMUM         49    435 AM  42    1962  57     -8       71
  AVERAGE         62                        68     -6       78

PRECIPITATION (IN)
  YESTERDAY        0.00          0.69 1999   0.08  -0.08     0.18
  MONTH TO DATE    0.49                      0.41   0.08     1.08
  SINCE JUN 1      3.40                      3.26   0.14     7.12
  SINCE JAN 1     22.00                     16.41   5.59    17.74

DEGREE DAYS
 HEATING
  YESTERDAY        3                         1      2        0
  MONTH TO DATE    3                         6     -3        0
  SINCE JUN 1     65                       113    -48      103
  SINCE JUL 1      3                         6     -3        0

 COOLING
  YESTERDAY        0                         4     -4       13
  MONTH TO DATE   38                        20     18       41
  SINCE JUN 1    150                        82     68      115
  SINCE JAN 1    173                        93     80      147
..................................................................


WIND (MPH)
  HIGHEST WIND SPEED    23   HIGHEST WIND DIRECTION    SW (230)
  HIGHEST GUST SPEED    29   HIGHEST GUST DIRECTION    SW (230)
  AVERAGE WIND SPEED     9.0


SKY COVER
  AVERAGE SKY COVER 0.0


WEATHER CONDITIONS
 THE FOLLOWING WEATHER WAS RECORDED YESTERDAY.
  NO SIGNIFICANT WEATHER WAS OBSERVED.


RELATIVE HUMIDITY (PERCENT)
 HIGHEST    86           500 AM
 LOWEST     44           500 PM
 AVERAGE    65

..........................................................


THE WATERTOWN NY CLIMATE NORMALS FOR TODAY
                         NORMAL    RECORD    YEAR
 MAXIMUM TEMPERATURE (F)   79        93      1993
 MINIMUM TEMPERATURE (F)   57        40      1962


SUNRISE AND SUNSET
JULY  6 2014..........SUNRISE   528 AM EDT   SUNSET   849 PM EDT
JULY  7 2014..........SUNRISE   529 AM EDT   SUNSET   849 PM EDT


-  INDICATES NEGATIVE NUMBERS.
R  INDICATES RECORD WAS SET OR TIED.
MM INDICATES DATA IS MISSING.
T  INDICATES TRACE AMOUNT.




$$
