000
CDUS41 KBUF 201004
CLIART


CLIMATE REPORT
NATIONAL WEATHER SERVICE BUFFALO NY
604 AM EDT SAT AUG 20 2016


...................................

...THE WATERTOWN NY CLIMATE SUMMARY FOR AUGUST 19 2016...

CLIMATE NORMAL PERIOD 1981 TO 2010
CLIMATE RECORD PERIOD 1949 TO 2016


WEATHER ITEM   OBSERVED TIME   RECORD YEAR NORMAL DEPARTURE LAST
                VALUE   (LST)  VALUE       VALUE  FROM      YEAR
                                                  NORMAL
..................................................................
TEMPERATURE (F)
 YESTERDAY
  MAXIMUM         84    425 PM  96    1955  78      6       88
  MINIMUM         61   1159 PM  37    1998  56      5       65
  AVERAGE         73                        67      6       77

PRECIPITATION (IN)
  YESTERDAY        0.00          0.92 1978   0.10  -0.10      T
  MONTH TO DATE    1.53                      1.95  -0.42     1.41
  SINCE JUN 1      5.53                      7.45  -1.92     8.71
  SINCE JAN 1     16.53                     20.60  -4.07    16.11

DEGREE DAYS
 HEATING
  YESTERDAY        0                         1     -1        0
  MONTH TO DATE    0                        19    -19        5
  SINCE JUN 1    103                       152    -49      159
  SINCE JUL 1      5                        45    -40       43

 COOLING
  YESTERDAY        8                         3      5       12
  MONTH TO DATE  171                        78     93       83
  SINCE JUN 1    420                       279    141      237
  SINCE JAN 1    450                       290    160      283
..................................................................


WIND (MPH)
  HIGHEST WIND SPEED    14   HIGHEST WIND DIRECTION     W (260)
  HIGHEST GUST SPEED    18   HIGHEST GUST DIRECTION     W (260)
  AVERAGE WIND SPEED     4.3


SKY COVER
  AVERAGE SKY COVER 0.2


WEATHER CONDITIONS
 THE FOLLOWING WEATHER WAS RECORDED YESTERDAY.
  FOG
  FOG W/VISIBILITY <= 1/4 MILE
  HAZE


RELATIVE HUMIDITY (PERCENT)
 HIGHEST   100           600 AM
 LOWEST     43           300 PM
 AVERAGE    72

..........................................................


THE WATERTOWN NY CLIMATE NORMALS FOR TODAY
                         NORMAL    RECORD    YEAR
 MAXIMUM TEMPERATURE (F)   78        88      2015
                                             2009
                                             1955
 MINIMUM TEMPERATURE (F)   56        39      2000


SUNRISE AND SUNSET
AUGUST 20 2016........SUNRISE   614 AM EDT   SUNSET   800 PM EDT
AUGUST 21 2016........SUNRISE   615 AM EDT   SUNSET   758 PM EDT


-  INDICATES NEGATIVE NUMBERS.
R  INDICATES RECORD WAS SET OR TIED.
MM INDICATES DATA IS MISSING.
T  INDICATES TRACE AMOUNT.




$$
