000
CDUS41 KBUF 191011
CLIART


CLIMATE REPORT
NATIONAL WEATHER SERVICE BUFFALO NY
611 AM EDT TUE APR 19 2016


...................................

...THE WATERTOWN NY CLIMATE SUMMARY FOR APRIL 18 2016...

CLIMATE NORMAL PERIOD 1981 TO 2010
CLIMATE RECORD PERIOD 1949 TO 2016


WEATHER ITEM   OBSERVED TIME   RECORD YEAR NORMAL DEPARTURE LAST
                VALUE   (LST)  VALUE       VALUE  FROM      YEAR
                                                  NORMAL
..................................................................
TEMPERATURE (F)
 YESTERDAY
  MAXIMUM         68    315 PM  84    1976  56     12       66
  MINIMUM         32    546 AM  24    2012  34     -2       39
                                      1995
  AVERAGE         50                        45      5       53

PRECIPITATION (IN)
  YESTERDAY        T             1.05 1981   0.10  -0.10     0.00
  MONTH TO DATE    0.81                      1.76  -0.95     1.18
  SINCE MAR 1      3.46                      4.06  -0.60     2.01
  SINCE JAN 1      9.27                      8.94   0.33     5.10

DEGREE DAYS
 HEATING
  YESTERDAY       15                        20     -5       12
  MONTH TO DATE  498                       425     73      377
  SINCE MAR 1   1409                      1491    -82     1558
  SINCE JUL 1   6057                      6932   -875     7078

 COOLING
  YESTERDAY        0                         0      0        0
  MONTH TO DATE    0                         0      0        0
  SINCE MAR 1      0                         0      0        0
  SINCE JAN 1      0                         0      0        0
..................................................................


WIND (MPH)
  HIGHEST WIND SPEED    18   HIGHEST WIND DIRECTION    NE (30)
  HIGHEST GUST SPEED    23   HIGHEST GUST DIRECTION    NE (60)
  AVERAGE WIND SPEED     5.9


SKY COVER
  AVERAGE SKY COVER 0.2


WEATHER CONDITIONS
 THE FOLLOWING WEATHER WAS RECORDED YESTERDAY.
  LIGHT RAIN


RELATIVE HUMIDITY (PERCENT)
 HIGHEST    82           200 AM
 LOWEST     31          1100 AM
 AVERAGE    57

..........................................................


THE WATERTOWN NY CLIMATE NORMALS FOR TODAY
                         NORMAL    RECORD    YEAR
 MAXIMUM TEMPERATURE (F)   56        86      2008
 MINIMUM TEMPERATURE (F)   35        19      2001


SUNRISE AND SUNSET
APRIL 19 2016.........SUNRISE   613 AM EDT   SUNSET   754 PM EDT
APRIL 20 2016.........SUNRISE   612 AM EDT   SUNSET   755 PM EDT


-  INDICATES NEGATIVE NUMBERS.
R  INDICATES RECORD WAS SET OR TIED.
MM INDICATES DATA IS MISSING.
T  INDICATES TRACE AMOUNT.




$$
