000
CDUS41 KBUF 290706
CLIART


CLIMATE REPORT
NATIONAL WEATHER SERVICE BUFFALO NY
305 AM EDT MON JUN 29 2015


...................................

...THE WATERTOWN NY CLIMATE SUMMARY FOR JUNE 28 2015...

CLIMATE NORMAL PERIOD 1981 TO 2010
CLIMATE RECORD PERIOD 1949 TO 2015


WEATHER ITEM   OBSERVED TIME   RECORD YEAR NORMAL DEPARTURE LAST
                VALUE   (LST)  VALUE       VALUE  FROM      YEAR
                                                  NORMAL
..................................................................
TEMPERATURE (F)
 YESTERDAY
  MAXIMUM         62    328 PM  90    2005  78    -16       86
  MINIMUM         55    230 AM  38    1970  56     -1       53
  AVERAGE         59                        67     -8       70

PRECIPITATION (IN)
  YESTERDAY        1.03R         0.80 1965   0.09   0.94     0.00
  MONTH TO DATE    5.64                      2.68   2.96     2.90
  SINCE JUN 1      5.64                      2.68   2.96     2.90
  SINCE JAN 1     13.04                     15.83  -2.79    21.50

DEGREE DAYS
 HEATING
  YESTERDAY        6                         2      4        0
  MONTH TO DATE  104                       104      0       62
  SINCE JUN 1    104                       104      0       62
  SINCE JUL 1   7649                      7580     69     7923

 COOLING
  YESTERDAY        0                         3     -3        5
  MONTH TO DATE   31                        53    -22       82
  SINCE JUN 1     31                        53    -22       82
  SINCE JAN 1     77                        64     13      105
..................................................................


WIND (MPH)
  HIGHEST WIND SPEED    15   HIGHEST WIND DIRECTION    NE (50)
  HIGHEST GUST SPEED    21   HIGHEST GUST DIRECTION    NE (60)
  AVERAGE WIND SPEED     8.3


SKY COVER
  AVERAGE SKY COVER 1.0


WEATHER CONDITIONS
 THE FOLLOWING WEATHER WAS RECORDED YESTERDAY.
  HEAVY RAIN
  RAIN
  LIGHT RAIN
  FOG
  HAZE


RELATIVE HUMIDITY (PERCENT)
 HIGHEST   100           500 PM
 LOWEST     90          1000 AM
 AVERAGE    95

..........................................................


THE WATERTOWN NY CLIMATE NORMALS FOR TODAY
                         NORMAL    RECORD    YEAR
 MAXIMUM TEMPERATURE (F)   78        89      2014
 MINIMUM TEMPERATURE (F)   56        33      1988


SUNRISE AND SUNSET
JUNE 29 2015..........SUNRISE   524 AM EDT   SUNSET   851 PM EDT
JUNE 30 2015..........SUNRISE   525 AM EDT   SUNSET   851 PM EDT


-  INDICATES NEGATIVE NUMBERS.
R  INDICATES RECORD WAS SET OR TIED.
MM INDICATES DATA IS MISSING.
T  INDICATES TRACE AMOUNT.




$$
