000
CDUS41 KBUF 090705
CLIART


CLIMATE REPORT
NATIONAL WEATHER SERVICE BUFFALO NY
305 AM EDT SUN JUL 9 2017


...................................

...THE WATERTOWN NY CLIMATE SUMMARY FOR JULY 8 2017...

CLIMATE NORMAL PERIOD 1981 TO 2010
CLIMATE RECORD PERIOD 1949 TO 2017


WEATHER ITEM   OBSERVED TIME   RECORD YEAR NORMAL DEPARTURE LAST
                VALUE   (LST)  VALUE       VALUE  FROM      YEAR
                                                  NORMAL
..................................................................
TEMPERATURE (F)
 YESTERDAY
  MAXIMUM         77    154 PM  93    1955  79     -2       82
  MINIMUM         59   1045 PM  38    1969  58      1       65
  AVERAGE         68                        68      0       74

PRECIPITATION (IN)
  YESTERDAY        0.64          1.33 2014   0.09   0.55     0.28
  MONTH TO DATE    1.16                      0.67   0.49     0.29
  SINCE JUN 1      7.34                      3.52   3.82     3.89
  SINCE JAN 1     23.01                     16.67   6.34    14.89

DEGREE DAYS
 HEATING
  YESTERDAY        0                         1     -1        0
  MONTH TO DATE    0                         9     -9        0
  SINCE JUN 1    102                       116    -14       98
  SINCE JUL 1      0                         9     -9        0

 COOLING
  YESTERDAY        3                         4     -1        9
  MONTH TO DATE   31                        32     -1       38
  SINCE JUN 1    111                        94     17       85
  SINCE JAN 1    130                       105     25      115
..................................................................


WIND (MPH)
  HIGHEST WIND SPEED    28   HIGHEST WIND DIRECTION     W (290)
  HIGHEST GUST SPEED    34   HIGHEST GUST DIRECTION     W (290)
  AVERAGE WIND SPEED     6.8


SKY COVER
  AVERAGE SKY COVER 0.6


WEATHER CONDITIONS
 THE FOLLOWING WEATHER WAS RECORDED YESTERDAY.
  THUNDERSTORM
  HEAVY RAIN
  RAIN
  LIGHT RAIN
  FOG
  HAZE


RELATIVE HUMIDITY (PERCENT)
 HIGHEST   100           900 AM
 LOWEST     64           200 PM
 AVERAGE    82

..........................................................


THE WATERTOWN NY CLIMATE NORMALS FOR TODAY
                         NORMAL    RECORD    YEAR
 MAXIMUM TEMPERATURE (F)   79        92      1955
 MINIMUM TEMPERATURE (F)   58        43      1972


SUNRISE AND SUNSET
JULY  9 2017..........SUNRISE   531 AM EDT   SUNSET   848 PM EDT
JULY 10 2017..........SUNRISE   531 AM EDT   SUNSET   847 PM EDT


-  INDICATES NEGATIVE NUMBERS.
R  INDICATES RECORD WAS SET OR TIED.
MM INDICATES DATA IS MISSING.
T  INDICATES TRACE AMOUNT.




$$
