000
CDUS41 KBUF 140705
CLIART


CLIMATE REPORT
NATIONAL WEATHER SERVICE BUFFALO NY
305 AM EDT MON APR 14 2014


...................................

...THE WATERTOWN NY CLIMATE SUMMARY FOR APRIL 13 2014...

CLIMATE NORMAL PERIOD 1981 TO 2010
CLIMATE RECORD PERIOD 1949 TO 2014


WEATHER ITEM   OBSERVED TIME   RECORD YEAR NORMAL DEPARTURE LAST
                VALUE   (LST)  VALUE       VALUE  FROM      YEAR
                                                  NORMAL
..................................................................
TEMPERATURE (F)
 YESTERDAY
  MAXIMUM         79R   151 PM  79    1968  54     25       45
  MINIMUM         46    356 AM  17    2009  32     14       35
  AVERAGE         63                        43     20       40

PRECIPITATION (IN)
  YESTERDAY        0.36          1.53 2002   0.10   0.26     0.08
  MONTH TO DATE    2.15                      1.26   0.89     1.94
  SINCE MAR 1      4.26                      3.56   0.70     2.93
  SINCE JAN 1     11.36                      8.44   2.92     7.23

DEGREE DAYS
 HEATING
  YESTERDAY        2                        22    -20       25
  MONTH TO DATE  300                       321    -21      331
  SINCE MAR 1   1605                      1387    218     1339
  SINCE JUL 1   7276                      6828    448     6189

 COOLING
  YESTERDAY        0                         0      0        0
  MONTH TO DATE    0                         0      0        0
  SINCE MAR 1      0                         0      0        0
  SINCE JAN 1      0                         0      0        0
..................................................................


WIND (MPH)
  HIGHEST WIND SPEED    17   HIGHEST WIND DIRECTION    SW (220)
  HIGHEST GUST SPEED    22   HIGHEST GUST DIRECTION     W (260)
  AVERAGE WIND SPEED     6.9


SKY COVER
  AVERAGE SKY COVER 0.6


WEATHER CONDITIONS
 THE FOLLOWING WEATHER WAS RECORDED YESTERDAY.
  RAIN
  LIGHT RAIN
  FOG


RELATIVE HUMIDITY (PERCENT)
 HIGHEST    86           400 AM
 LOWEST     37           200 PM
 AVERAGE    62

..........................................................


THE WATERTOWN NY CLIMATE NORMALS FOR TODAY
                         NORMAL    RECORD    YEAR
 MAXIMUM TEMPERATURE (F)   54        87      1968
 MINIMUM TEMPERATURE (F)   33        18      1973


SUNRISE AND SUNSET
APRIL 14 2014.........SUNRISE   623 AM EDT   SUNSET   747 PM EDT
APRIL 15 2014.........SUNRISE   621 AM EDT   SUNSET   748 PM EDT


-  INDICATES NEGATIVE NUMBERS.
R  INDICATES RECORD WAS SET OR TIED.
MM INDICATES DATA IS MISSING.
T  INDICATES TRACE AMOUNT.




$$
