000
CDUS41 KBUF 201021
CLIART


CLIMATE REPORT
NATIONAL WEATHER SERVICE BUFFALO NY
620 AM EDT THU JUL 20 2017


...................................

...THE WATERTOWN NY CLIMATE SUMMARY FOR JULY 19 2017...

CLIMATE NORMAL PERIOD 1981 TO 2010
CLIMATE RECORD PERIOD 1949 TO 2017


WEATHER ITEM   OBSERVED TIME   RECORD YEAR NORMAL DEPARTURE LAST
                VALUE   (LST)  VALUE       VALUE  FROM      YEAR
                                                  NORMAL
..................................................................
TEMPERATURE (F)
 YESTERDAY
  MAXIMUM         82    345 PM  92    1964  80      2       77
  MINIMUM         59    323 AM  45    1997  59      0       54
  AVERAGE         71                        69      2       66

PRECIPITATION (IN)
  YESTERDAY        0.00          1.50 2007   0.09  -0.09      T
  MONTH TO DATE    3.01                      1.57   1.44     0.32
  SINCE JUN 1      9.19                      4.42   4.77     3.92
  SINCE JAN 1     24.86                     17.57   7.29    14.92

DEGREE DAYS
 HEATING
  YESTERDAY        0                         1     -1        0
  MONTH TO DATE    2                        20    -18        4
  SINCE JUN 1    104                       127    -23      102
  SINCE JUL 1      2                        20    -18        4

 COOLING
  YESTERDAY        6                         5      1        1
  MONTH TO DATE   89                        84      5      114
  SINCE JUN 1    169                       146     23      161
  SINCE JAN 1    188                       157     31      191
..................................................................


WIND (MPH)
  HIGHEST WIND SPEED    17   HIGHEST WIND DIRECTION    SW (220)
  HIGHEST GUST SPEED    22   HIGHEST GUST DIRECTION    SW (230)
  AVERAGE WIND SPEED     6.1


SKY COVER
  AVERAGE SKY COVER 0.1


WEATHER CONDITIONS
 THE FOLLOWING WEATHER WAS RECORDED YESTERDAY.
  FOG
  HAZE


RELATIVE HUMIDITY (PERCENT)
 HIGHEST   100           100 AM
 LOWEST     54           100 PM
 AVERAGE    77

..........................................................


THE WATERTOWN NY CLIMATE NORMALS FOR TODAY
                         NORMAL    RECORD    YEAR
 MAXIMUM TEMPERATURE (F)   80        93      1978
 MINIMUM TEMPERATURE (F)   59        42      1962


SUNRISE AND SUNSET
JULY 20 2017..........SUNRISE   540 AM EDT   SUNSET   840 PM EDT
JULY 21 2017..........SUNRISE   541 AM EDT   SUNSET   839 PM EDT


-  INDICATES NEGATIVE NUMBERS.
R  INDICATES RECORD WAS SET OR TIED.
MM INDICATES DATA IS MISSING.
T  INDICATES TRACE AMOUNT.




$$
