000
CDUS41 KBUF 171009
CLIART


CLIMATE REPORT
NATIONAL WEATHER SERVICE BUFFALO NY
609 AM EDT TUE MAY 17 2016


...................................

...THE WATERTOWN NY CLIMATE SUMMARY FOR MAY 16 2016...

CLIMATE NORMAL PERIOD 1981 TO 2010
CLIMATE RECORD PERIOD 1949 TO 2016


WEATHER ITEM   OBSERVED TIME   RECORD YEAR NORMAL DEPARTURE LAST
                VALUE   (LST)  VALUE       VALUE  FROM      YEAR
                                                  NORMAL
..................................................................
TEMPERATURE (F)
 YESTERDAY
  MAXIMUM         52    503 PM  86    1998  66    -14       72
  MINIMUM         39    548 AM  28    1987  43     -4       52
  AVERAGE         46                        55     -9       62

PRECIPITATION (IN)
  YESTERDAY        0.01          1.20 1981   0.10  -0.09      T
  MONTH TO DATE    1.40                      1.50  -0.10     0.65
  SINCE MAR 1      5.19                      6.70  -1.51     3.17
  SINCE JAN 1     11.00                     11.58  -0.58     6.26

DEGREE DAYS
 HEATING
  YESTERDAY       19                        11      8        3
  MONTH TO DATE  237                       206     31      114
  SINCE MAR 1   1905                      1908     -3     1922
  SINCE JUL 1   6553                      7349   -796     7442

 COOLING
  YESTERDAY        0                         0      0        0
  MONTH TO DATE    0                         0      0       17
  SINCE MAR 1      0                         1     -1       17
  SINCE JAN 1      0                         1     -1       17
..................................................................


WIND (MPH)
  HIGHEST WIND SPEED    26   HIGHEST WIND DIRECTION     W (290)
  HIGHEST GUST SPEED    38   HIGHEST GUST DIRECTION    SW (230)
  AVERAGE WIND SPEED    13.4


SKY COVER
  AVERAGE SKY COVER 0.7


WEATHER CONDITIONS
 THE FOLLOWING WEATHER WAS RECORDED YESTERDAY.
  LIGHT RAIN


RELATIVE HUMIDITY (PERCENT)
 HIGHEST    79          1000 PM
 LOWEST     42           900 AM
 AVERAGE    61

..........................................................


THE WATERTOWN NY CLIMATE NORMALS FOR TODAY
                         NORMAL    RECORD    YEAR
 MAXIMUM TEMPERATURE (F)   66        82      1989
 MINIMUM TEMPERATURE (F)   44        29      1984


SUNRISE AND SUNSET
MAY 17 2016...........SUNRISE   535 AM EDT   SUNSET   826 PM EDT
MAY 18 2016...........SUNRISE   534 AM EDT   SUNSET   827 PM EDT


-  INDICATES NEGATIVE NUMBERS.
R  INDICATES RECORD WAS SET OR TIED.
MM INDICATES DATA IS MISSING.
T  INDICATES TRACE AMOUNT.




$$
