000
CDUS41 KBUF 132050
CLIART


CLIMATE REPORT
NATIONAL WEATHER SERVICE BUFFALO NY
448 PM EDT TUE SEP 13 2016


...................................

...THE WATERTOWN NY CLIMATE SUMMARY FOR SEPTEMBER 13 2016...
VALID TODAY AS OF 0400 PM LOCAL TIME.

CLIMATE NORMAL PERIOD 1981 TO 2010
CLIMATE RECORD PERIOD 1949 TO 2016


WEATHER ITEM   OBSERVED TIME   RECORD YEAR NORMAL DEPARTURE LAST
                VALUE   (LST)  VALUE       VALUE  FROM      YEAR
                                                  NORMAL
..................................................................
TEMPERATURE (F)
 TODAY
  MAXIMUM         78    144 PM  89    1951  72      6       62
  MINIMUM         46    414 AM  32    1964  50     -4       56
  AVERAGE         62                        61      1       59

PRECIPITATION (IN)
  TODAY            0.00          1.32 2006   0.12  -0.12     0.58
  MONTH TO DATE    1.67                      1.43   0.24     2.35
  SINCE SEP 1      1.67                      1.43   0.24     2.35
  SINCE JAN 1     20.70                     23.23  -2.53    19.70

DEGREE DAYS
 HEATING
  TODAY            3                         6     -3        6
  MONTH TO DATE   31                        54    -23       16
  SINCE SEP 1     31                        54    -23       16
  SINCE JUL 1     42                       126    -84       71

 COOLING
  TODAY            0                         1     -1        0
  MONTH TO DATE   35                        23     12       71
  SINCE SEP 1     35                        23     12       71
  SINCE JAN 1    549                       347    202      377
..................................................................


WIND (MPH)
  HIGHEST WIND SPEED    16   HIGHEST WIND DIRECTION    SW (220)
  HIGHEST GUST SPEED    21   HIGHEST GUST DIRECTION    SW (230)
  AVERAGE WIND SPEED     5.9


SKY COVER
  AVERAGE SKY COVER 0.0


WEATHER CONDITIONS
 THE FOLLOWING WEATHER WAS RECORDED TODAY.
  NO SIGNIFICANT WEATHER WAS OBSERVED.


RELATIVE HUMIDITY (PERCENT)
 HIGHEST   100           400 AM
 LOWEST     50           100 PM
 AVERAGE    75

..........................................................


THE WATERTOWN NY CLIMATE NORMALS FOR TOMORROW
                         NORMAL    RECORD    YEAR
 MAXIMUM TEMPERATURE (F)   71        90      1961
 MINIMUM TEMPERATURE (F)   49        32      1986


SUNRISE AND SUNSET
SEPTEMBER 13 2016.....SUNRISE   642 AM EDT   SUNSET   717 PM EDT
SEPTEMBER 14 2016.....SUNRISE   643 AM EDT   SUNSET   715 PM EDT


-  INDICATES NEGATIVE NUMBERS.
R  INDICATES RECORD WAS SET OR TIED.
MM INDICATES DATA IS MISSING.
T  INDICATES TRACE AMOUNT.




$$
