000
CDUS41 KBUF 171022
CLIART


CLIMATE REPORT
NATIONAL WEATHER SERVICE BUFFALO NY
620 AM EDT SUN APR 17 2016


...................................

...THE WATERTOWN NY CLIMATE SUMMARY FOR APRIL 16 2016...

CLIMATE NORMAL PERIOD 1981 TO 2010
CLIMATE RECORD PERIOD 1949 TO 2016


WEATHER ITEM   OBSERVED TIME   RECORD YEAR NORMAL DEPARTURE LAST
                VALUE   (LST)  VALUE       VALUE  FROM      YEAR
                                                  NORMAL
..................................................................
TEMPERATURE (F)
 YESTERDAY
  MAXIMUM         67    344 PM  86    2012  55     12       69
  MINIMUM         30    511 AM  22    2014  34     -4       25
  AVERAGE         49                        44      5       47

PRECIPITATION (IN)
  YESTERDAY        0.00          1.06 1984   0.10  -0.10     0.02
  MONTH TO DATE    0.81                      1.56  -0.75     1.16
  SINCE MAR 1      3.46                      3.86  -0.40     1.99
  SINCE JAN 1      9.27                      8.74   0.53     5.08

DEGREE DAYS
 HEATING
  YESTERDAY       16                        21     -5       18
  MONTH TO DATE  468                       385     83      350
  SINCE MAR 1   1379                      1451    -72     1531
  SINCE JUL 1   6027                      6892   -865     7051

 COOLING
  YESTERDAY        0                         0      0        0
  MONTH TO DATE    0                         0      0        0
  SINCE MAR 1      0                         0      0        0
  SINCE JAN 1      0                         0      0        0
..................................................................


WIND (MPH)
  HIGHEST WIND SPEED    16   HIGHEST WIND DIRECTION     N (20)
  HIGHEST GUST SPEED    20   HIGHEST GUST DIRECTION    NE (40)
  AVERAGE WIND SPEED     6.5


SKY COVER
  AVERAGE SKY COVER 0.0


WEATHER CONDITIONS
 THE FOLLOWING WEATHER WAS RECORDED YESTERDAY.
  NO SIGNIFICANT WEATHER WAS OBSERVED.


RELATIVE HUMIDITY (PERCENT)
 HIGHEST    82          1100 PM
 LOWEST     19           500 PM
 AVERAGE    51

..........................................................


THE WATERTOWN NY CLIMATE NORMALS FOR TODAY
                         NORMAL    RECORD    YEAR
 MAXIMUM TEMPERATURE (F)   55        80      1960
 MINIMUM TEMPERATURE (F)   34        19      1980


SUNRISE AND SUNSET
APRIL 17 2016.........SUNRISE   617 AM EDT   SUNSET   751 PM EDT
APRIL 18 2016.........SUNRISE   615 AM EDT   SUNSET   752 PM EDT


-  INDICATES NEGATIVE NUMBERS.
R  INDICATES RECORD WAS SET OR TIED.
MM INDICATES DATA IS MISSING.
T  INDICATES TRACE AMOUNT.




$$
