000
CDUS41 KBUF 052039
CLIART


CLIMATE REPORT
NATIONAL WEATHER SERVICE BUFFALO NY
438 PM EDT THU OCT 5 2017


...................................

...THE WATERTOWN NY CLIMATE SUMMARY FOR OCTOBER 5 2017...
VALID TODAY AS OF 0400 PM LOCAL TIME.

CLIMATE NORMAL PERIOD 1981 TO 2010
CLIMATE RECORD PERIOD 1949 TO 2017


WEATHER ITEM   OBSERVED TIME   RECORD YEAR NORMAL DEPARTURE LAST
                VALUE   (LST)  VALUE       VALUE  FROM      YEAR
                                                  NORMAL
..................................................................
TEMPERATURE (F)
 TODAY
  MAXIMUM         66    131 PM  84    1951  62      4       73
  MINIMUM         49    455 AM  22    1984  42      7       44
  AVERAGE         58                        52      6       59

PRECIPITATION (IN)
  TODAY            0.00          1.14 1962   0.13  -0.13     0.00
  MONTH TO DATE    1.20                      0.63   0.57     0.85
  SINCE SEP 1      2.49                      4.35  -1.86     3.30
  SINCE JAN 1     33.22                     26.15   7.07    22.33

DEGREE DAYS
 HEATING
  TODAY            7                        13     -6        6
  MONTH TO DATE   47                        63    -16       29
  SINCE SEP 1    194                       265    -71      173
  SINCE JUL 1    264                       337    -73      184

 COOLING
  TODAY            0                         0      0        0
  MONTH TO DATE    1                         0      1        0
  SINCE SEP 1     54                        35     19       47
  SINCE JAN 1    384                       359     25      561
..................................................................


WIND (MPH)
  HIGHEST WIND SPEED    18   HIGHEST WIND DIRECTION    SW (220)
  HIGHEST GUST SPEED    26   HIGHEST GUST DIRECTION     W (260)
  AVERAGE WIND SPEED     6.8


SKY COVER
  AVERAGE SKY COVER 0.1


WEATHER CONDITIONS
 THE FOLLOWING WEATHER WAS RECORDED TODAY.
  NO SIGNIFICANT WEATHER WAS OBSERVED.


RELATIVE HUMIDITY (PERCENT)
 HIGHEST   100           400 AM
 LOWEST     63          1200 PM
 AVERAGE    82

..........................................................


THE WATERTOWN NY CLIMATE NORMALS FOR TOMORROW
                         NORMAL    RECORD    YEAR
 MAXIMUM TEMPERATURE (F)   62        82      1990
 MINIMUM TEMPERATURE (F)   41        19      1984


SUNRISE AND SUNSET
OCTOBER  5 2017.......SUNRISE   707 AM EDT   SUNSET   637 PM EDT
OCTOBER  6 2017.......SUNRISE   708 AM EDT   SUNSET   635 PM EDT


-  INDICATES NEGATIVE NUMBERS.
R  INDICATES RECORD WAS SET OR TIED.
MM INDICATES DATA IS MISSING.
T  INDICATES TRACE AMOUNT.




$$
