000
CDUS41 KBUF 040705
CLIART


CLIMATE REPORT
NATIONAL WEATHER SERVICE BUFFALO NY
305 AM EDT FRI JUL 4 2014


...................................

...THE WATERTOWN NY CLIMATE SUMMARY FOR JULY 3 2014...

CLIMATE NORMAL PERIOD 1981 TO 2010
CLIMATE RECORD PERIOD 1949 TO 2014


WEATHER ITEM   OBSERVED TIME   RECORD YEAR NORMAL DEPARTURE LAST
                VALUE   (LST)  VALUE       VALUE  FROM      YEAR
                                                  NORMAL
..................................................................
TEMPERATURE (F)
 YESTERDAY
  MAXIMUM         77    107 PM  91    1966  78     -1       83
  MINIMUM         65   1159 PM  38    1962  57      8       67
  AVERAGE         71                        68      3       75

PRECIPITATION (IN)
  YESTERDAY        0.14          0.85 1972   0.08   0.06     0.08
  MONTH TO DATE    0.47                      0.24   0.23     0.51
  SINCE JUN 1      3.38                      3.09   0.29     6.55
  SINCE JAN 1     21.98                     16.24   5.74    17.17

DEGREE DAYS
 HEATING
  YESTERDAY        0                         1     -1        0
  MONTH TO DATE    0                         4     -4        0
  SINCE JUN 1     62                       111    -49      103
  SINCE JUL 1      0                         4     -4        0

 COOLING
  YESTERDAY        6                         4      2       10
  MONTH TO DATE   35                        12     23       18
  SINCE JUN 1    147                        74     73       92
  SINCE JAN 1    170                        85     85      124
..................................................................


WIND (MPH)
  HIGHEST WIND SPEED    12   HIGHEST WIND DIRECTION     W (260)
  HIGHEST GUST SPEED    15   HIGHEST GUST DIRECTION     W (270)
  AVERAGE WIND SPEED     3.5


SKY COVER
  AVERAGE SKY COVER 0.8


WEATHER CONDITIONS
 THE FOLLOWING WEATHER WAS RECORDED YESTERDAY.
  HEAVY RAIN
  RAIN
  LIGHT RAIN
  HAZE


RELATIVE HUMIDITY (PERCENT)
 HIGHEST    87           500 AM
 LOWEST     64          1200 PM
 AVERAGE    76

..........................................................


THE WATERTOWN NY CLIMATE NORMALS FOR TODAY
                         NORMAL    RECORD    YEAR
 MAXIMUM TEMPERATURE (F)   79        90      1955
 MINIMUM TEMPERATURE (F)   57        35      1962


SUNRISE AND SUNSET
JULY  4 2014..........SUNRISE   527 AM EDT   SUNSET   850 PM EDT
JULY  5 2014..........SUNRISE   528 AM EDT   SUNSET   850 PM EDT


-  INDICATES NEGATIVE NUMBERS.
R  INDICATES RECORD WAS SET OR TIED.
MM INDICATES DATA IS MISSING.
T  INDICATES TRACE AMOUNT.




$$
