000
CDUS41 KBUF 210705
CLIART


CLIMATE REPORT
NATIONAL WEATHER SERVICE BUFFALO NY
305 AM EDT FRI AUG 21 2015


...................................

...THE WATERTOWN NY CLIMATE SUMMARY FOR AUGUST 20 2015...

CLIMATE NORMAL PERIOD 1981 TO 2010
CLIMATE RECORD PERIOD 1949 TO 2015


WEATHER ITEM   OBSERVED TIME   RECORD YEAR NORMAL DEPARTURE LAST
                VALUE   (LST)  VALUE       VALUE  FROM      YEAR
                                                  NORMAL
..................................................................
TEMPERATURE (F)
 YESTERDAY
  MAXIMUM         88R   220 PM  88    2009  78     10       81
                                      1955
  MINIMUM         63    909 PM  39    2000  56      7       56
  AVERAGE         76                        67      9       69

PRECIPITATION (IN)
  YESTERDAY        1.21R         0.90 1958   0.10   1.11     0.55
  MONTH TO DATE    2.62                      2.05   0.57     2.78
  SINCE JUN 1      9.92                      7.55   2.37    10.72
  SINCE JAN 1     17.32                     20.70  -3.38    29.32

DEGREE DAYS
 HEATING
  YESTERDAY        0                         2     -2        0
  MONTH TO DATE    5                        21    -16       21
  SINCE JUN 1    159                       154      5      102
  SINCE JUL 1     43                        47     -4       40

 COOLING
  YESTERDAY       11                         3      8        4
  MONTH TO DATE   94                        81     13       52
  SINCE JUN 1    248                       282    -34      287
  SINCE JAN 1    294                       293      1      310
..................................................................


WIND (MPH)
  HIGHEST WIND SPEED    24   HIGHEST WIND DIRECTION    SW (230)
  HIGHEST GUST SPEED    42   HIGHEST GUST DIRECTION    SE (150)
  AVERAGE WIND SPEED    12.2


SKY COVER
  AVERAGE SKY COVER 0.6


WEATHER CONDITIONS
 THE FOLLOWING WEATHER WAS RECORDED YESTERDAY.
  HEAVY RAIN
  RAIN
  LIGHT RAIN
  FOG


RELATIVE HUMIDITY (PERCENT)
 HIGHEST   100           800 PM
 LOWEST     55           100 PM
 AVERAGE    78

..........................................................


THE WATERTOWN NY CLIMATE NORMALS FOR TODAY
                         NORMAL    RECORD    YEAR
 MAXIMUM TEMPERATURE (F)   78        86      1976
 MINIMUM TEMPERATURE (F)   56        38      1969


SUNRISE AND SUNSET
AUGUST 21 2015........SUNRISE   615 AM EDT   SUNSET   759 PM EDT
AUGUST 22 2015........SUNRISE   616 AM EDT   SUNSET   758 PM EDT


-  INDICATES NEGATIVE NUMBERS.
R  INDICATES RECORD WAS SET OR TIED.
MM INDICATES DATA IS MISSING.
T  INDICATES TRACE AMOUNT.




$$
