000
CDUS41 KBUF 211017
CLIART


CLIMATE REPORT
NATIONAL WEATHER SERVICE BUFFALO NY
516 AM EST FRI NOV 21 2014


...................................

...THE WATERTOWN NY CLIMATE SUMMARY FOR NOVEMBER 20 2014...

CLIMATE NORMAL PERIOD 1981 TO 2010
CLIMATE RECORD PERIOD 1949 TO 2014


WEATHER ITEM   OBSERVED TIME   RECORD YEAR NORMAL DEPARTURE LAST
                VALUE   (LST)  VALUE       VALUE  FROM      YEAR
                                                  NORMAL
..................................................................
TEMPERATURE (F)
 YESTERDAY
  MAXIMUM         34    728 AM  69    1953  45    -11       38
  MINIMUM         26   1157 PM   7    1959  28     -2       15
  AVERAGE         30                        37     -7       27

PRECIPITATION (IN)
  YESTERDAY        0.09          1.22 1989   0.14  -0.05     0.00
  MONTH TO DATE    2.11                      2.51  -0.40     2.16
  SINCE SEP 1      7.31                      9.88  -2.57     9.55
  SINCE JAN 1     39.57                     31.68   7.89    31.35

DEGREE DAYS
 HEATING
  YESTERDAY       35                        28      7       38
  MONTH TO DATE  488                       497     -9      491
  SINCE SEP 1   1027                      1221   -194     1136
  SINCE JUL 1   1077                      1293   -216     1179

 COOLING
  YESTERDAY        0                         0      0        0
  MONTH TO DATE    0                         0      0        0
  SINCE SEP 1     73                        38     35       48
  SINCE JAN 1    433                       362     71      481
..................................................................


WIND (MPH)
  HIGHEST WIND SPEED    32   HIGHEST WIND DIRECTION     W (260)
  HIGHEST GUST SPEED    46   HIGHEST GUST DIRECTION    SW (230)
  AVERAGE WIND SPEED    20.5


SKY COVER
  AVERAGE SKY COVER 0.8


WEATHER CONDITIONS
 THE FOLLOWING WEATHER WAS RECORDED YESTERDAY.
  HEAVY SNOW
  SNOW
  LIGHT SNOW
  HAZE


RELATIVE HUMIDITY (PERCENT)
 HIGHEST    78           800 AM
 LOWEST     39           800 PM
 AVERAGE    59

..........................................................


THE WATERTOWN NY CLIMATE NORMALS FOR TODAY
                         NORMAL    RECORD    YEAR
 MAXIMUM TEMPERATURE (F)   45        62      1953
 MINIMUM TEMPERATURE (F)   28         6      1969


SUNRISE AND SUNSET
NOVEMBER 21 2014......SUNRISE   707 AM EST   SUNSET   433 PM EST
NOVEMBER 22 2014......SUNRISE   708 AM EST   SUNSET   432 PM EST


-  INDICATES NEGATIVE NUMBERS.
R  INDICATES RECORD WAS SET OR TIED.
MM INDICATES DATA IS MISSING.
T  INDICATES TRACE AMOUNT.

$$
