000
CDUS41 KBUF 231014
CLIART


CLIMATE REPORT
NATIONAL WEATHER SERVICE BUFFALO NY
513 AM EST WED NOV 23 2016


...................................

...THE WATERTOWN NY CLIMATE SUMMARY FOR NOVEMBER 22 2016...

CLIMATE NORMAL PERIOD 1981 TO 2010
CLIMATE RECORD PERIOD 1949 TO 2016


WEATHER ITEM   OBSERVED TIME   RECORD YEAR NORMAL DEPARTURE LAST
                VALUE   (LST)  VALUE       VALUE  FROM      YEAR
                                                  NORMAL
..................................................................
TEMPERATURE (F)
 YESTERDAY
  MAXIMUM         34   1235 PM  70    1953  44    -10       49
  MINIMUM         28   1159 PM   4    1972  28      0       26
  AVERAGE         31                        36     -5       38

PRECIPITATION (IN)
  YESTERDAY        0.00          0.74 2007   0.13  -0.13     0.04
  MONTH TO DATE    1.13                      2.77  -1.64     1.45
  SINCE SEP 1      9.03                     10.14  -1.11     7.58
  SINCE JAN 1     28.06                     31.94  -3.88    24.93

DEGREE DAYS
 HEATING
  YESTERDAY       34                        29      5       27
  MONTH TO DATE  497                       555    -58      418
  SINCE SEP 1   1106                      1279   -173     1073
  SINCE JUL 1   1117                      1351   -234     1128

 COOLING
  YESTERDAY        0                         0      0        0
  MONTH TO DATE    0                         0      0        0
  SINCE SEP 1     52                        38     14       82
  SINCE JAN 1    566                       362    204      388
..................................................................


WIND (MPH)
  HIGHEST WIND SPEED    31   HIGHEST WIND DIRECTION     W (290)
  HIGHEST GUST SPEED    37   HIGHEST GUST DIRECTION    NW (310)
  AVERAGE WIND SPEED    15.0


SKY COVER
  AVERAGE SKY COVER 1.0


WEATHER CONDITIONS
 THE FOLLOWING WEATHER WAS RECORDED YESTERDAY.
  NO SIGNIFICANT WEATHER WAS OBSERVED.


RELATIVE HUMIDITY (PERCENT)
 HIGHEST    75          1000 PM
 LOWEST     59           200 PM
 AVERAGE    67

..........................................................


THE WATERTOWN NY CLIMATE NORMALS FOR TODAY
                         NORMAL    RECORD    YEAR
 MAXIMUM TEMPERATURE (F)   44        69      1979
 MINIMUM TEMPERATURE (F)   27        -2      2000


SUNRISE AND SUNSET
NOVEMBER 23 2016......SUNRISE   710 AM EST   SUNSET   431 PM EST
NOVEMBER 24 2016......SUNRISE   711 AM EST   SUNSET   430 PM EST


-  INDICATES NEGATIVE NUMBERS.
R  INDICATES RECORD WAS SET OR TIED.
MM INDICATES DATA IS MISSING.
T  INDICATES TRACE AMOUNT.




$$
