964
CDUS41 KBUF 210705
CLIART


CLIMATE REPORT
NATIONAL WEATHER SERVICE BUFFALO NY
305 AM EDT FRI APR 21 2017


...................................

...THE WATERTOWN NY CLIMATE SUMMARY FOR APRIL 20 2017...

CLIMATE NORMAL PERIOD 1981 TO 2010
CLIMATE RECORD PERIOD 1949 TO 2017


WEATHER ITEM   OBSERVED TIME   RECORD YEAR NORMAL DEPARTURE LAST
                VALUE   (LST)  VALUE       VALUE  FROM      YEAR
                                                  NORMAL
..................................................................
TEMPERATURE (F)
 YESTERDAY
  MAXIMUM         51   1202 AM  83    1957  57     -6       61
  MINIMUM         43    704 AM  20    1969  35      8       27
  AVERAGE         47                        46      1       44

PRECIPITATION (IN)
  YESTERDAY        0.24          0.97 2011   0.09   0.15     0.00
  MONTH TO DATE    3.41                      1.94   1.47     0.83
  SINCE MAR 1      5.76                      4.24   1.52     3.48
  SINCE JAN 1      9.39                      9.12   0.27     9.29

DEGREE DAYS
 HEATING
  YESTERDAY       18                        19     -1       21
  MONTH TO DATE  376                       464    -88      539
  SINCE MAR 1   1550                      1530     20     1450
  SINCE JUL 1   6161                      6971   -810     6098

 COOLING
  YESTERDAY        0                         0      0        0
  MONTH TO DATE    4                         0      4        0
  SINCE MAR 1      4                         0      4        0
  SINCE JAN 1      4                         0      4        0
..................................................................


WIND (MPH)
  HIGHEST WIND SPEED    18   HIGHEST WIND DIRECTION    NE (60)
  HIGHEST GUST SPEED    23   HIGHEST GUST DIRECTION    NE (40)
  AVERAGE WIND SPEED    12.6


SKY COVER
  AVERAGE SKY COVER 1.0


WEATHER CONDITIONS
 THE FOLLOWING WEATHER WAS RECORDED YESTERDAY.
  RAIN
  LIGHT RAIN
  FOG


RELATIVE HUMIDITY (PERCENT)
 HIGHEST   100           100 AM
 LOWEST     74          1200 PM
 AVERAGE    87

..........................................................


THE WATERTOWN NY CLIMATE NORMALS FOR TODAY
                         NORMAL    RECORD    YEAR
 MAXIMUM TEMPERATURE (F)   57        85      1976
 MINIMUM TEMPERATURE (F)   35        22      2013
                                             1981


SUNRISE AND SUNSET
APRIL 21 2017.........SUNRISE   611 AM EDT   SUNSET   756 PM EDT
APRIL 22 2017.........SUNRISE   609 AM EDT   SUNSET   757 PM EDT


-  INDICATES NEGATIVE NUMBERS.
R  INDICATES RECORD WAS SET OR TIED.
MM INDICATES DATA IS MISSING.
T  INDICATES TRACE AMOUNT.




$$
