000
CDUS41 KBUF 291025
CLIART


CLIMATE REPORT
NATIONAL WEATHER SERVICE BUFFALO NY
524 AM EST WED NOV 29 2017


...................................

...THE WATERTOWN NY CLIMATE SUMMARY FOR NOVEMBER 28 2017...

CLIMATE NORMAL PERIOD 1981 TO 2010
CLIMATE RECORD PERIOD 1949 TO 2017


WEATHER ITEM   OBSERVED TIME   RECORD YEAR NORMAL DEPARTURE LAST
                VALUE   (LST)  VALUE       VALUE  FROM      YEAR
                                                  NORMAL
..................................................................
TEMPERATURE (F)
 YESTERDAY
  MAXIMUM         57    354 PM  72    1990  42     15       45
  MINIMUM         16    255 AM  -3    1968  25     -9       20
  AVERAGE         37                        34      3       33

PRECIPITATION (IN)
  YESTERDAY        0.00          0.86 1968   0.13  -0.13     0.00
  MONTH TO DATE    2.96                      3.52  -0.56     1.25
  SINCE SEP 1     16.01                     10.89   5.12     9.15
  SINCE JAN 1     46.74                     32.69  14.05    28.18

DEGREE DAYS
 HEATING
  YESTERDAY       28                        32     -4       32
  MONTH TO DATE  765                       738     27      691
  SINCE SEP 1   1229                      1462   -233     1300
  SINCE JUL 1   1299                      1534   -235     1311

 COOLING
  YESTERDAY        0                         0      0        0
  MONTH TO DATE    0                         0      0        0
  SINCE SEP 1     59                        38     21       52
  SINCE JAN 1    389                       362     27      566
..................................................................


WIND (MPH)
  HIGHEST WIND SPEED    22   HIGHEST WIND DIRECTION     S (190)
  HIGHEST GUST SPEED    35   HIGHEST GUST DIRECTION     S (180)
  AVERAGE WIND SPEED    11.1


SKY COVER
  AVERAGE SKY COVER 0.0


WEATHER CONDITIONS
 THE FOLLOWING WEATHER WAS RECORDED YESTERDAY.
  NO SIGNIFICANT WEATHER WAS OBSERVED.


RELATIVE HUMIDITY (PERCENT)
 HIGHEST    92           400 AM
 LOWEST     38           100 PM
 AVERAGE    65

..........................................................


THE WATERTOWN NY CLIMATE NORMALS FOR TODAY
                         NORMAL    RECORD    YEAR
 MAXIMUM TEMPERATURE (F)   41        68      2005
 MINIMUM TEMPERATURE (F)   25         1      1974


SUNRISE AND SUNSET
NOVEMBER 29 2017......SUNRISE   717 AM EST   SUNSET   428 PM EST
NOVEMBER 30 2017......SUNRISE   718 AM EST   SUNSET   428 PM EST


-  INDICATES NEGATIVE NUMBERS.
R  INDICATES RECORD WAS SET OR TIED.
MM INDICATES DATA IS MISSING.
T  INDICATES TRACE AMOUNT.




$$
