000
CDUS41 KBUF 212025
CLIART


CLIMATE REPORT
NATIONAL WEATHER SERVICE BUFFALO NY
425 PM EDT TUE JUL 21 2015


...................................

...THE WATERTOWN NY CLIMATE SUMMARY FOR JULY 21 2015...
VALID TODAY AS OF 0400 PM LOCAL TIME.

CLIMATE NORMAL PERIOD 1981 TO 2010
CLIMATE RECORD PERIOD 1949 TO 2015


WEATHER ITEM   OBSERVED TIME   RECORD YEAR NORMAL DEPARTURE LAST
                VALUE   (LST)  VALUE       VALUE  FROM      YEAR
                                                  NORMAL
..................................................................
TEMPERATURE (F)
 TODAY
  MAXIMUM         74    259 PM  94    1994  80     -6       82
  MINIMUM         66    443 AM  45    1966  59      7       61
  AVERAGE         70                        69      1       72

PRECIPITATION (IN)
  TODAY            0.21          1.02 1995   0.09   0.12     0.00
  MONTH TO DATE    1.34                      1.74  -0.40     3.49
  SINCE JUN 1      7.05                      4.59   2.46     6.40
  SINCE JAN 1     14.45                     17.74  -3.29    25.00

DEGREE DAYS
 HEATING
  TODAY            0                         1     -1        0
  MONTH TO DATE   38                        22     16       13
  SINCE JUN 1    154                       129     25       75
  SINCE JUL 1     38                        22     16       13

 COOLING
  TODAY            5                         5      0        7
  MONTH TO DATE   69                        94    -25       98
  SINCE JUN 1    100                       156    -56      210
  SINCE JAN 1    146                       167    -21      233
..................................................................


WIND (MPH)
  HIGHEST WIND SPEED    18   HIGHEST WIND DIRECTION    SW (220)
  HIGHEST GUST SPEED    26   HIGHEST GUST DIRECTION    SW (230)
  AVERAGE WIND SPEED     7.7


SKY COVER
  AVERAGE SKY COVER 0.4


WEATHER CONDITIONS
 THE FOLLOWING WEATHER WAS RECORDED TODAY.
  HEAVY RAIN
  LIGHT RAIN
  FOG
  HAZE


RELATIVE HUMIDITY (PERCENT)
 HIGHEST    84           900 AM
 LOWEST     68          1200 PM
 AVERAGE    76

..........................................................


THE WATERTOWN NY CLIMATE NORMALS FOR TOMORROW
                         NORMAL    RECORD    YEAR
 MAXIMUM TEMPERATURE (F)   80        94      1955
 MINIMUM TEMPERATURE (F)   59        46      1997


SUNRISE AND SUNSET
JULY 21 2015..........SUNRISE   541 AM EDT   SUNSET   840 PM EDT
JULY 22 2015..........SUNRISE   542 AM EDT   SUNSET   839 PM EDT


-  INDICATES NEGATIVE NUMBERS.
R  INDICATES RECORD WAS SET OR TIED.
MM INDICATES DATA IS MISSING.
T  INDICATES TRACE AMOUNT.

$$
