000
CDUS41 KBUF 250705
CLIART


CLIMATE REPORT
NATIONAL WEATHER SERVICE BUFFALO NY
305 AM EDT TUE AUG 25 2015


...................................

...THE WATERTOWN NY CLIMATE SUMMARY FOR AUGUST 24 2015...

CLIMATE NORMAL PERIOD 1981 TO 2010
CLIMATE RECORD PERIOD 1949 TO 2015


WEATHER ITEM   OBSERVED TIME   RECORD YEAR NORMAL DEPARTURE LAST
                VALUE   (LST)  VALUE       VALUE  FROM      YEAR
                                                  NORMAL
..................................................................
TEMPERATURE (F)
 YESTERDAY
  MAXIMUM         76    915 AM  85    2012  77     -1       83
                                      2007
  MINIMUM         57   1035 PM  39    2003  55      2       54
  AVERAGE         67                        66      1       69

PRECIPITATION (IN)
  YESTERDAY        0.01          1.39 1998   0.10  -0.09     0.00
  MONTH TO DATE    2.63                      2.45   0.18     5.10
  SINCE JUN 1      9.93                      7.95   1.98    13.04
  SINCE JAN 1     17.33                     21.10  -3.77    31.64

DEGREE DAYS
 HEATING
  YESTERDAY        0                         2     -2        0
  MONTH TO DATE    7                        29    -22       21
  SINCE JUN 1    161                       162     -1      102
  SINCE JUL 1     45                        55    -10       40

 COOLING
  YESTERDAY        2                         3     -1        4
  MONTH TO DATE   98                        93      5       70
  SINCE JUN 1    252                       294    -42      305
  SINCE JAN 1    298                       305     -7      328
..................................................................


WIND (MPH)
  HIGHEST WIND SPEED    18   HIGHEST WIND DIRECTION    SW (220)
  HIGHEST GUST SPEED    23   HIGHEST GUST DIRECTION    SW (230)
  AVERAGE WIND SPEED     7.0


SKY COVER
  AVERAGE SKY COVER 0.4


WEATHER CONDITIONS
 THE FOLLOWING WEATHER WAS RECORDED YESTERDAY.
  LIGHT RAIN
  FOG


RELATIVE HUMIDITY (PERCENT)
 HIGHEST    93          1200 AM
 LOWEST     49           500 PM
 AVERAGE    71

..........................................................


THE WATERTOWN NY CLIMATE NORMALS FOR TODAY
                         NORMAL    RECORD    YEAR
 MAXIMUM TEMPERATURE (F)   77        90      1975
 MINIMUM TEMPERATURE (F)   55        36      1989


SUNRISE AND SUNSET
AUGUST 25 2015........SUNRISE   619 AM EDT   SUNSET   753 PM EDT
AUGUST 26 2015........SUNRISE   620 AM EDT   SUNSET   751 PM EDT


-  INDICATES NEGATIVE NUMBERS.
R  INDICATES RECORD WAS SET OR TIED.
MM INDICATES DATA IS MISSING.
T  INDICATES TRACE AMOUNT.




$$
