000
CDUS41 KBUF 060706
CLIART


CLIMATE REPORT
NATIONAL WEATHER SERVICE BUFFALO NY
205 AM EST FRI MAR 6 2015


...................................

...THE WATERTOWN NY CLIMATE SUMMARY FOR MARCH 5 2015...

CLIMATE NORMAL PERIOD 1981 TO 2010
CLIMATE RECORD PERIOD 1949 TO 2015


WEATHER ITEM   OBSERVED TIME   RECORD YEAR NORMAL DEPARTURE LAST
                VALUE   (LST)  VALUE       VALUE  FROM      YEAR
                                                  NORMAL
..................................................................
TEMPERATURE (F)
 YESTERDAY
  MAXIMUM         24   1240 AM  67    1976  36    -12       22
  MINIMUM          0   1004 PM -15    2014  16    -16      -15
  AVERAGE         12                        26    -14        4

PRECIPITATION (IN)
  YESTERDAY        0.00          0.92 2011   0.08  -0.08     0.01
  MONTH TO DATE    0.13                      0.38  -0.25     0.03
  SINCE MAR 1      0.13                      0.38  -0.25     0.03
  SINCE JAN 1      3.22                      5.26  -2.04     7.13

DEGREE DAYS
 HEATING
  YESTERDAY       53                        39     14       61
  MONTH TO DATE  243                       198     45      297
  SINCE MAR 1    243                       198     45      297
  SINCE JUL 1   5763                      5639    124     5968

 COOLING
  YESTERDAY        0                         0      0        0
  MONTH TO DATE    0                         0      0        0
  SINCE MAR 1      0                         0      0        0
  SINCE JAN 1      0                         0      0        0
..................................................................


WIND (MPH)
  HIGHEST WIND SPEED    17   HIGHEST WIND DIRECTION     W (270)
  HIGHEST GUST SPEED    22   HIGHEST GUST DIRECTION     W (280)
  AVERAGE WIND SPEED     7.8


SKY COVER
  AVERAGE SKY COVER 0.3


WEATHER CONDITIONS
 THE FOLLOWING WEATHER WAS RECORDED YESTERDAY.
  NO SIGNIFICANT WEATHER WAS OBSERVED.


RELATIVE HUMIDITY (PERCENT)
 HIGHEST    75          1000 PM
 LOWEST     46           100 PM
 AVERAGE    61

..........................................................


THE WATERTOWN NY CLIMATE NORMALS FOR TODAY
                         NORMAL    RECORD    YEAR
 MAXIMUM TEMPERATURE (F)   37        62      1983
 MINIMUM TEMPERATURE (F)   16       -21      2014


SUNRISE AND SUNSET
MARCH  6 2015.........SUNRISE   633 AM EST   SUNSET   559 PM EST
MARCH  7 2015.........SUNRISE   631 AM EST   SUNSET   600 PM EST


-  INDICATES NEGATIVE NUMBERS.
R  INDICATES RECORD WAS SET OR TIED.
MM INDICATES DATA IS MISSING.
T  INDICATES TRACE AMOUNT.




$$
