000
CDUS41 KBUF 302031
CLIART


CLIMATE REPORT
NATIONAL WEATHER SERVICE BUFFALO NY
431 PM EDT TUE AUG 30 2016


...................................

...THE WATERTOWN NY CLIMATE SUMMARY FOR AUGUST 30 2016...
VALID TODAY AS OF 0400 PM LOCAL TIME.

CLIMATE NORMAL PERIOD 1981 TO 2010
CLIMATE RECORD PERIOD 1949 TO 2016


WEATHER ITEM   OBSERVED TIME   RECORD YEAR NORMAL DEPARTURE LAST
                VALUE   (LST)  VALUE       VALUE  FROM      YEAR
                                                  NORMAL
..................................................................
TEMPERATURE (F)
 TODAY
  MAXIMUM         81    205 PM  92    1953  76      5       78
  MINIMUM         50    429 AM  38    1999  54     -4       56
  AVERAGE         66                        65      1       67

PRECIPITATION (IN)
  TODAY            0.00          2.24 2004   0.10  -0.10     0.00
  MONTH TO DATE    2.86                      3.05  -0.19     2.65
  SINCE JUN 1      6.86                      8.55  -1.69     9.95
  SINCE JAN 1     17.86                     21.70  -3.84    17.35

DEGREE DAYS
 HEATING
  TODAY            0                         3     -3        0
  MONTH TO DATE    6                        42    -36       17
  SINCE JUN 1    109                       175    -66      171
  SINCE JUL 1     11                        68    -57       55

 COOLING
  TODAY            1                         2     -1        2
  MONTH TO DATE  232                       109    123      100
  SINCE JUN 1    481                       310    171      254
  SINCE JAN 1    511                       321    190      300
..................................................................


WIND (MPH)
  HIGHEST WIND SPEED    16   HIGHEST WIND DIRECTION     W (250)
  HIGHEST GUST SPEED    23   HIGHEST GUST DIRECTION    SW (220)
  AVERAGE WIND SPEED     5.6


SKY COVER
  AVERAGE SKY COVER 0.0


WEATHER CONDITIONS
 THE FOLLOWING WEATHER WAS RECORDED TODAY.
  NO SIGNIFICANT WEATHER WAS OBSERVED.


RELATIVE HUMIDITY (PERCENT)
 HIGHEST   100          1200 AM
 LOWEST     45           100 PM
 AVERAGE    73

..........................................................


THE WATERTOWN NY CLIMATE NORMALS FOR TOMORROW
                         NORMAL    RECORD    YEAR
 MAXIMUM TEMPERATURE (F)   76        91      1993
 MINIMUM TEMPERATURE (F)   53        34      1976


SUNRISE AND SUNSET
AUGUST 30 2016........SUNRISE   626 AM EDT   SUNSET   743 PM EDT
AUGUST 31 2016........SUNRISE   627 AM EDT   SUNSET   741 PM EDT


-  INDICATES NEGATIVE NUMBERS.
R  INDICATES RECORD WAS SET OR TIED.
MM INDICATES DATA IS MISSING.
T  INDICATES TRACE AMOUNT.




$$
