123
CDUS41 KBUF 281016
CLIART


CLIMATE REPORT
NATIONAL WEATHER SERVICE BUFFALO NY
616 AM EDT WED SEP 28 2016


...................................

...THE WATERTOWN NY CLIMATE SUMMARY FOR SEPTEMBER 27 2016...

CLIMATE NORMAL PERIOD 1981 TO 2010
CLIMATE RECORD PERIOD 1949 TO 2016


WEATHER ITEM   OBSERVED TIME   RECORD YEAR NORMAL DEPARTURE LAST
                VALUE   (LST)  VALUE       VALUE  FROM      YEAR
                                                  NORMAL
..................................................................
TEMPERATURE (F)
 YESTERDAY
  MAXIMUM         70    315 PM  82    2011  66      4       73
  MINIMUM         50   1140 PM  26    1989  45      5       43
  AVERAGE         60                        55      5       58

PRECIPITATION (IN)
  YESTERDAY        0.00          2.13 2002   0.13  -0.13     0.00
  MONTH TO DATE    2.45                      3.31  -0.86     2.71
  SINCE SEP 1      2.45                      3.31  -0.86     2.71
  SINCE JAN 1     21.48                     25.11  -3.63    20.06

DEGREE DAYS
 HEATING
  YESTERDAY        5                        10     -5        7
  MONTH TO DATE  122                       168    -46       80
  SINCE SEP 1    122                       168    -46       80
  SINCE JUL 1    133                       240   -107      135

 COOLING
  YESTERDAY        0                         0      0        0
  MONTH TO DATE   47                        36     11       79
  SINCE SEP 1     47                        36     11       79
  SINCE JAN 1    561                       360    201      385
..................................................................


WIND (MPH)
  HIGHEST WIND SPEED    16   HIGHEST WIND DIRECTION    SW (220)
  HIGHEST GUST SPEED    20   HIGHEST GUST DIRECTION    SW (220)
  AVERAGE WIND SPEED     6.2


SKY COVER
  AVERAGE SKY COVER 0.3


WEATHER CONDITIONS
 THE FOLLOWING WEATHER WAS RECORDED YESTERDAY.
  NO SIGNIFICANT WEATHER WAS OBSERVED.


RELATIVE HUMIDITY (PERCENT)
 HIGHEST    93           200 AM
 LOWEST     37           300 PM
 AVERAGE    65

..........................................................


THE WATERTOWN NY CLIMATE NORMALS FOR TODAY
                         NORMAL    RECORD    YEAR
 MAXIMUM TEMPERATURE (F)   65        85      1959
 MINIMUM TEMPERATURE (F)   44        27      2000


SUNRISE AND SUNSET
SEPTEMBER 28 2016.....SUNRISE   659 AM EDT   SUNSET   650 PM EDT
SEPTEMBER 29 2016.....SUNRISE   700 AM EDT   SUNSET   648 PM EDT


-  INDICATES NEGATIVE NUMBERS.
R  INDICATES RECORD WAS SET OR TIED.
MM INDICATES DATA IS MISSING.
T  INDICATES TRACE AMOUNT.




$$
