907
CDUS41 KBUF 281028
CLIART


CLIMATE REPORT
NATIONAL WEATHER SERVICE BUFFALO NY
628 AM EDT THU APR 28 2016


...................................

...THE WATERTOWN NY CLIMATE SUMMARY FOR APRIL 27 2016...

CLIMATE NORMAL PERIOD 1981 TO 2010
CLIMATE RECORD PERIOD 1949 TO 2016


WEATHER ITEM   OBSERVED TIME   RECORD YEAR NORMAL DEPARTURE LAST
                VALUE   (LST)  VALUE       VALUE  FROM      YEAR
                                                  NORMAL
..................................................................
TEMPERATURE (F)
 YESTERDAY
  MAXIMUM         47    317 PM  85    2009  60    -13       50
  MINIMUM         23    448 AM  19    1972  37    -14       37
  AVERAGE         35                        48    -13       44

PRECIPITATION (IN)
  YESTERDAY        0.00          0.98 1954   0.10  -0.10      T
  MONTH TO DATE    1.14                      2.61  -1.47     1.69
  SINCE MAR 1      3.79                      4.91  -1.12     2.52
  SINCE JAN 1      9.60                      9.79  -0.19     5.61

DEGREE DAYS
 HEATING
  YESTERDAY       30                        17     13       21
  MONTH TO DATE  691                       588    103      581
  SINCE MAR 1   1602                      1654    -52     1762
  SINCE JUL 1   6250                      7095   -845     7282

 COOLING
  YESTERDAY        0                         0      0        0
  MONTH TO DATE    0                         0      0        0
  SINCE MAR 1      0                         0      0        0
  SINCE JAN 1      0                         0      0        0
..................................................................


WIND (MPH)
  HIGHEST WIND SPEED    17   HIGHEST WIND DIRECTION     W (260)
  HIGHEST GUST SPEED    22   HIGHEST GUST DIRECTION     W (270)
  AVERAGE WIND SPEED     6.1


SKY COVER
  AVERAGE SKY COVER 0.0


WEATHER CONDITIONS
 THE FOLLOWING WEATHER WAS RECORDED YESTERDAY.
  FOG


RELATIVE HUMIDITY (PERCENT)
 HIGHEST   100           300 AM
 LOWEST     27          1100 AM
 AVERAGE    64

..........................................................


THE WATERTOWN NY CLIMATE NORMALS FOR TODAY
                         NORMAL    RECORD    YEAR
 MAXIMUM TEMPERATURE (F)   60        89      1990
 MINIMUM TEMPERATURE (F)   38        21      2012


SUNRISE AND SUNSET
APRIL 28 2016.........SUNRISE   559 AM EDT   SUNSET   804 PM EDT
APRIL 29 2016.........SUNRISE   558 AM EDT   SUNSET   806 PM EDT


-  INDICATES NEGATIVE NUMBERS.
R  INDICATES RECORD WAS SET OR TIED.
MM INDICATES DATA IS MISSING.
T  INDICATES TRACE AMOUNT.

$$
