000
CDUS41 KBUF 141026
CLIART


CLIMATE REPORT
NATIONAL WEATHER SERVICE BUFFALO NY
624 AM EDT SUN SEP 14 2014


...................................

...THE WATERTOWN NY CLIMATE SUMMARY FOR SEPTEMBER 13 2014...

CLIMATE NORMAL PERIOD 1981 TO 2010
CLIMATE RECORD PERIOD 1949 TO 2014


WEATHER ITEM   OBSERVED TIME   RECORD YEAR NORMAL DEPARTURE LAST
                VALUE   (LST)  VALUE       VALUE  FROM      YEAR
                                                  NORMAL
..................................................................
TEMPERATURE (F)
 YESTERDAY
  MAXIMUM         58    336 PM  89    1951  72    -14       63
  MINIMUM         40   1211 AM  32    1964  50    -10       50
  AVERAGE         49                        61    -12       57

PRECIPITATION (IN)
  YESTERDAY        0.30          1.32 2006   0.12   0.18     0.01
  MONTH TO DATE    1.04                      1.43  -0.39     1.28
  SINCE SEP 1      1.04                      1.43  -0.39     1.28
  SINCE JAN 1     33.30                     23.23  10.07    23.08

DEGREE DAYS
 HEATING
  YESTERDAY       16                         6     10        8
  MONTH TO DATE   41                        54    -13       52
  SINCE SEP 1     41                        54    -13       52
  SINCE JUL 1     91                       126    -35       95

 COOLING
  YESTERDAY        0                         1     -1        0
  MONTH TO DATE   52                        23     29       48
  SINCE SEP 1     52                        23     29       48
  SINCE JAN 1    412                       347     65      481
..................................................................


WIND (MPH)
  HIGHEST WIND SPEED    21   HIGHEST WIND DIRECTION     W (270)
  HIGHEST GUST SPEED    27   HIGHEST GUST DIRECTION     W (280)
  AVERAGE WIND SPEED     8.2


SKY COVER
  AVERAGE SKY COVER 0.8


WEATHER CONDITIONS
 THE FOLLOWING WEATHER WAS RECORDED YESTERDAY.
  HEAVY RAIN
  RAIN
  LIGHT RAIN


RELATIVE HUMIDITY (PERCENT)
 HIGHEST    86           100 PM
 LOWEST     66           600 PM
 AVERAGE    76

..........................................................


THE WATERTOWN NY CLIMATE NORMALS FOR TODAY
                         NORMAL    RECORD    YEAR
 MAXIMUM TEMPERATURE (F)   71        90      1961
 MINIMUM TEMPERATURE (F)   49        32      1986


SUNRISE AND SUNSET
SEPTEMBER 14 2014.....SUNRISE   642 AM EDT   SUNSET   716 PM EDT
SEPTEMBER 15 2014.....SUNRISE   643 AM EDT   SUNSET   714 PM EDT


-  INDICATES NEGATIVE NUMBERS.
R  INDICATES RECORD WAS SET OR TIED.
MM INDICATES DATA IS MISSING.
T  INDICATES TRACE AMOUNT.




$$
