000
CDUS41 KBUF 220705
CLIART


CLIMATE REPORT
NATIONAL WEATHER SERVICE BUFFALO NY
305 AM EDT TUE JUL 22 2014


...................................

...THE WATERTOWN NY CLIMATE SUMMARY FOR JULY 21 2014...

CLIMATE NORMAL PERIOD 1981 TO 2010
CLIMATE RECORD PERIOD 1949 TO 2014


WEATHER ITEM   OBSERVED TIME   RECORD YEAR NORMAL DEPARTURE LAST
                VALUE   (LST)  VALUE       VALUE  FROM      YEAR
                                                  NORMAL
..................................................................
TEMPERATURE (F)
 YESTERDAY
  MAXIMUM         82    346 PM  94    1994  80      2       77
  MINIMUM         61    516 AM  45    1966  59      2       56
  AVERAGE         72                        69      3       67

PRECIPITATION (IN)
  YESTERDAY        0.00          1.02 1995   0.09  -0.09     0.00
  MONTH TO DATE    3.49                      1.74   1.75     1.72
  SINCE JUN 1      6.40                      4.59   1.81     7.76
  SINCE JAN 1     25.00                     17.74   7.26    18.38

DEGREE DAYS
 HEATING
  YESTERDAY        0                         1     -1        0
  MONTH TO DATE   13                        22     -9        0
  SINCE JUN 1     75                       129    -54      103
  SINCE JUL 1     13                        22     -9        0

 COOLING
  YESTERDAY        7                         5      2        2
  MONTH TO DATE   98                        94      4      204
  SINCE JUN 1    210                       156     54      278
  SINCE JAN 1    233                       167     66      310
..................................................................


WIND (MPH)
  HIGHEST WIND SPEED    14   HIGHEST WIND DIRECTION     W (270)
  HIGHEST GUST SPEED    17   HIGHEST GUST DIRECTION     W (260)
  AVERAGE WIND SPEED     4.2


SKY COVER
  AVERAGE SKY COVER 0.1


WEATHER CONDITIONS
 THE FOLLOWING WEATHER WAS RECORDED YESTERDAY.
  FOG
  HAZE


RELATIVE HUMIDITY (PERCENT)
 HIGHEST    87          1000 PM
 LOWEST     55           200 PM
 AVERAGE    71

..........................................................


THE WATERTOWN NY CLIMATE NORMALS FOR TODAY
                         NORMAL    RECORD    YEAR
 MAXIMUM TEMPERATURE (F)   80        94      1955
 MINIMUM TEMPERATURE (F)   59        46      1997


SUNRISE AND SUNSET
JULY 22 2014..........SUNRISE   542 AM EDT   SUNSET   839 PM EDT
JULY 23 2014..........SUNRISE   543 AM EDT   SUNSET   838 PM EDT


-  INDICATES NEGATIVE NUMBERS.
R  INDICATES RECORD WAS SET OR TIED.
MM INDICATES DATA IS MISSING.
T  INDICATES TRACE AMOUNT.




$$
