297
CDUS41 KBUF 171010
CLIART


CLIMATE REPORT
NATIONAL WEATHER SERVICE BUFFALO NY
609 AM EDT MON APR 17 2017


...................................

...THE WATERTOWN NY CLIMATE SUMMARY FOR APRIL 16 2017...

CLIMATE NORMAL PERIOD 1981 TO 2010
CLIMATE RECORD PERIOD 1949 TO 2017


WEATHER ITEM   OBSERVED TIME   RECORD YEAR NORMAL DEPARTURE LAST
                VALUE   (LST)  VALUE       VALUE  FROM      YEAR
                                                  NORMAL
..................................................................
TEMPERATURE (F)
 YESTERDAY
  MAXIMUM         76    103 PM  86    2012  55     21       67
  MINIMUM         50    937 PM  22    2014  34     16       30
  AVERAGE         63                        44     19       49

PRECIPITATION (IN)
  YESTERDAY        T             1.06 1984   0.10  -0.10     0.00
  MONTH TO DATE    3.03                      1.56   1.47     0.81
  SINCE MAR 1      5.38                      3.86   1.52     3.46
  SINCE JAN 1      9.01                      8.74   0.27     9.27

DEGREE DAYS
 HEATING
  YESTERDAY        2                        21    -19       16
  MONTH TO DATE  295                       385    -90      468
  SINCE MAR 1   1469                      1451     18     1379
  SINCE JUL 1   6080                      6892   -812     6027

 COOLING
  YESTERDAY        0                         0      0        0
  MONTH TO DATE    4                         0      4        0
  SINCE MAR 1      4                         0      4        0
  SINCE JAN 1      4                         0      4        0
..................................................................


WIND (MPH)
  HIGHEST WIND SPEED    25   HIGHEST WIND DIRECTION    SW (240)
  HIGHEST GUST SPEED    38   HIGHEST GUST DIRECTION     W (260)
  AVERAGE WIND SPEED    11.8


SKY COVER
  AVERAGE SKY COVER 0.6


WEATHER CONDITIONS
 THE FOLLOWING WEATHER WAS RECORDED YESTERDAY.
  LIGHT RAIN
  HAZE


RELATIVE HUMIDITY (PERCENT)
 HIGHEST    89           900 PM
 LOWEST     43           100 PM
 AVERAGE    66

..........................................................


THE WATERTOWN NY CLIMATE NORMALS FOR TODAY
                         NORMAL    RECORD    YEAR
 MAXIMUM TEMPERATURE (F)   55        80      1960
 MINIMUM TEMPERATURE (F)   34        19      1980


SUNRISE AND SUNSET
APRIL 17 2017.........SUNRISE   617 AM EDT   SUNSET   751 PM EDT
APRIL 18 2017.........SUNRISE   615 AM EDT   SUNSET   752 PM EDT


-  INDICATES NEGATIVE NUMBERS.
R  INDICATES RECORD WAS SET OR TIED.
MM INDICATES DATA IS MISSING.
T  INDICATES TRACE AMOUNT.




$$
