000
CDUS41 KBUF 080705
CLIART


CLIMATE REPORT
NATIONAL WEATHER SERVICE BUFFALO NY
305 AM EDT SAT JUL 8 2017


...................................

...THE WATERTOWN NY CLIMATE SUMMARY FOR JULY 7 2017...

CLIMATE NORMAL PERIOD 1981 TO 2010
CLIMATE RECORD PERIOD 1949 TO 2017


WEATHER ITEM   OBSERVED TIME   RECORD YEAR NORMAL DEPARTURE LAST
                VALUE   (LST)  VALUE       VALUE  FROM      YEAR
                                                  NORMAL
..................................................................
TEMPERATURE (F)
 YESTERDAY
  MAXIMUM         79    456 PM  99    2008  79      0       86
  MINIMUM         65   1151 PM  41    1990  58      7       66
  AVERAGE         72                        68      4       76

PRECIPITATION (IN)
  YESTERDAY        0.01          0.54 2014   0.08  -0.07      T
  MONTH TO DATE    0.52                      0.58  -0.06     0.01
  SINCE JUN 1      6.70                      3.43   3.27     3.61
  SINCE JAN 1     22.37                     16.58   5.79    14.61

DEGREE DAYS
 HEATING
  YESTERDAY        0                         1     -1        0
  MONTH TO DATE    0                         8     -8        0
  SINCE JUN 1    102                       115    -13       98
  SINCE JUL 1      0                         8     -8        0

 COOLING
  YESTERDAY        7                         4      3       11
  MONTH TO DATE   28                        28      0       29
  SINCE JUN 1    108                        90     18       76
  SINCE JAN 1    127                       101     26      106
..................................................................


WIND (MPH)
  HIGHEST WIND SPEED    17   HIGHEST WIND DIRECTION     W (260)
  HIGHEST GUST SPEED    22   HIGHEST GUST DIRECTION     W (260)
  AVERAGE WIND SPEED     7.4


SKY COVER
  AVERAGE SKY COVER 0.3


WEATHER CONDITIONS
 THE FOLLOWING WEATHER WAS RECORDED YESTERDAY.
  THUNDERSTORM
  LIGHT RAIN
  FOG


RELATIVE HUMIDITY (PERCENT)
 HIGHEST    93           900 PM
 LOWEST     62           100 PM
 AVERAGE    78

..........................................................


THE WATERTOWN NY CLIMATE NORMALS FOR TODAY
                         NORMAL    RECORD    YEAR
 MAXIMUM TEMPERATURE (F)   79        93      1955
 MINIMUM TEMPERATURE (F)   58        38      1969


SUNRISE AND SUNSET
JULY  8 2017..........SUNRISE   530 AM EDT   SUNSET   848 PM EDT
JULY  9 2017..........SUNRISE   531 AM EDT   SUNSET   848 PM EDT


-  INDICATES NEGATIVE NUMBERS.
R  INDICATES RECORD WAS SET OR TIED.
MM INDICATES DATA IS MISSING.
T  INDICATES TRACE AMOUNT.




$$
