000
CDUS41 KBUF 241031
CLIART


CLIMATE REPORT
NATIONAL WEATHER SERVICE BUFFALO NY
629 AM EDT SUN APR 24 2016


...................................

...THE WATERTOWN NY CLIMATE SUMMARY FOR APRIL 23 2016...

CLIMATE NORMAL PERIOD 1981 TO 2010
CLIMATE RECORD PERIOD 1949 TO 2016


WEATHER ITEM   OBSERVED TIME   RECORD YEAR NORMAL DEPARTURE LAST
                VALUE   (LST)  VALUE       VALUE  FROM      YEAR
                                                  NORMAL
..................................................................
TEMPERATURE (F)
 YESTERDAY
  MAXIMUM         55    311 PM  84    2001  58     -3       39
  MINIMUM         27   1158 PM  24    2010  36     -9       33
                                      1989
  AVERAGE         41                        47     -6       36

PRECIPITATION (IN)
  YESTERDAY        0.00          0.74 1996   0.09  -0.09      T
  MONTH TO DATE    0.85                      2.22  -1.37     1.69
  SINCE MAR 1      3.50                      4.52  -1.02     2.52
  SINCE JAN 1      9.31                      9.40  -0.09     5.61

DEGREE DAYS
 HEATING
  YESTERDAY       24                        18      6       29
  MONTH TO DATE  588                       519     69      474
  SINCE MAR 1   1499                      1585    -86     1655
  SINCE JUL 1   6147                      7026   -879     7175

 COOLING
  YESTERDAY        0                         0      0        0
  MONTH TO DATE    0                         0      0        0
  SINCE MAR 1      0                         0      0        0
  SINCE JAN 1      0                         0      0        0
..................................................................


WIND (MPH)
  HIGHEST WIND SPEED    21   HIGHEST WIND DIRECTION     N (10)
  HIGHEST GUST SPEED    26   HIGHEST GUST DIRECTION     N (340)
  AVERAGE WIND SPEED    10.5


SKY COVER
  AVERAGE SKY COVER 0.3


WEATHER CONDITIONS
 THE FOLLOWING WEATHER WAS RECORDED YESTERDAY.
  NO SIGNIFICANT WEATHER WAS OBSERVED.


RELATIVE HUMIDITY (PERCENT)
 HIGHEST    85          1000 PM
 LOWEST     22           400 PM
 AVERAGE    54

..........................................................


THE WATERTOWN NY CLIMATE NORMALS FOR TODAY
                         NORMAL    RECORD    YEAR
 MAXIMUM TEMPERATURE (F)   59        78      1958
 MINIMUM TEMPERATURE (F)   36        18      1972


SUNRISE AND SUNSET
APRIL 24 2016.........SUNRISE   605 AM EDT   SUNSET   800 PM EDT
APRIL 25 2016.........SUNRISE   604 AM EDT   SUNSET   801 PM EDT


-  INDICATES NEGATIVE NUMBERS.
R  INDICATES RECORD WAS SET OR TIED.
MM INDICATES DATA IS MISSING.
T  INDICATES TRACE AMOUNT.




$$
