000
CDUS41 KBUF 240705
CLIART


CLIMATE REPORT
NATIONAL WEATHER SERVICE BUFFALO NY
205 AM EST THU NOV 24 2016


...................................

...THE WATERTOWN NY CLIMATE SUMMARY FOR NOVEMBER 23 2016...

CLIMATE NORMAL PERIOD 1981 TO 2010
CLIMATE RECORD PERIOD 1949 TO 2016


WEATHER ITEM   OBSERVED TIME   RECORD YEAR NORMAL DEPARTURE LAST
                VALUE   (LST)  VALUE       VALUE  FROM      YEAR
                                                  NORMAL
..................................................................
TEMPERATURE (F)
 YESTERDAY
  MAXIMUM         30    421 PM  69    1979  44    -14       35
  MINIMUM         15    742 AM  -2    2000  27    -12       15
  AVERAGE         23                        36    -13       25

PRECIPITATION (IN)
  YESTERDAY        0.00          0.75 1992   0.13  -0.13     0.03
  MONTH TO DATE    1.13                      2.90  -1.77     1.48
  SINCE SEP 1      9.03                     10.27  -1.24     7.61
  SINCE JAN 1     28.06                     32.07  -4.01    24.96

DEGREE DAYS
 HEATING
  YESTERDAY       42                        29     13       40
  MONTH TO DATE  539                       584    -45      458
  SINCE SEP 1   1148                      1308   -160     1113
  SINCE JUL 1   1159                      1380   -221     1168

 COOLING
  YESTERDAY        0                         0      0        0
  MONTH TO DATE    0                         0      0        0
  SINCE SEP 1     52                        38     14       82
  SINCE JAN 1    566                       362    204      388
..................................................................


WIND (MPH)
  HIGHEST WIND SPEED    13   HIGHEST WIND DIRECTION    NW (320)
  HIGHEST GUST SPEED    17   HIGHEST GUST DIRECTION    NW (310)
  AVERAGE WIND SPEED     2.8


SKY COVER
  AVERAGE SKY COVER 0.3


WEATHER CONDITIONS
 THE FOLLOWING WEATHER WAS RECORDED YESTERDAY.
  NO SIGNIFICANT WEATHER WAS OBSERVED.


RELATIVE HUMIDITY (PERCENT)
 HIGHEST    92           800 AM
 LOWEST     69          1200 AM
 AVERAGE    81

..........................................................


THE WATERTOWN NY CLIMATE NORMALS FOR TODAY
                         NORMAL    RECORD    YEAR
 MAXIMUM TEMPERATURE (F)   43        71      2014
 MINIMUM TEMPERATURE (F)   27        -2      2000


SUNRISE AND SUNSET
NOVEMBER 24 2016......SUNRISE   711 AM EST   SUNSET   430 PM EST
NOVEMBER 25 2016......SUNRISE   712 AM EST   SUNSET   430 PM EST


-  INDICATES NEGATIVE NUMBERS.
R  INDICATES RECORD WAS SET OR TIED.
MM INDICATES DATA IS MISSING.
T  INDICATES TRACE AMOUNT.




$$
