000
CDUS41 KBUF 220705
CLIART


CLIMATE REPORT
NATIONAL WEATHER SERVICE BUFFALO NY
305 AM EDT FRI APR 22 2016


...................................

...THE WATERTOWN NY CLIMATE SUMMARY FOR APRIL 21 2016...

CLIMATE NORMAL PERIOD 1981 TO 2010
CLIMATE RECORD PERIOD 1949 TO 2016


WEATHER ITEM   OBSERVED TIME   RECORD YEAR NORMAL DEPARTURE LAST
                VALUE   (LST)  VALUE       VALUE  FROM      YEAR
                                                  NORMAL
..................................................................
TEMPERATURE (F)
 YESTERDAY
  MAXIMUM         74    134 PM  85    1976  57     17       55
  MINIMUM         26    233 AM  22    2013  35     -9       41
                                      1981
  AVERAGE         50                        46      4       48

PRECIPITATION (IN)
  YESTERDAY        0.01          1.14 2000   0.09  -0.08     0.05
  MONTH TO DATE    0.84                      2.03  -1.19     1.65
  SINCE MAR 1      3.49                      4.33  -0.84     2.48
  SINCE JAN 1      9.30                      9.21   0.09     5.57

DEGREE DAYS
 HEATING
  YESTERDAY       15                        19     -4       17
  MONTH TO DATE  554                       483     71      422
  SINCE MAR 1   1465                      1549    -84     1603
  SINCE JUL 1   6113                      6990   -877     7123

 COOLING
  YESTERDAY        0                         0      0        0
  MONTH TO DATE    0                         0      0        0
  SINCE MAR 1      0                         0      0        0
  SINCE JAN 1      0                         0      0        0
..................................................................


WIND (MPH)
  HIGHEST WIND SPEED    15   HIGHEST WIND DIRECTION    SW (230)
  HIGHEST GUST SPEED    20   HIGHEST GUST DIRECTION    SW (210)
  AVERAGE WIND SPEED     6.8


SKY COVER
  AVERAGE SKY COVER 0.4


WEATHER CONDITIONS
 THE FOLLOWING WEATHER WAS RECORDED YESTERDAY.
  LIGHT RAIN


RELATIVE HUMIDITY (PERCENT)
 HIGHEST    92          1200 AM
 LOWEST     19           200 PM
 AVERAGE    56

..........................................................


THE WATERTOWN NY CLIMATE NORMALS FOR TODAY
                         NORMAL    RECORD    YEAR
 MAXIMUM TEMPERATURE (F)   58        79      1973
 MINIMUM TEMPERATURE (F)   36        22      2013


SUNRISE AND SUNSET
APRIL 22 2016.........SUNRISE   609 AM EDT   SUNSET   757 PM EDT
APRIL 23 2016.........SUNRISE   607 AM EDT   SUNSET   758 PM EDT


-  INDICATES NEGATIVE NUMBERS.
R  INDICATES RECORD WAS SET OR TIED.
MM INDICATES DATA IS MISSING.
T  INDICATES TRACE AMOUNT.




$$
