000
CDUS41 KBUF 111013
CLIART


CLIMATE REPORT
NATIONAL WEATHER SERVICE BUFFALO NY
612 AM EDT FRI APR 11 2014


...................................

...THE WATERTOWN NY CLIMATE SUMMARY FOR APRIL 10 2014...

CLIMATE NORMAL PERIOD 1981 TO 2010
CLIMATE RECORD PERIOD 1949 TO 2014


WEATHER ITEM   OBSERVED TIME   RECORD YEAR NORMAL DEPARTURE LAST
                VALUE   (LST)  VALUE       VALUE  FROM      YEAR
                                                  NORMAL
..................................................................
TEMPERATURE (F)
 YESTERDAY
  MAXIMUM         68    509 PM  72    1952  52     16       49
  MINIMUM         34    129 AM  13    1997  31      3       40
  AVERAGE         51                        42      9       45

PRECIPITATION (IN)
  YESTERDAY        0.16          1.68 1961   0.10   0.06     0.19
  MONTH TO DATE    1.75                      0.95   0.80     0.76
  SINCE MAR 1      3.86                      3.25   0.61     1.75
  SINCE JAN 1     10.96                      8.13   2.83     6.05

DEGREE DAYS
 HEATING
  YESTERDAY       14                        23     -9       20
  MONTH TO DATE  255                       254      1      251
  SINCE MAR 1   1560                      1320    240     1259
  SINCE JUL 1   7231                      6761    470     6109

 COOLING
  YESTERDAY        0                         0      0        0
  MONTH TO DATE    0                         0      0        0
  SINCE MAR 1      0                         0      0        0
  SINCE JAN 1      0                         0      0        0
..................................................................


WIND (MPH)
  HIGHEST WIND SPEED    31   HIGHEST WIND DIRECTION     W (260)
  HIGHEST GUST SPEED    40   HIGHEST GUST DIRECTION     W (260)
  AVERAGE WIND SPEED    12.8


SKY COVER
  AVERAGE SKY COVER 0.4


WEATHER CONDITIONS
 THE FOLLOWING WEATHER WAS RECORDED YESTERDAY.
  HEAVY RAIN
  RAIN
  LIGHT RAIN
  FOG


RELATIVE HUMIDITY (PERCENT)
 HIGHEST    83          1100 PM
 LOWEST     24           500 PM
 AVERAGE    54

..........................................................


THE WATERTOWN NY CLIMATE NORMALS FOR TODAY
                         NORMAL    RECORD    YEAR
 MAXIMUM TEMPERATURE (F)   53        77      2011
 MINIMUM TEMPERATURE (F)   32        18      1979


SUNRISE AND SUNSET
APRIL 11 2014.........SUNRISE   628 AM EDT   SUNSET   743 PM EDT
APRIL 12 2014.........SUNRISE   626 AM EDT   SUNSET   744 PM EDT


-  INDICATES NEGATIVE NUMBERS.
R  INDICATES RECORD WAS SET OR TIED.
MM INDICATES DATA IS MISSING.
T  INDICATES TRACE AMOUNT.




$$
