000
CDUS41 KBUF 052123
CLIART


CLIMATE REPORT
NATIONAL WEATHER SERVICE BUFFALO NY
422 PM EST THU JAN 5 2017


...................................

...THE WATERTOWN NY CLIMATE SUMMARY FOR JANUARY 5 2017...
VALID TODAY AS OF 0400 PM LOCAL TIME.

CLIMATE NORMAL PERIOD 1981 TO 2010
CLIMATE RECORD PERIOD 1949 TO 2017


WEATHER ITEM   OBSERVED TIME   RECORD YEAR NORMAL DEPARTURE LAST
                VALUE   (LST)  VALUE       VALUE  FROM      YEAR
                                                  NORMAL
..................................................................
TEMPERATURE (F)
 TODAY
  MAXIMUM         25   1101 AM  56    1993  30     -5       20
  MINIMUM         22    253 PM -27    1996  11     11       -9
  AVERAGE         24                        20      4        6

PRECIPITATION (IN)
  TODAY           MM             0.64 1993   0.10  MM         T
  MONTH TO DATE    0.50                      0.47   0.03     0.20
  SINCE DEC 1      2.69                      3.62  -0.93     2.64
  SINCE JAN 1      0.50                      0.47   0.03     0.20

DEGREE DAYS
 HEATING
  TODAY           41                        45     -4       59
  MONTH TO DATE  168                       221    -53      229
  SINCE DEC 1   1285                      1418   -133     1009
  SINCE JUL 1   2627                      3017   -390     2376

 COOLING
  TODAY            0                         0      0        0
  MONTH TO DATE    0                         0      0        0
  SINCE DEC 1      0                         0      0        0
  SINCE JAN 1      0                         0      0        0
..................................................................


WIND (MPH)
  HIGHEST WIND SPEED    33   HIGHEST WIND DIRECTION     W (260)
  HIGHEST GUST SPEED    46   HIGHEST GUST DIRECTION     W (260)
  AVERAGE WIND SPEED    20.4


SKY COVER
  AVERAGE SKY COVER 1.0


WEATHER CONDITIONS
 THE FOLLOWING WEATHER WAS RECORDED TODAY.
  HEAVY SNOW
  SNOW
  LIGHT SNOW
  FOG
  FOG W/VISIBILITY <= 1/4 MILE
  HAZE


RELATIVE HUMIDITY (PERCENT)
 HIGHEST    96          1200 PM
 LOWEST     55           100 AM
 AVERAGE    76

..........................................................


THE WATERTOWN NY CLIMATE NORMALS FOR TOMORROW
                         NORMAL    RECORD    YEAR
 MAXIMUM TEMPERATURE (F)   30        MM        MM
 MINIMUM TEMPERATURE (F)   11        MM        MM


SUNRISE AND SUNSET
JANUARY  5 2017.......SUNRISE   739 AM EST   SUNSET   441 PM EST
JANUARY  6 2017.......SUNRISE   739 AM EST   SUNSET   442 PM EST


-  INDICATES NEGATIVE NUMBERS.
R  INDICATES RECORD WAS SET OR TIED.
MM INDICATES DATA IS MISSING.
T  INDICATES TRACE AMOUNT.

$$
