000
CDUS41 KBUF 051019
CLIART


CLIMATE REPORT
NATIONAL WEATHER SERVICE BUFFALO NY
518 AM EST SUN NOV 5 2017


...................................

...THE WATERTOWN NY CLIMATE SUMMARY FOR NOVEMBER 4 2017...

CLIMATE NORMAL PERIOD 1981 TO 2010
CLIMATE RECORD PERIOD 1949 TO 2017


WEATHER ITEM   OBSERVED TIME   RECORD YEAR NORMAL DEPARTURE LAST
                VALUE   (LST)  VALUE       VALUE  FROM      YEAR
                                                  NORMAL
..................................................................
TEMPERATURE (F)
 YESTERDAY
  MAXIMUM         47   1159 PM  73    2015  51     -4       47
  MINIMUM         28    656 AM  13    1989  33     -5       30
  AVERAGE         38                        42     -4       39

PRECIPITATION (IN)
  YESTERDAY        0.00          2.90 1950   0.13  -0.13     0.00
  MONTH TO DATE    0.82                      0.51   0.31     0.49
  SINCE SEP 1     13.87                      7.88   5.99     8.39
  SINCE JAN 1     44.60                     29.68  14.92    27.42

DEGREE DAYS
 HEATING
  YESTERDAY       27                        23      4       26
  MONTH TO DATE   77                        89    -12       69
  SINCE SEP 1    541                       813   -272      678
  SINCE JUL 1    611                       885   -274      689

 COOLING
  YESTERDAY        0                         0      0        0
  MONTH TO DATE    0                         0      0        0
  SINCE SEP 1     59                        38     21       52
  SINCE JAN 1    389                       362     27      566
..................................................................


WIND (MPH)
  HIGHEST WIND SPEED    16   HIGHEST WIND DIRECTION    NE (50)
  HIGHEST GUST SPEED    20   HIGHEST GUST DIRECTION    NE (60)
  AVERAGE WIND SPEED     7.1


SKY COVER
  AVERAGE SKY COVER 0.3


WEATHER CONDITIONS
 THE FOLLOWING WEATHER WAS RECORDED YESTERDAY.
  FOG


RELATIVE HUMIDITY (PERCENT)
 HIGHEST   100          1200 AM
 LOWEST     65           200 PM
 AVERAGE    83

..........................................................


THE WATERTOWN NY CLIMATE NORMALS FOR TODAY
                         NORMAL    RECORD    YEAR
 MAXIMUM TEMPERATURE (F)   51        71      2015
                                             1988
 MINIMUM TEMPERATURE (F)   33        18      1965


SUNRISE AND SUNSET
NOVEMBER  5 2017......SUNRISE   646 AM EST   SUNSET   449 PM EST
NOVEMBER  6 2017......SUNRISE   647 AM EST   SUNSET   447 PM EST


-  INDICATES NEGATIVE NUMBERS.
R  INDICATES RECORD WAS SET OR TIED.
MM INDICATES DATA IS MISSING.
T  INDICATES TRACE AMOUNT.




$$
