000
CDUS41 KBUF 200705
CLIART


CLIMATE REPORT
NATIONAL WEATHER SERVICE BUFFALO NY
305 AM EDT THU AUG 20 2015


...................................

...THE WATERTOWN NY CLIMATE SUMMARY FOR AUGUST 19 2015...

CLIMATE NORMAL PERIOD 1981 TO 2010
CLIMATE RECORD PERIOD 1949 TO 2015


WEATHER ITEM   OBSERVED TIME   RECORD YEAR NORMAL DEPARTURE LAST
                VALUE   (LST)  VALUE       VALUE  FROM      YEAR
                                                  NORMAL
..................................................................
TEMPERATURE (F)
 YESTERDAY
  MAXIMUM         88    336 PM  96    1955  78     10       79
  MINIMUM         65   1250 AM  37    1998  56      9       44
  AVERAGE         77                        67     10       62

PRECIPITATION (IN)
  YESTERDAY        T             0.92 1978   0.10  -0.10     0.00
  MONTH TO DATE    1.41                      1.95  -0.54     2.23
  SINCE JUN 1      8.71                      7.45   1.26    10.17
  SINCE JAN 1     16.11                     20.60  -4.49    28.77

DEGREE DAYS
 HEATING
  YESTERDAY        0                         1     -1        3
  MONTH TO DATE    5                        19    -14       21
  SINCE JUN 1    159                       152      7      102
  SINCE JUL 1     43                        45     -2       40

 COOLING
  YESTERDAY       12                         3      9        0
  MONTH TO DATE   83                        78      5       48
  SINCE JUN 1    237                       279    -42      283
  SINCE JAN 1    283                       290     -7      306
..................................................................


WIND (MPH)
  HIGHEST WIND SPEED    16   HIGHEST WIND DIRECTION     S (160)
  HIGHEST GUST SPEED    25   HIGHEST GUST DIRECTION     S (160)
  AVERAGE WIND SPEED     7.5


SKY COVER
  AVERAGE SKY COVER 0.4


WEATHER CONDITIONS
 THE FOLLOWING WEATHER WAS RECORDED YESTERDAY.
  FOG
  HAZE


RELATIVE HUMIDITY (PERCENT)
 HIGHEST    93          1200 AM
 LOWEST     53           300 PM
 AVERAGE    73

..........................................................


THE WATERTOWN NY CLIMATE NORMALS FOR TODAY
                         NORMAL    RECORD    YEAR
 MAXIMUM TEMPERATURE (F)   78        88      2009
                                             1955
 MINIMUM TEMPERATURE (F)   56        39      2000


SUNRISE AND SUNSET
AUGUST 20 2015........SUNRISE   613 AM EDT   SUNSET   801 PM EDT
AUGUST 21 2015........SUNRISE   615 AM EDT   SUNSET   759 PM EDT


-  INDICATES NEGATIVE NUMBERS.
R  INDICATES RECORD WAS SET OR TIED.
MM INDICATES DATA IS MISSING.
T  INDICATES TRACE AMOUNT.




$$
