000
CDUS41 KBUF 122030
CLIART


CLIMATE REPORT
NATIONAL WEATHER SERVICE BUFFALO NY
429 PM EDT SUN OCT 12 2014


...................................

...THE WATERTOWN NY CLIMATE SUMMARY FOR OCTOBER 12 2014...
VALID TODAY AS OF 0400 PM LOCAL TIME.

CLIMATE NORMAL PERIOD 1981 TO 2010
CLIMATE RECORD PERIOD 1949 TO 2014


WEATHER ITEM   OBSERVED TIME   RECORD YEAR NORMAL DEPARTURE LAST
                VALUE   (LST)  VALUE       VALUE  FROM      YEAR
                                                  NORMAL
..................................................................
TEMPERATURE (F)
 TODAY
  MAXIMUM         60    153 PM  78    1954  60      0       77
  MINIMUM         32    646 AM  23    2009  39     -7       36
  AVERAGE         46                        49     -3       57

PRECIPITATION (IN)
  TODAY            0.00          0.67 1970   0.12  -0.12     0.00
  MONTH TO DATE    1.71                      1.52   0.19     1.52
  SINCE SEP 1      3.29                      5.24  -1.95     4.34
  SINCE JAN 1     35.55                     27.04   8.51    26.14

DEGREE DAYS
 HEATING
  TODAY           19                        16      3        8
  MONTH TO DATE  116                       166    -50       97
  SINCE SEP 1    292                       368    -76      328
  SINCE JUL 1    342                       440    -98      371

 COOLING
  TODAY            0                         0      0        0
  MONTH TO DATE    3                         0      3        0
  SINCE SEP 1     59                        35     24       48
  SINCE JAN 1    419                       359     60      481
..................................................................


WIND (MPH)
  HIGHEST WIND SPEED    13   HIGHEST WIND DIRECTION     W (260)
  HIGHEST GUST SPEED    15   HIGHEST GUST DIRECTION     W (260)
  AVERAGE WIND SPEED     3.6


SKY COVER
  AVERAGE SKY COVER 0.0


WEATHER CONDITIONS
 THE FOLLOWING WEATHER WAS RECORDED TODAY.
  FOG
  HAZE


RELATIVE HUMIDITY (PERCENT)
 HIGHEST    89          1200 AM
 LOWEST     36           100 PM
 AVERAGE    63

..........................................................


THE WATERTOWN NY CLIMATE NORMALS FOR TOMORROW
                         NORMAL    RECORD    YEAR
 MAXIMUM TEMPERATURE (F)   59        84      1983
 MINIMUM TEMPERATURE (F)   39        22      2012


SUNRISE AND SUNSET
OCTOBER 12 2014.......SUNRISE   715 AM EDT   SUNSET   625 PM EDT
OCTOBER 13 2014.......SUNRISE   716 AM EDT   SUNSET   624 PM EDT


-  INDICATES NEGATIVE NUMBERS.
R  INDICATES RECORD WAS SET OR TIED.
MM INDICATES DATA IS MISSING.
T  INDICATES TRACE AMOUNT.

$$
