000
CDUS41 KBUF 270705
CLIART


CLIMATE REPORT
NATIONAL WEATHER SERVICE BUFFALO NY
305 AM EDT MON JUL 27 2015


...................................

...THE WATERTOWN NY CLIMATE SUMMARY FOR JULY 26 2015...

CLIMATE NORMAL PERIOD 1981 TO 2010
CLIMATE RECORD PERIOD 1949 TO 2015


WEATHER ITEM   OBSERVED TIME   RECORD YEAR NORMAL DEPARTURE LAST
                VALUE   (LST)  VALUE       VALUE  FROM      YEAR
                                                  NORMAL
..................................................................
TEMPERATURE (F)
 YESTERDAY
  MAXIMUM         79    208 PM  93    1963  80     -1       78
  MINIMUM         59   1154 PM  45    2001  59      0       60
  AVERAGE         69                        69      0       69

PRECIPITATION (IN)
  YESTERDAY        T             1.90 2012   0.09  -0.09      T
  MONTH TO DATE    1.39                      2.19  -0.80     3.68
  SINCE JUN 1      7.10                      5.04   2.06     6.59
  SINCE JAN 1     14.50                     18.19  -3.69    25.19

DEGREE DAYS
 HEATING
  YESTERDAY        0                         1     -1        0
  MONTH TO DATE   38                        27     11       13
  SINCE JUN 1    154                       134     20       75
  SINCE JUL 1     38                        27     11       13

 COOLING
  YESTERDAY        4                         5     -1        4
  MONTH TO DATE   80                       119    -39      115
  SINCE JUN 1    111                       181    -70      227
  SINCE JAN 1    157                       192    -35      250
..................................................................


WIND (MPH)
  HIGHEST WIND SPEED    14   HIGHEST WIND DIRECTION     W (270)
  HIGHEST GUST SPEED    17   HIGHEST GUST DIRECTION     W (260)
  AVERAGE WIND SPEED     5.8


SKY COVER
  AVERAGE SKY COVER 0.3


WEATHER CONDITIONS
 THE FOLLOWING WEATHER WAS RECORDED YESTERDAY.
  LIGHT RAIN
  FOG
  FOG W/VISIBILITY <= 1/4 MILE
  HAZE


RELATIVE HUMIDITY (PERCENT)
 HIGHEST   100           900 PM
 LOWEST     69           300 PM
 AVERAGE    85

..........................................................


THE WATERTOWN NY CLIMATE NORMALS FOR TODAY
                         NORMAL    RECORD    YEAR
 MAXIMUM TEMPERATURE (F)   79        90      1990
 MINIMUM TEMPERATURE (F)   59        39      2001


SUNRISE AND SUNSET
JULY 27 2015..........SUNRISE   547 AM EDT   SUNSET   834 PM EDT
JULY 28 2015..........SUNRISE   548 AM EDT   SUNSET   833 PM EDT


-  INDICATES NEGATIVE NUMBERS.
R  INDICATES RECORD WAS SET OR TIED.
MM INDICATES DATA IS MISSING.
T  INDICATES TRACE AMOUNT.




$$
