000
CDUS41 KBUF 250705
CLIART


CLIMATE REPORT
NATIONAL WEATHER SERVICE BUFFALO NY
305 AM EDT THU JUN 25 2015


...................................

...THE WATERTOWN NY CLIMATE SUMMARY FOR JUNE 24 2015...

CLIMATE NORMAL PERIOD 1981 TO 2010
CLIMATE RECORD PERIOD 1949 TO 2015


WEATHER ITEM   OBSERVED TIME   RECORD YEAR NORMAL DEPARTURE LAST
                VALUE   (LST)  VALUE       VALUE  FROM      YEAR
                                                  NORMAL
..................................................................
TEMPERATURE (F)
 YESTERDAY
  MAXIMUM         69    235 PM  91    1999  77     -8       83
  MINIMUM         55    453 AM  37    1988  55      0       67
  AVERAGE         62                        66     -4       75

PRECIPITATION (IN)
  YESTERDAY        0.00          1.09 2010   0.08  -0.08     0.70
  MONTH TO DATE    4.38                      2.32   2.06     2.47
  SINCE JUN 1      4.38                      2.32   2.06     2.47
  SINCE JAN 1     11.78                     15.47  -3.69    21.07

DEGREE DAYS
 HEATING
  YESTERDAY        3                         2      1        0
  MONTH TO DATE   92                        96     -4       62
  SINCE JUN 1     92                        96     -4       62
  SINCE JUL 1   7637                      7572     65     7923

 COOLING
  YESTERDAY        0                         3     -3       10
  MONTH TO DATE   31                        41    -10       62
  SINCE JUN 1     31                        41    -10       62
  SINCE JAN 1     77                        52     25       85
..................................................................


WIND (MPH)
  HIGHEST WIND SPEED    16   HIGHEST WIND DIRECTION    SW (220)
  HIGHEST GUST SPEED    21   HIGHEST GUST DIRECTION    SW (230)
  AVERAGE WIND SPEED     5.9


SKY COVER
  AVERAGE SKY COVER 0.1


WEATHER CONDITIONS
 THE FOLLOWING WEATHER WAS RECORDED YESTERDAY.
  FOG


RELATIVE HUMIDITY (PERCENT)
 HIGHEST   100           400 AM
 LOWEST     55          1200 PM
 AVERAGE    78

..........................................................


THE WATERTOWN NY CLIMATE NORMALS FOR TODAY
                         NORMAL    RECORD    YEAR
 MAXIMUM TEMPERATURE (F)   77        90      1953
 MINIMUM TEMPERATURE (F)   55        35      1979


SUNRISE AND SUNSET
JUNE 25 2015..........SUNRISE   522 AM EDT   SUNSET   851 PM EDT
JUNE 26 2015..........SUNRISE   523 AM EDT   SUNSET   851 PM EDT


-  INDICATES NEGATIVE NUMBERS.
R  INDICATES RECORD WAS SET OR TIED.
MM INDICATES DATA IS MISSING.
T  INDICATES TRACE AMOUNT.




$$
