000
CDUS41 KBUF 161117
CLIART


CLIMATE REPORT
NATIONAL WEATHER SERVICE BUFFALO NY
716 AM EDT WED APR 16 2014


...................................

...THE WATERTOWN NY CLIMATE SUMMARY FOR APRIL 15 2014...

CLIMATE NORMAL PERIOD 1981 TO 2010
CLIMATE RECORD PERIOD 1949 TO 2014


WEATHER ITEM   OBSERVED TIME   RECORD YEAR NORMAL DEPARTURE LAST
                VALUE   (LST)  VALUE       VALUE  FROM      YEAR
                                                  NORMAL
..................................................................
TEMPERATURE (F)
 YESTERDAY
  MAXIMUM         61    452 AM  85    1994  54      7       67
  MINIMUM         28   1159 PM  17    1992  33     -5       27
  AVERAGE         45                        44      1       47

PRECIPITATION (IN)
  YESTERDAY        0.55          0.83 1984   0.10   0.45     0.00
  MONTH TO DATE    3.26                      1.46   1.80     1.96
  SINCE MAR 1      5.37                      3.76   1.61     2.95
  SINCE JAN 1     12.47                      8.64   3.83     7.25

DEGREE DAYS
 HEATING
  YESTERDAY       20                        21     -1       18
  MONTH TO DATE  320                       364    -44      378
  SINCE MAR 1   1625                      1430    195     1386
  SINCE JUL 1   7296                      6871    425     6236

 COOLING
  YESTERDAY        0                         0      0        0
  MONTH TO DATE    0                         0      0        0
  SINCE MAR 1      0                         0      0        0
  SINCE JAN 1      0                         0      0        0
..................................................................


WIND (MPH)
  HIGHEST WIND SPEED    23   HIGHEST WIND DIRECTION     W (260)
  HIGHEST GUST SPEED    32   HIGHEST GUST DIRECTION     W (270)
  AVERAGE WIND SPEED    11.3


SKY COVER
  AVERAGE SKY COVER 1.0


WEATHER CONDITIONS
 THE FOLLOWING WEATHER WAS RECORDED YESTERDAY.
  RAIN
  LIGHT RAIN
  SNOW
  LIGHT SNOW
  FOG
  FOG W/VISIBILITY <= 1/4 MILE


RELATIVE HUMIDITY (PERCENT)
 HIGHEST    96           700 AM
 LOWEST     58           900 PM
 AVERAGE    77

..........................................................


THE WATERTOWN NY CLIMATE NORMALS FOR TODAY
                         NORMAL    RECORD    YEAR
 MAXIMUM TEMPERATURE (F)   55        86      2012
 MINIMUM TEMPERATURE (F)   34        25      1995


SUNRISE AND SUNSET
APRIL 16 2014.........SUNRISE   619 AM EDT   SUNSET   749 PM EDT
APRIL 17 2014.........SUNRISE   618 AM EDT   SUNSET   750 PM EDT


-  INDICATES NEGATIVE NUMBERS.
R  INDICATES RECORD WAS SET OR TIED.
MM INDICATES DATA IS MISSING.
T  INDICATES TRACE AMOUNT.




$$
