000
CDUS41 KBUF 021023
CLIART


CLIMATE REPORT
NATIONAL WEATHER SERVICE BUFFALO NY
622 AM EDT WED AUG 2 2017


...................................

...THE WATERTOWN NY CLIMATE SUMMARY FOR AUGUST 1 2017...

CLIMATE NORMAL PERIOD 1981 TO 2010
CLIMATE RECORD PERIOD 1949 TO 2017


WEATHER ITEM   OBSERVED TIME   RECORD YEAR NORMAL DEPARTURE LAST
                VALUE   (LST)  VALUE       VALUE  FROM      YEAR
                                                  NORMAL
..................................................................
TEMPERATURE (F)
 YESTERDAY
  MAXIMUM         82    422 PM  91    2006  79      3       83
                                      1955
  MINIMUM         58    503 AM  42    1998  58      0       61
  AVERAGE         70                        69      1       72

PRECIPITATION (IN)
  YESTERDAY        0.00          0.97 1983   0.10  -0.10     0.27
  MONTH TO DATE    0.00                      0.10  -0.10     0.27
  SINCE JUN 1     10.96                      5.60   5.36     4.27
  SINCE JAN 1     26.63                     18.75   7.88    15.27

DEGREE DAYS
 HEATING
  YESTERDAY        0                         1     -1        0
  MONTH TO DATE    0                         1     -1        0
  SINCE JUN 1    113                       134    -21      103
  SINCE JUL 1     11                        27    -16        5

 COOLING
  YESTERDAY        5                         5      0        7
  MONTH TO DATE    5                         5      0        7
  SINCE JUN 1    209                       206      3      256
  SINCE JAN 1    228                       217     11      286
..................................................................


WIND (MPH)
  HIGHEST WIND SPEED    10   HIGHEST WIND DIRECTION     W (270)
  HIGHEST GUST SPEED    13   HIGHEST GUST DIRECTION     W (260)
  AVERAGE WIND SPEED     2.8


SKY COVER
  AVERAGE SKY COVER 0.1


WEATHER CONDITIONS
 THE FOLLOWING WEATHER WAS RECORDED YESTERDAY.
  FOG
  FOG W/VISIBILITY <= 1/4 MILE


RELATIVE HUMIDITY (PERCENT)
 HIGHEST   100          1200 AM
 LOWEST     46           300 PM
 AVERAGE    73

..........................................................


THE WATERTOWN NY CLIMATE NORMALS FOR TODAY
                         NORMAL    RECORD    YEAR
 MAXIMUM TEMPERATURE (F)   79        91      1988
 MINIMUM TEMPERATURE (F)   58        44      1962


SUNRISE AND SUNSET
AUGUST  2 2017........SUNRISE   554 AM EDT   SUNSET   826 PM EDT
AUGUST  3 2017........SUNRISE   555 AM EDT   SUNSET   825 PM EDT


-  INDICATES NEGATIVE NUMBERS.
R  INDICATES RECORD WAS SET OR TIED.
MM INDICATES DATA IS MISSING.
T  INDICATES TRACE AMOUNT.




$$
