000
CDUS41 KBUF 081021
CLIART


CLIMATE REPORT
NATIONAL WEATHER SERVICE BUFFALO NY
620 AM EDT THU JUN 8 2017


...................................

...THE WATERTOWN NY CLIMATE SUMMARY FOR JUNE 7 2017...

CLIMATE NORMAL PERIOD 1981 TO 2010
CLIMATE RECORD PERIOD 1949 TO 2017


WEATHER ITEM   OBSERVED TIME   RECORD YEAR NORMAL DEPARTURE LAST
                VALUE   (LST)  VALUE       VALUE  FROM      YEAR
                                                  NORMAL
..................................................................
TEMPERATURE (F)
 YESTERDAY
  MAXIMUM         68   1203 PM  87    1999  72     -4       68
  MINIMUM         42    427 AM  33    1970  50     -8       55
  AVERAGE         55                        61     -6       62

PRECIPITATION (IN)
  YESTERDAY        0.00          1.23 1996   0.10  -0.10     0.14
  MONTH TO DATE    1.30                      0.72   0.58     1.88
  SINCE JUN 1      1.30                      0.72   0.58     1.88
  SINCE JAN 1     16.97                     13.87   3.10    12.88

DEGREE DAYS
 HEATING
  YESTERDAY       10                         5      5        3
  MONTH TO DATE   69                        40     29        7
  SINCE JUN 1     69                        40     29        7
  SINCE JUL 1   6718                      7516   -798     6647

 COOLING
  YESTERDAY        0                         1     -1        0
  MONTH TO DATE    0                         7     -7        7
  SINCE JUN 1      0                         7     -7        7
  SINCE JAN 1     19                        18      1       37
..................................................................


WIND (MPH)
  HIGHEST WIND SPEED    13   HIGHEST WIND DIRECTION     W (260)
  HIGHEST GUST SPEED    16   HIGHEST GUST DIRECTION     W (260)
  AVERAGE WIND SPEED     4.8


SKY COVER
  AVERAGE SKY COVER 0.2


WEATHER CONDITIONS
 THE FOLLOWING WEATHER WAS RECORDED YESTERDAY.
  FOG
  FOG W/VISIBILITY <= 1/4 MILE


RELATIVE HUMIDITY (PERCENT)
 HIGHEST   100          1200 AM
 LOWEST     58          1100 AM
 AVERAGE    79

..........................................................


THE WATERTOWN NY CLIMATE NORMALS FOR TODAY
                         NORMAL    RECORD    YEAR
 MAXIMUM TEMPERATURE (F)   72        90      2007
 MINIMUM TEMPERATURE (F)   51        33      1988


SUNRISE AND SUNSET
JUNE  8 2017..........SUNRISE   522 AM EDT   SUNSET   845 PM EDT
JUNE  9 2017..........SUNRISE   521 AM EDT   SUNSET   846 PM EDT


-  INDICATES NEGATIVE NUMBERS.
R  INDICATES RECORD WAS SET OR TIED.
MM INDICATES DATA IS MISSING.
T  INDICATES TRACE AMOUNT.




$$
