000
CDUS41 KBUF 100705
CLIART


CLIMATE REPORT
NATIONAL WEATHER SERVICE BUFFALO NY
305 AM EDT THU APR 10 2014


...................................

...THE WATERTOWN NY CLIMATE SUMMARY FOR APRIL 9 2014...

CLIMATE NORMAL PERIOD 1981 TO 2010
CLIMATE RECORD PERIOD 1949 TO 2014


WEATHER ITEM   OBSERVED TIME   RECORD YEAR NORMAL DEPARTURE LAST
                VALUE   (LST)  VALUE       VALUE  FROM      YEAR
                                                  NORMAL
..................................................................
TEMPERATURE (F)
 YESTERDAY
  MAXIMUM         45    145 PM  71    1969  52     -7       58
  MINIMUM         29    540 AM  14    1997  31     -2       40
  AVERAGE         37                        41     -4       49

PRECIPITATION (IN)
  YESTERDAY        0.00          0.96 1980   0.10  -0.10     0.41
  MONTH TO DATE    1.59                      0.85   0.74     0.57
  SINCE MAR 1      3.70                      3.15   0.55     1.56
  SINCE JAN 1     10.80                      8.03   2.77     5.86

DEGREE DAYS
 HEATING
  YESTERDAY       28                        24      4       16
  MONTH TO DATE  241                       231     10      231
  SINCE MAR 1   1546                      1297    249     1239
  SINCE JUL 1   7217                      6738    479     6089

 COOLING
  YESTERDAY        0                         0      0        0
  MONTH TO DATE    0                         0      0        0
  SINCE MAR 1      0                         0      0        0
  SINCE JAN 1      0                         0      0        0
..................................................................


WIND (MPH)
  HIGHEST WIND SPEED    18   HIGHEST WIND DIRECTION     W (260)
  HIGHEST GUST SPEED    25   HIGHEST GUST DIRECTION    NW (320)
  AVERAGE WIND SPEED     8.2


SKY COVER
  AVERAGE SKY COVER 0.3


WEATHER CONDITIONS
 THE FOLLOWING WEATHER WAS RECORDED YESTERDAY.
  NO SIGNIFICANT WEATHER WAS OBSERVED.


RELATIVE HUMIDITY (PERCENT)
 HIGHEST    89           200 AM
 LOWEST     37          1200 PM
 AVERAGE    63

..........................................................


THE WATERTOWN NY CLIMATE NORMALS FOR TODAY
                         NORMAL    RECORD    YEAR
 MAXIMUM TEMPERATURE (F)   52        72      1952
 MINIMUM TEMPERATURE (F)   31        13      1997


SUNRISE AND SUNSET
APRIL 10 2014.........SUNRISE   630 AM EDT   SUNSET   742 PM EDT
APRIL 11 2014.........SUNRISE   628 AM EDT   SUNSET   743 PM EDT


-  INDICATES NEGATIVE NUMBERS.
R  INDICATES RECORD WAS SET OR TIED.
MM INDICATES DATA IS MISSING.
T  INDICATES TRACE AMOUNT.




$$
