000
CDUS41 KBUF 071026
CLIART


CLIMATE REPORT
NATIONAL WEATHER SERVICE BUFFALO NY
625 AM EDT SUN MAY 7 2017


...................................

...THE WATERTOWN NY CLIMATE SUMMARY FOR MAY 6 2017...

CLIMATE NORMAL PERIOD 1981 TO 2010
CLIMATE RECORD PERIOD 1949 TO 2017


WEATHER ITEM   OBSERVED TIME   RECORD YEAR NORMAL DEPARTURE LAST
                VALUE   (LST)  VALUE       VALUE  FROM      YEAR
                                                  NORMAL
..................................................................
TEMPERATURE (F)
 YESTERDAY
  MAXIMUM         58    911 AM  81    1999  63     -5       66
  MINIMUM         43   1159 PM  24    1969  40      3       36
  AVERAGE         51                        52     -1       51

PRECIPITATION (IN)
  YESTERDAY        0.27          0.53 1989   0.10   0.17     0.06
  MONTH TO DATE    3.22                      0.56   2.66     0.81
  SINCE MAR 1      9.64                      5.76   3.88     4.60
  SINCE JAN 1     13.27                     10.64   2.63    10.41

DEGREE DAYS
 HEATING
  YESTERDAY       14                        14      0       14
  MONTH TO DATE   85                        87     -2       92
  SINCE MAR 1   1780                      1789     -9     1760
  SINCE JUL 1   6391                      7230   -839     6408

 COOLING
  YESTERDAY        0                         0      0        0
  MONTH TO DATE    0                         0      0        0
  SINCE MAR 1      7                         1      6        0
  SINCE JAN 1      7                         1      6        0
..................................................................


WIND (MPH)
  HIGHEST WIND SPEED    16   HIGHEST WIND DIRECTION    SW (210)
  HIGHEST GUST SPEED    24   HIGHEST GUST DIRECTION    SW (210)
  AVERAGE WIND SPEED     8.0


SKY COVER
  AVERAGE SKY COVER 1.0


WEATHER CONDITIONS
 THE FOLLOWING WEATHER WAS RECORDED YESTERDAY.
  RAIN
  LIGHT RAIN
  FOG


RELATIVE HUMIDITY (PERCENT)
 HIGHEST   100           100 AM
 LOWEST    100           100 AM
 AVERAGE   100

..........................................................


THE WATERTOWN NY CLIMATE NORMALS FOR TODAY
                         NORMAL    RECORD    YEAR
 MAXIMUM TEMPERATURE (F)   63        81      1960
 MINIMUM TEMPERATURE (F)   41        18      1966


SUNRISE AND SUNSET
MAY  7 2017...........SUNRISE   547 AM EDT   SUNSET   815 PM EDT
MAY  8 2017...........SUNRISE   546 AM EDT   SUNSET   816 PM EDT


-  INDICATES NEGATIVE NUMBERS.
R  INDICATES RECORD WAS SET OR TIED.
MM INDICATES DATA IS MISSING.
T  INDICATES TRACE AMOUNT.




$$
