351
CDUS41 KBUF 090705
CLIART


CLIMATE REPORT
NATIONAL WEATHER SERVICE BUFFALO NY
305 AM EDT WED AUG 9 2017


...................................

...THE WATERTOWN NY CLIMATE SUMMARY FOR AUGUST 8 2017...

CLIMATE NORMAL PERIOD 1981 TO 2010
CLIMATE RECORD PERIOD 1949 TO 2017


WEATHER ITEM   OBSERVED TIME   RECORD YEAR NORMAL DEPARTURE LAST
                VALUE   (LST)  VALUE       VALUE  FROM      YEAR
                                                  NORMAL
..................................................................
TEMPERATURE (F)
 YESTERDAY
  MAXIMUM         74    132 PM  92    1966  79     -5       82
  MINIMUM         58   1244 AM  43    2009  58      0       50
                                      1989
  AVERAGE         66                        68     -2       66

PRECIPITATION (IN)
  YESTERDAY        0.00          4.09 1981   0.10  -0.10     0.00
  MONTH TO DATE    1.23                      0.80   0.43     0.53
  SINCE JUN 1     12.19                      6.30   5.89     4.53
  SINCE JAN 1     27.86                     19.45   8.41    15.53

DEGREE DAYS
 HEATING
  YESTERDAY        0                         1     -1        0
  MONTH TO DATE    4                         8     -4        0
  SINCE JUN 1    117                       141    -24      103
  SINCE JUL 1     15                        34    -19        5

 COOLING
  YESTERDAY        1                         4     -3        1
  MONTH TO DATE   34                        35     -1       68
  SINCE JUN 1    238                       236      2      317
  SINCE JAN 1    257                       247     10      347
..................................................................


WIND (MPH)
  HIGHEST WIND SPEED    16   HIGHEST WIND DIRECTION     W (260)
  HIGHEST GUST SPEED    21   HIGHEST GUST DIRECTION     W (260)
  AVERAGE WIND SPEED     4.8


SKY COVER
  AVERAGE SKY COVER 0.5


WEATHER CONDITIONS
 THE FOLLOWING WEATHER WAS RECORDED YESTERDAY.
  FOG
  FOG W/VISIBILITY <= 1/4 MILE
  HAZE


RELATIVE HUMIDITY (PERCENT)
 HIGHEST   100           100 AM
 LOWEST     64           200 PM
 AVERAGE    82

..........................................................


THE WATERTOWN NY CLIMATE NORMALS FOR TODAY
                         NORMAL    RECORD    YEAR
 MAXIMUM TEMPERATURE (F)   79        95      1966
 MINIMUM TEMPERATURE (F)   58        44      1999


SUNRISE AND SUNSET
AUGUST  9 2017........SUNRISE   601 AM EDT   SUNSET   817 PM EDT
AUGUST 10 2017........SUNRISE   603 AM EDT   SUNSET   815 PM EDT


-  INDICATES NEGATIVE NUMBERS.
R  INDICATES RECORD WAS SET OR TIED.
MM INDICATES DATA IS MISSING.
T  INDICATES TRACE AMOUNT.




$$
