000
CDUS41 KBUF 031049
CLIART


CLIMATE REPORT
NATIONAL WEATHER SERVICE BUFFALO NY
548 AM EST TUE JAN 3 2017


...................................

...THE WATERTOWN NY CLIMATE SUMMARY FOR JANUARY 2 2017...

CLIMATE NORMAL PERIOD 1981 TO 2010
CLIMATE RECORD PERIOD 1949 TO 2017


WEATHER ITEM   OBSERVED TIME   RECORD YEAR NORMAL DEPARTURE LAST
                VALUE   (LST)  VALUE       VALUE  FROM      YEAR
                                                  NORMAL
..................................................................
TEMPERATURE (F)
 YESTERDAY
  MAXIMUM         45    201 PM  55    2000  30     15       35
  MINIMUM         19    400 AM -30    1999  12      7       27
  AVERAGE         32                        21     11       31

PRECIPITATION (IN)
  YESTERDAY        0.00          0.44 2005   0.09  -0.09     0.16
  MONTH TO DATE    0.03                      0.18  -0.15     0.20
  SINCE DEC 1      2.22                      3.33  -1.11     2.64
  SINCE JAN 1      0.03                      0.18  -0.15     0.20

DEGREE DAYS
 HEATING
  YESTERDAY       33                        44    -11       34
  MONTH TO DATE   67                        88    -21       66
  SINCE DEC 1   1184                      1285   -101      846
  SINCE JUL 1   2526                      2884   -358     2213

 COOLING
  YESTERDAY        0                         0      0        0
  MONTH TO DATE    0                         0      0        0
  SINCE DEC 1      0                         0      0        0
  SINCE JAN 1      0                         0      0        0
..................................................................


WIND (MPH)
  HIGHEST WIND SPEED    10   HIGHEST WIND DIRECTION     S (160)
  HIGHEST GUST SPEED    15   HIGHEST GUST DIRECTION     S (160)
  AVERAGE WIND SPEED     3.7


SKY COVER
  AVERAGE SKY COVER 0.4


WEATHER CONDITIONS
 THE FOLLOWING WEATHER WAS RECORDED YESTERDAY.
  FOG
  HAZE


RELATIVE HUMIDITY (PERCENT)
 HIGHEST    92           200 AM
 LOWEST     43          1200 PM
 AVERAGE    68

..........................................................


THE WATERTOWN NY CLIMATE NORMALS FOR TODAY
                         NORMAL    RECORD    YEAR
 MAXIMUM TEMPERATURE (F)   30        58      1950
 MINIMUM TEMPERATURE (F)   11       -27      1981


SUNRISE AND SUNSET
JANUARY  3 2017.......SUNRISE   739 AM EST   SUNSET   439 PM EST
JANUARY  4 2017.......SUNRISE   739 AM EST   SUNSET   440 PM EST


-  INDICATES NEGATIVE NUMBERS.
R  INDICATES RECORD WAS SET OR TIED.
MM INDICATES DATA IS MISSING.
T  INDICATES TRACE AMOUNT.




$$
