000
CDUS41 KBUF 050705
CLIART


CLIMATE REPORT
NATIONAL WEATHER SERVICE BUFFALO NY
205 AM EST FRI JAN 5 2018


...................................

...THE WATERTOWN NY CLIMATE SUMMARY FOR JANUARY 4 2018...

CLIMATE NORMAL PERIOD 1981 TO 2010
CLIMATE RECORD PERIOD 1949 TO 2018


WEATHER ITEM   OBSERVED TIME   RECORD YEAR NORMAL DEPARTURE LAST
                VALUE   (LST)  VALUE       VALUE  FROM      YEAR
                                                  NORMAL
..................................................................
TEMPERATURE (F)
 YESTERDAY
  MAXIMUM         22   1252 AM  61    1950  30     -8       40
  MINIMUM          2   1159 PM -38    1981  11     -9       23
  AVERAGE         12                        21     -9       32

PRECIPITATION (IN)
  YESTERDAY        T             1.16 1994   0.09  -0.09     0.07
  MONTH TO DATE    T                         0.37  -0.37     0.50
  SINCE DEC 1      1.79                      3.52  -1.73     2.69
  SINCE JAN 1      T                         0.37  -0.37     0.50

DEGREE DAYS
 HEATING
  YESTERDAY       53                        44      9       33
  MONTH TO DATE  240                       176     64      127
  SINCE DEC 1   1651                      1373    278     1244
  SINCE JUL 1   3010                      2972     38     2586

 COOLING
  YESTERDAY        0                         0      0        0
  MONTH TO DATE    0                         0      0        0
  SINCE DEC 1      0                         0      0        0
  SINCE JAN 1      0                         0      0        0
..................................................................


WIND (MPH)
  HIGHEST WIND SPEED    21   HIGHEST WIND DIRECTION     N (340)
  HIGHEST GUST SPEED    25   HIGHEST GUST DIRECTION    NW (320)
  AVERAGE WIND SPEED     8.7


SKY COVER
  AVERAGE SKY COVER 1.0


WEATHER CONDITIONS
 THE FOLLOWING WEATHER WAS RECORDED YESTERDAY.
  LIGHT SNOW
  FOG
  HAZE


RELATIVE HUMIDITY (PERCENT)
 HIGHEST    92           800 AM
 LOWEST     47          1200 AM
 AVERAGE    70

..........................................................


THE WATERTOWN NY CLIMATE NORMALS FOR TODAY
                         NORMAL    RECORD    YEAR
 MAXIMUM TEMPERATURE (F)   30        56      1993
 MINIMUM TEMPERATURE (F)   11       -27      1996


SUNRISE AND SUNSET
JANUARY  5 2018.......SUNRISE   739 AM EST   SUNSET   441 PM EST
JANUARY  6 2018.......SUNRISE   739 AM EST   SUNSET   442 PM EST


-  INDICATES NEGATIVE NUMBERS.
R  INDICATES RECORD WAS SET OR TIED.
MM INDICATES DATA IS MISSING.
T  INDICATES TRACE AMOUNT.




$$
