000
CDUS41 KBUF 091017
CLIART


CLIMATE REPORT
NATIONAL WEATHER SERVICE BUFFALO NY
616 AM EDT MON OCT 9 2017


...................................

...THE WATERTOWN NY CLIMATE SUMMARY FOR OCTOBER 8 2017...

CLIMATE NORMAL PERIOD 1981 TO 2010
CLIMATE RECORD PERIOD 1949 TO 2017


WEATHER ITEM   OBSERVED TIME   RECORD YEAR NORMAL DEPARTURE LAST
                VALUE   (LST)  VALUE       VALUE  FROM      YEAR
                                                  NORMAL
..................................................................
TEMPERATURE (F)
 YESTERDAY
  MAXIMUM         73    312 AM  78    1970  61     12       68
  MINIMUM         58   1136 PM  22    1974  41     17       50
  AVERAGE         66                        51     15       59

PRECIPITATION (IN)
  YESTERDAY        0.26          0.80 1998   0.12   0.14     0.42
  MONTH TO DATE    1.67                      1.01   0.66     1.27
  SINCE SEP 1      2.96                      4.73  -1.77     3.72
  SINCE JAN 1     33.69                     26.53   7.16    22.75

DEGREE DAYS
 HEATING
  YESTERDAY        0                        14    -14        6
  MONTH TO DATE   55                       105    -50       47
  SINCE SEP 1    202                       307   -105      191
  SINCE JUL 1    272                       379   -107      202

 COOLING
  YESTERDAY        1                         0      1        0
  MONTH TO DATE    5                         0      5        0
  SINCE SEP 1     58                        35     23       47
  SINCE JAN 1    388                       359     29      561
..................................................................


WIND (MPH)
  HIGHEST WIND SPEED    28   HIGHEST WIND DIRECTION     W (250)
  HIGHEST GUST SPEED    42   HIGHEST GUST DIRECTION     W (260)
  AVERAGE WIND SPEED    11.5


SKY COVER
  AVERAGE SKY COVER 0.5


WEATHER CONDITIONS
 THE FOLLOWING WEATHER WAS RECORDED YESTERDAY.
  HEAVY RAIN
  RAIN
  LIGHT RAIN
  FOG


RELATIVE HUMIDITY (PERCENT)
 HIGHEST   100          1100 PM
 LOWEST     68          1200 AM
 AVERAGE    84

..........................................................


THE WATERTOWN NY CLIMATE NORMALS FOR TODAY
                         NORMAL    RECORD    YEAR
 MAXIMUM TEMPERATURE (F)   61        81      1949
 MINIMUM TEMPERATURE (F)   40        23      1978


SUNRISE AND SUNSET
OCTOBER  9 2017.......SUNRISE   712 AM EDT   SUNSET   630 PM EDT
OCTOBER 10 2017.......SUNRISE   713 AM EDT   SUNSET   628 PM EDT


-  INDICATES NEGATIVE NUMBERS.
R  INDICATES RECORD WAS SET OR TIED.
MM INDICATES DATA IS MISSING.
T  INDICATES TRACE AMOUNT.

$$
