000
CDUS41 KBUF 102125
CLIART


CLIMATE REPORT
NATIONAL WEATHER SERVICE BUFFALO NY
425 PM EST WED DEC 10 2014


...................................

...THE WATERTOWN NY CLIMATE SUMMARY FOR DECEMBER 10 2014...
VALID TODAY AS OF 0400 PM LOCAL TIME.

CLIMATE NORMAL PERIOD 1981 TO 2010
CLIMATE RECORD PERIOD 1949 TO 2014


WEATHER ITEM   OBSERVED TIME   RECORD YEAR NORMAL DEPARTURE LAST
                VALUE   (LST)  VALUE       VALUE  FROM      YEAR
                                                  NORMAL
..................................................................
TEMPERATURE (F)
 TODAY
  MAXIMUM         34    151 AM  57    1952  37     -3       35
  MINIMUM         29    359 PM -15    1968  20      9       24
  AVERAGE         32                        28      4       30

PRECIPITATION (IN)
  TODAY            0.03          2.26 1995   0.12  -0.09      T
  MONTH TO DATE    0.22                      1.11  -0.89     0.22
  SINCE DEC 1      0.22                      1.11  -0.89     0.22
  SINCE JAN 1     40.44                     34.04   6.40    32.56

DEGREE DAYS
 HEATING
  TODAY           33                        37     -4       35
  MONTH TO DATE  340                       347     -7      310
  SINCE DEC 1    340                       347     -7      310
  SINCE JUL 1   1693                      1946   -253     1885

 COOLING
  TODAY            0                         0      0        0
  MONTH TO DATE    0                         0      0        0
  SINCE DEC 1      0                         0      0        0
  SINCE JAN 1    433                       362     71      481
..................................................................


WIND (MPH)
  HIGHEST WIND SPEED    24   HIGHEST WIND DIRECTION     N (340)
  HIGHEST GUST SPEED    32   HIGHEST GUST DIRECTION     N (340)
  AVERAGE WIND SPEED    15.7


SKY COVER
  AVERAGE SKY COVER 1.0


WEATHER CONDITIONS
 THE FOLLOWING WEATHER WAS RECORDED TODAY.
  HEAVY SNOW
  SNOW
  LIGHT SNOW
  HAZE


RELATIVE HUMIDITY (PERCENT)
 HIGHEST    78           400 AM
 LOWEST     69           300 PM
 AVERAGE    74

..........................................................


THE WATERTOWN NY CLIMATE NORMALS FOR TOMORROW
                         NORMAL    RECORD    YEAR
 MAXIMUM TEMPERATURE (F)   36        60      1979
 MINIMUM TEMPERATURE (F)   20       -15      1988


SUNRISE AND SUNSET
DECEMBER 10 2014......SUNRISE   728 AM EST   SUNSET   426 PM EST
DECEMBER 11 2014......SUNRISE   729 AM EST   SUNSET   426 PM EST


-  INDICATES NEGATIVE NUMBERS.
R  INDICATES RECORD WAS SET OR TIED.
MM INDICATES DATA IS MISSING.
T  INDICATES TRACE AMOUNT.




$$
