000
CDUS41 KBUF 171022
CLIART


CLIMATE REPORT
NATIONAL WEATHER SERVICE BUFFALO NY
621 AM EDT SUN MAY 17 2015


...................................

...THE WATERTOWN NY CLIMATE SUMMARY FOR MAY 16 2015...

CLIMATE NORMAL PERIOD 1981 TO 2010
CLIMATE RECORD PERIOD 1949 TO 2015


WEATHER ITEM   OBSERVED TIME   RECORD YEAR NORMAL DEPARTURE LAST
                VALUE   (LST)  VALUE       VALUE  FROM      YEAR
                                                  NORMAL
..................................................................
TEMPERATURE (F)
 YESTERDAY
  MAXIMUM         72   1230 PM  86    1998  66      6       67
  MINIMUM         52   1020 PM  28    1987  43      9       46
  AVERAGE         62                        55      7       57

PRECIPITATION (IN)
  YESTERDAY        T             1.20 1981   0.10  -0.10     0.66
  MONTH TO DATE    0.65                      1.50  -0.85     2.72
  SINCE MAR 1      3.17                      6.70  -3.53    10.76
  SINCE JAN 1      6.26                     11.58  -5.32    17.86

DEGREE DAYS
 HEATING
  YESTERDAY        3                        11     -8        8
  MONTH TO DATE  114                       206    -92      149
  SINCE MAR 1   1922                      1908     14     2073
  SINCE JUL 1   7442                      7349     93     7744

 COOLING
  YESTERDAY        0                         0      0        0
  MONTH TO DATE   17                         0     17       20
  SINCE MAR 1     17                         1     16       20
  SINCE JAN 1     17                         1     16       20
..................................................................


WIND (MPH)
  HIGHEST WIND SPEED    17   HIGHEST WIND DIRECTION     W (260)
  HIGHEST GUST SPEED    21   HIGHEST GUST DIRECTION     W (260)
  AVERAGE WIND SPEED     6.5


SKY COVER
  AVERAGE SKY COVER 0.6


WEATHER CONDITIONS
 THE FOLLOWING WEATHER WAS RECORDED YESTERDAY.
  FOG
  HAZE


RELATIVE HUMIDITY (PERCENT)
 HIGHEST    93           900 PM
 LOWEST     68          1200 PM
 AVERAGE    81

..........................................................


THE WATERTOWN NY CLIMATE NORMALS FOR TODAY
                         NORMAL    RECORD    YEAR
 MAXIMUM TEMPERATURE (F)   66        82      1989
 MINIMUM TEMPERATURE (F)   44        29      1984


SUNRISE AND SUNSET
MAY 17 2015...........SUNRISE   536 AM EDT   SUNSET   825 PM EDT
MAY 18 2015...........SUNRISE   535 AM EDT   SUNSET   826 PM EDT


-  INDICATES NEGATIVE NUMBERS.
R  INDICATES RECORD WAS SET OR TIED.
MM INDICATES DATA IS MISSING.
T  INDICATES TRACE AMOUNT.




$$
