000
CDUS41 KBUF 052122
CLIART


CLIMATE REPORT
NATIONAL WEATHER SERVICE BUFFALO NY
422 PM EST MON FEB 5 2018


...................................

...THE WATERTOWN NY CLIMATE SUMMARY FOR FEBRUARY 5 2018...
VALID TODAY AS OF 0400 PM LOCAL TIME.

CLIMATE NORMAL PERIOD 1981 TO 2010
CLIMATE RECORD PERIOD 1949 TO 2018


WEATHER ITEM   OBSERVED TIME   RECORD YEAR NORMAL DEPARTURE LAST
                VALUE   (LST)  VALUE       VALUE  FROM      YEAR
                                                  NORMAL
..................................................................
TEMPERATURE (F)
 TODAY
  MAXIMUM         34   1233 AM  52    1962  30      4       34
  MINIMUM          8    845 AM -29    2009   9     -1       24
  AVERAGE         21                        19      2       29

PRECIPITATION (IN)
  TODAY            0.02          0.50 2014   0.07  -0.05     0.02
  MONTH TO DATE    0.17                      0.39  -0.22     0.10
  SINCE DEC 1      4.22                      6.20  -1.98     4.07
  SINCE JAN 1      2.43                      3.05  -0.62     1.88

DEGREE DAYS
 HEATING
  TODAY           44                        46     -2       36
  MONTH TO DATE  209                       230    -21      197
  SINCE DEC 1   3066                      2842    224     2486
  SINCE JUL 1   4425                      4441    -16     3828

 COOLING
  TODAY            0                         0      0        0
  MONTH TO DATE    0                         0      0        0
  SINCE DEC 1      0                         0      0        0
  SINCE JAN 1      0                         0      0        0
..................................................................


WIND (MPH)
  HIGHEST WIND SPEED    29   HIGHEST WIND DIRECTION    NW (330)
  HIGHEST GUST SPEED    36   HIGHEST GUST DIRECTION    NW (330)
  AVERAGE WIND SPEED    10.5


SKY COVER
  AVERAGE SKY COVER 0.7


WEATHER CONDITIONS
 THE FOLLOWING WEATHER WAS RECORDED TODAY.
  HEAVY SNOW
  SNOW
  LIGHT SNOW
  FOG
  FOG W/VISIBILITY <= 1/4 MILE
  HAZE


RELATIVE HUMIDITY (PERCENT)
 HIGHEST   100           200 AM
 LOWEST     61           300 PM
 AVERAGE    81

..........................................................


THE WATERTOWN NY CLIMATE NORMALS FOR TOMORROW
                         NORMAL    RECORD    YEAR
 MAXIMUM TEMPERATURE (F)   30        52      2005
 MINIMUM TEMPERATURE (F)    9       -22      2015


SUNRISE AND SUNSET
FEBRUARY  5 2018......SUNRISE   717 AM EST   SUNSET   520 PM EST
FEBRUARY  6 2018......SUNRISE   715 AM EST   SUNSET   521 PM EST


-  INDICATES NEGATIVE NUMBERS.
R  INDICATES RECORD WAS SET OR TIED.
MM INDICATES DATA IS MISSING.
T  INDICATES TRACE AMOUNT.




$$
