000
CDUS41 KBUF 091013
CLIART


CLIMATE REPORT
NATIONAL WEATHER SERVICE BUFFALO NY
612 AM EDT TUE SEP 9 2014


...................................

...THE WATERTOWN NY CLIMATE SUMMARY FOR SEPTEMBER 8 2014...

CLIMATE NORMAL PERIOD 1981 TO 2010
CLIMATE RECORD PERIOD 1949 TO 2014


WEATHER ITEM   OBSERVED TIME   RECORD YEAR NORMAL DEPARTURE LAST
                VALUE   (LST)  VALUE       VALUE  FROM      YEAR
                                                  NORMAL
..................................................................
TEMPERATURE (F)
 YESTERDAY
  MAXIMUM         78    309 PM  88    1964  73      5       68
  MINIMUM         48    541 AM  32    1990  51     -3       41
  AVERAGE         63                        62      1       55

PRECIPITATION (IN)
  YESTERDAY        0.00          1.00 1987   0.10  -0.10     0.01
  MONTH TO DATE    0.46                      0.86  -0.40     0.86
  SINCE SEP 1      0.46                      0.86  -0.40     0.86
  SINCE JAN 1     32.72                     22.66  10.06    22.66

DEGREE DAYS
 HEATING
  YESTERDAY        2                         4     -2       10
  MONTH TO DATE    8                        28    -20       35
  SINCE SEP 1      8                        28    -20       35
  SINCE JUL 1     58                       100    -42       78

 COOLING
  YESTERDAY        0                         2     -2        0
  MONTH TO DATE   46                        16     30       17
  SINCE SEP 1     46                        16     30       17
  SINCE JAN 1    406                       340     66      450
..................................................................


WIND (MPH)
  HIGHEST WIND SPEED    12   HIGHEST WIND DIRECTION     S (200)
  HIGHEST GUST SPEED    17   HIGHEST GUST DIRECTION    SE (140)
  AVERAGE WIND SPEED     5.1


SKY COVER
  AVERAGE SKY COVER 0.0


WEATHER CONDITIONS
 THE FOLLOWING WEATHER WAS RECORDED YESTERDAY.
  FOG
  HAZE


RELATIVE HUMIDITY (PERCENT)
 HIGHEST    89          1200 AM
 LOWEST     40           200 PM
 AVERAGE    65

..........................................................


THE WATERTOWN NY CLIMATE NORMALS FOR TODAY
                         NORMAL    RECORD    YEAR
 MAXIMUM TEMPERATURE (F)   73        91      1959
 MINIMUM TEMPERATURE (F)   51        33      1979


SUNRISE AND SUNSET
SEPTEMBER  9 2014.....SUNRISE   636 AM EDT   SUNSET   726 PM EDT
SEPTEMBER 10 2014.....SUNRISE   638 AM EDT   SUNSET   724 PM EDT


-  INDICATES NEGATIVE NUMBERS.
R  INDICATES RECORD WAS SET OR TIED.
MM INDICATES DATA IS MISSING.
T  INDICATES TRACE AMOUNT.

$$
