000
CDUS41 KBUF 160705
CLIART


CLIMATE REPORT
NATIONAL WEATHER SERVICE BUFFALO NY
205 AM EST THU NOV 16 2017


...................................

...THE WATERTOWN NY CLIMATE SUMMARY FOR NOVEMBER 15 2017...

CLIMATE NORMAL PERIOD 1981 TO 2010
CLIMATE RECORD PERIOD 1949 TO 2017


WEATHER ITEM   OBSERVED TIME   RECORD YEAR NORMAL DEPARTURE LAST
                VALUE   (LST)  VALUE       VALUE  FROM      YEAR
                                                  NORMAL
..................................................................
TEMPERATURE (F)
 YESTERDAY
  MAXIMUM         47    106 PM  66    1990  47      0       58
  MINIMUM         21    647 AM  11    1992  30     -9       31
  AVERAGE         34                        39     -5       45

PRECIPITATION (IN)
  YESTERDAY        T             0.92 1973   0.13  -0.13     0.01
  MONTH TO DATE    1.70                      1.84  -0.14     0.67
  SINCE SEP 1     14.75                      9.21   5.54     8.57
  SINCE JAN 1     45.48                     31.01  14.47    27.60

DEGREE DAYS
 HEATING
  YESTERDAY       31                        26      5       20
  MONTH TO DATE  396                       360     36      323
  SINCE SEP 1    860                      1084   -224      932
  SINCE JUL 1    930                      1156   -226      943

 COOLING
  YESTERDAY        0                         0      0        0
  MONTH TO DATE    0                         0      0        0
  SINCE SEP 1     59                        38     21       52
  SINCE JAN 1    389                       362     27      566
..................................................................


WIND (MPH)
  HIGHEST WIND SPEED    18   HIGHEST WIND DIRECTION     S (170)
  HIGHEST GUST SPEED    30   HIGHEST GUST DIRECTION     S (170)
  AVERAGE WIND SPEED     6.5


SKY COVER
  AVERAGE SKY COVER 0.1


WEATHER CONDITIONS
 THE FOLLOWING WEATHER WAS RECORDED YESTERDAY.
  LIGHT RAIN
  FOG


RELATIVE HUMIDITY (PERCENT)
 HIGHEST   100           200 AM
 LOWEST     49          1200 PM
 AVERAGE    75

..........................................................


THE WATERTOWN NY CLIMATE NORMALS FOR TODAY
                         NORMAL    RECORD    YEAR
 MAXIMUM TEMPERATURE (F)   47        69      2005
 MINIMUM TEMPERATURE (F)   30         5      1972


SUNRISE AND SUNSET
NOVEMBER 16 2017......SUNRISE   701 AM EST   SUNSET   437 PM EST
NOVEMBER 17 2017......SUNRISE   702 AM EST   SUNSET   436 PM EST


-  INDICATES NEGATIVE NUMBERS.
R  INDICATES RECORD WAS SET OR TIED.
MM INDICATES DATA IS MISSING.
T  INDICATES TRACE AMOUNT.




$$
