000
CDUS41 KBUF 021016
CLIART


CLIMATE REPORT
NATIONAL WEATHER SERVICE BUFFALO NY
614 AM EDT WED JUL 2 2014


...................................

...THE WATERTOWN NY CLIMATE SUMMARY FOR JULY 1 2014...

CLIMATE NORMAL PERIOD 1981 TO 2010
CLIMATE RECORD PERIOD 1949 TO 2014


WEATHER ITEM   OBSERVED TIME   RECORD YEAR NORMAL DEPARTURE LAST
                VALUE   (LST)  VALUE       VALUE  FROM      YEAR
                                                  NORMAL
..................................................................
TEMPERATURE (F)
 YESTERDAY
  MAXIMUM         90    154 PM  92    1967  78     12       74
  MINIMUM         74   1159 PM  42    1991  57     17       61
  AVERAGE         82                        67     15       68

PRECIPITATION (IN)
  YESTERDAY        0.03          1.61 1959   0.08  -0.05     0.43
  MONTH TO DATE    0.03                      0.08  -0.05     0.43
  SINCE JUN 1      2.94                      2.93   0.01     6.47
  SINCE JAN 1     21.54                     16.08   5.46    17.09

DEGREE DAYS
 HEATING
  YESTERDAY        0                         2     -2        0
  MONTH TO DATE    0                         2     -2        0
  SINCE JUN 1     62                       109    -47      103
  SINCE JUL 1      0                         2     -2        0

 COOLING
  YESTERDAY       17                         4     13        3
  MONTH TO DATE   17                         4     13        3
  SINCE JUN 1    129                        66     63       77
  SINCE JAN 1    152                        77     75      109
..................................................................


WIND (MPH)
  HIGHEST WIND SPEED    25   HIGHEST WIND DIRECTION    SW (220)
  HIGHEST GUST SPEED    32   HIGHEST GUST DIRECTION     S (200)
  AVERAGE WIND SPEED    10.6


SKY COVER
  AVERAGE SKY COVER 0.3


WEATHER CONDITIONS
 THE FOLLOWING WEATHER WAS RECORDED YESTERDAY.
  THUNDERSTORM
  HEAVY RAIN
  LIGHT RAIN


RELATIVE HUMIDITY (PERCENT)
 HIGHEST    74           500 AM
 LOWEST     47          1200 PM
 AVERAGE    61

..........................................................


THE WATERTOWN NY CLIMATE NORMALS FOR TODAY
                         NORMAL    RECORD    YEAR
 MAXIMUM TEMPERATURE (F)   78        92      1966
 MINIMUM TEMPERATURE (F)   57        33      1962


SUNRISE AND SUNSET
JULY  2 2014..........SUNRISE   526 AM EDT   SUNSET   850 PM EDT
JULY  3 2014..........SUNRISE   526 AM EDT   SUNSET   850 PM EDT


-  INDICATES NEGATIVE NUMBERS.
R  INDICATES RECORD WAS SET OR TIED.
MM INDICATES DATA IS MISSING.
T  INDICATES TRACE AMOUNT.




$$
