000
CDUS41 KBUF 102058
CLIART


CLIMATE REPORT
NATIONAL WEATHER SERVICE BUFFALO NY
454 PM EDT MON APR 10 2017


...................................

...THE WATERTOWN NY CLIMATE SUMMARY FOR APRIL 10 2017...
VALID TODAY AS OF 0400 PM LOCAL TIME.

CLIMATE NORMAL PERIOD 1981 TO 2010
CLIMATE RECORD PERIOD 1949 TO 2017


WEATHER ITEM   OBSERVED TIME   RECORD YEAR NORMAL DEPARTURE LAST
                VALUE   (LST)  VALUE       VALUE  FROM      YEAR
                                                  NORMAL
..................................................................
TEMPERATURE (F)
 TODAY
  MAXIMUM         78R   259 PM  72    1952  52     26       36
  MINIMUM         59    552 AM  12    2016  31     28       12
  AVERAGE         69                        42     27       24

PRECIPITATION (IN)
  TODAY            0.00          1.68 1961   0.10  -0.10      T
  MONTH TO DATE    2.59                      0.95   1.64     0.42
  SINCE MAR 1      4.94                      3.25   1.69     3.07
  SINCE JAN 1      8.57                      8.13   0.44     8.88

DEGREE DAYS
 HEATING
  TODAY            0                        23    -23       41
  MONTH TO DATE  209                       254    -45      331
  SINCE MAR 1   1383                      1320     63     1242
  SINCE JUL 1   5994                      6761   -767     5890

 COOLING
  TODAY            4                         0      4        0
  MONTH TO DATE    4                         0      4        0
  SINCE MAR 1      4                         0      4        0
  SINCE JAN 1      4                         0      4        0
..................................................................


WIND (MPH)
  HIGHEST WIND SPEED    25   HIGHEST WIND DIRECTION    SW (220)
  HIGHEST GUST SPEED    35   HIGHEST GUST DIRECTION    SW (230)
  AVERAGE WIND SPEED    13.3


SKY COVER
  AVERAGE SKY COVER 0.0


WEATHER CONDITIONS
 THE FOLLOWING WEATHER WAS RECORDED TODAY.
  NO SIGNIFICANT WEATHER WAS OBSERVED.


RELATIVE HUMIDITY (PERCENT)
 HIGHEST    35           600 AM
 LOWEST     23          1000 AM
 AVERAGE    29

..........................................................


THE WATERTOWN NY CLIMATE NORMALS FOR TOMORROW
                         NORMAL    RECORD    YEAR
 MAXIMUM TEMPERATURE (F)   53        77      2011
 MINIMUM TEMPERATURE (F)   32        18      1979


SUNRISE AND SUNSET
APRIL 10 2017.........SUNRISE   629 AM EDT   SUNSET   742 PM EDT
APRIL 11 2017.........SUNRISE   627 AM EDT   SUNSET   744 PM EDT


-  INDICATES NEGATIVE NUMBERS.
R  INDICATES RECORD WAS SET OR TIED.
MM INDICATES DATA IS MISSING.
T  INDICATES TRACE AMOUNT.




$$
