032
CDUS41 KBUF 140705
CLIART


CLIMATE REPORT
NATIONAL WEATHER SERVICE BUFFALO NY
205 AM EST SUN JAN 14 2018


...................................

...THE WATERTOWN NY CLIMATE SUMMARY FOR JANUARY 13 2018...

CLIMATE NORMAL PERIOD 1981 TO 2010
CLIMATE RECORD PERIOD 1949 TO 2018


WEATHER ITEM   OBSERVED TIME   RECORD YEAR NORMAL DEPARTURE LAST
                VALUE   (LST)  VALUE       VALUE  FROM      YEAR
                                                  NORMAL
..................................................................
TEMPERATURE (F)
 YESTERDAY
  MAXIMUM         24   1237 PM  62    2013  29     -5       33
                                      2005
  MINIMUM        -12   1152 PM -27    1957   9    -21       11
  AVERAGE          6                        19    -13       22

PRECIPITATION (IN)
  YESTERDAY        0.09          1.48 2012   0.08   0.01      T
  MONTH TO DATE    1.65                      1.19   0.46     1.09
  SINCE DEC 1      3.44                      4.34  -0.90     3.28
  SINCE JAN 1      1.65                      1.19   0.46     1.09

DEGREE DAYS
 HEATING
  YESTERDAY       59                        46     13       43
  MONTH TO DATE  597                       583     14      535
  SINCE DEC 1   2008                      1780    228     1652
  SINCE JUL 1   3367                      3379    -12     2994

 COOLING
  YESTERDAY        0                         0      0        0
  MONTH TO DATE    0                         0      0        0
  SINCE DEC 1      0                         0      0        0
  SINCE JAN 1      0                         0      0        0
..................................................................


WIND (MPH)
  HIGHEST WIND SPEED    25   HIGHEST WIND DIRECTION     N (10)
  HIGHEST GUST SPEED    33   HIGHEST GUST DIRECTION     N (10)
  AVERAGE WIND SPEED    10.0


SKY COVER
  AVERAGE SKY COVER 0.7


WEATHER CONDITIONS
 THE FOLLOWING WEATHER WAS RECORDED YESTERDAY.
  HEAVY SNOW
  SNOW
  LIGHT SNOW
  FOG
  FOG W/VISIBILITY <= 1/4 MILE
  HAZE


RELATIVE HUMIDITY (PERCENT)
 HIGHEST    92           100 AM
 LOWEST     43           200 PM
 AVERAGE    68

..........................................................


THE WATERTOWN NY CLIMATE NORMALS FOR TODAY
                         NORMAL    RECORD    YEAR
 MAXIMUM TEMPERATURE (F)   29        66      1995
 MINIMUM TEMPERATURE (F)    9       -30      1957


SUNRISE AND SUNSET
JANUARY 14 2018.......SUNRISE   736 AM EST   SUNSET   451 PM EST
JANUARY 15 2018.......SUNRISE   735 AM EST   SUNSET   452 PM EST


-  INDICATES NEGATIVE NUMBERS.
R  INDICATES RECORD WAS SET OR TIED.
MM INDICATES DATA IS MISSING.
T  INDICATES TRACE AMOUNT.




$$
