000
CDUS41 KBUF 090705
CLIART


CLIMATE REPORT
NATIONAL WEATHER SERVICE BUFFALO NY
205 AM EST THU MAR 9 2017


...................................

...THE WATERTOWN NY CLIMATE SUMMARY FOR MARCH 8 2017...

CLIMATE NORMAL PERIOD 1981 TO 2010
CLIMATE RECORD PERIOD 1949 TO 2017


WEATHER ITEM   OBSERVED TIME   RECORD YEAR NORMAL DEPARTURE LAST
                VALUE   (LST)  VALUE       VALUE  FROM      YEAR
                                                  NORMAL
..................................................................
TEMPERATURE (F)
 YESTERDAY
  MAXIMUM         51    113 PM  63    2002  37     14       54
  MINIMUM         36    713 AM -18    1999  17     19       31
  AVERAGE         44                        27     17       43

PRECIPITATION (IN)
  YESTERDAY        0.20          1.03 1956   0.07   0.13     0.00
  MONTH TO DATE    0.57                      0.60  -0.03     0.12
  SINCE MAR 1      0.57                      0.60  -0.03     0.12
  SINCE JAN 1      4.20                      5.48  -1.28     5.93

DEGREE DAYS
 HEATING
  YESTERDAY       21                        38    -17       22
  MONTH TO DATE  277                       313    -36      325
  SINCE MAR 1    277                       313    -36      325
  SINCE JUL 1   4888                      5754   -866     4973

 COOLING
  YESTERDAY        0                         0      0        0
  MONTH TO DATE    0                         0      0        0
  SINCE MAR 1      0                         0      0        0
  SINCE JAN 1      0                         0      0        0
..................................................................


WIND (MPH)
  HIGHEST WIND SPEED    32   HIGHEST WIND DIRECTION    SW (230)
  HIGHEST GUST SPEED    50   HIGHEST GUST DIRECTION    SW (240)
  AVERAGE WIND SPEED    14.6


SKY COVER
  AVERAGE SKY COVER 0.5


WEATHER CONDITIONS
 THE FOLLOWING WEATHER WAS RECORDED YESTERDAY.
  RAIN
  LIGHT RAIN
  FOG


RELATIVE HUMIDITY (PERCENT)
 HIGHEST   100           100 AM
 LOWEST     36           200 PM
 AVERAGE    68

..........................................................


THE WATERTOWN NY CLIMATE NORMALS FOR TODAY
                         NORMAL    RECORD    YEAR
 MAXIMUM TEMPERATURE (F)   38        71      2000
 MINIMUM TEMPERATURE (F)   17       -14      1997


SUNRISE AND SUNSET
MARCH  9 2017.........SUNRISE   627 AM EST   SUNSET   603 PM EST
MARCH 10 2017.........SUNRISE   625 AM EST   SUNSET   604 PM EST


-  INDICATES NEGATIVE NUMBERS.
R  INDICATES RECORD WAS SET OR TIED.
MM INDICATES DATA IS MISSING.
T  INDICATES TRACE AMOUNT.




$$
