000
CDUS41 KBUF 190705
CLIART


CLIMATE REPORT
NATIONAL WEATHER SERVICE BUFFALO NY
205 AM EST WED NOV 19 2014


...................................

...THE WATERTOWN NY CLIMATE SUMMARY FOR NOVEMBER 18 2014...

CLIMATE NORMAL PERIOD 1981 TO 2010
CLIMATE RECORD PERIOD 1949 TO 2014


WEATHER ITEM   OBSERVED TIME   RECORD YEAR NORMAL DEPARTURE LAST
                VALUE   (LST)  VALUE       VALUE  FROM      YEAR
                                                  NORMAL
..................................................................
TEMPERATURE (F)
 YESTERDAY
  MAXIMUM         35   1239 AM  71    1958  46    -11       60
  MINIMUM         24    334 PM  12    1972  29     -5       38
  AVERAGE         30                        38     -8       49

PRECIPITATION (IN)
  YESTERDAY        0.77R         0.65 1968   0.13   0.64     0.20
  MONTH TO DATE    1.90                      2.24  -0.34     2.16
  SINCE SEP 1      7.10                      9.61  -2.51     9.55
  SINCE JAN 1     39.36                     31.41   7.95    31.35

DEGREE DAYS
 HEATING
  YESTERDAY       35                        27      8       16
  MONTH TO DATE  412                       441    -29      417
  SINCE SEP 1    951                      1165   -214     1062
  SINCE JUL 1   1001                      1237   -236     1105

 COOLING
  YESTERDAY        0                         0      0        0
  MONTH TO DATE    0                         0      0        0
  SINCE SEP 1     73                        38     35       48
  SINCE JAN 1    433                       362     71      481
..................................................................


WIND (MPH)
  HIGHEST WIND SPEED    40   HIGHEST WIND DIRECTION     W (270)
  HIGHEST GUST SPEED    55   HIGHEST GUST DIRECTION     W (260)
  AVERAGE WIND SPEED    27.5


SKY COVER
  AVERAGE SKY COVER 1.0


WEATHER CONDITIONS
 THE FOLLOWING WEATHER WAS RECORDED YESTERDAY.
  HEAVY SNOW
  SNOW
  LIGHT SNOW
  FOG
  FOG W/VISIBILITY <= 1/4 MILE
  HAZE


RELATIVE HUMIDITY (PERCENT)
 HIGHEST    85          1000 PM
 LOWEST     53           300 AM
 AVERAGE    69

..........................................................


THE WATERTOWN NY CLIMATE NORMALS FOR TODAY
                         NORMAL    RECORD    YEAR
 MAXIMUM TEMPERATURE (F)   46        70      1985
 MINIMUM TEMPERATURE (F)   29        12      1984


SUNRISE AND SUNSET
NOVEMBER 19 2014......SUNRISE   704 AM EST   SUNSET   434 PM EST
NOVEMBER 20 2014......SUNRISE   705 AM EST   SUNSET   434 PM EST


-  INDICATES NEGATIVE NUMBERS.
R  INDICATES RECORD WAS SET OR TIED.
MM INDICATES DATA IS MISSING.
T  INDICATES TRACE AMOUNT.




$$
