000
CDUS41 KBUF 221010
CLIART


CLIMATE REPORT
NATIONAL WEATHER SERVICE BUFFALO NY
610 AM EDT MON JUN 22 2015


...................................

...THE WATERTOWN NY CLIMATE SUMMARY FOR JUNE 21 2015...

CLIMATE NORMAL PERIOD 1981 TO 2010
CLIMATE RECORD PERIOD 1949 TO 2015


WEATHER ITEM   OBSERVED TIME   RECORD YEAR NORMAL DEPARTURE LAST
                VALUE   (LST)  VALUE       VALUE  FROM      YEAR
                                                  NORMAL
..................................................................
TEMPERATURE (F)
 YESTERDAY
  MAXIMUM         77   1246 PM  93    1953  76      1       73
  MINIMUM         64   1159 PM  40    1969  54     10       48
  AVERAGE         71                        65      6       61

PRECIPITATION (IN)
  YESTERDAY        0.01          1.11 1961   0.09  -0.08     0.00
  MONTH TO DATE    2.93                      2.06   0.87     1.77
  SINCE JUN 1      2.93                      2.06   0.87     1.77
  SINCE JAN 1     10.33                     15.21  -4.88    20.37

DEGREE DAYS
 HEATING
  YESTERDAY        0                         2     -2        4
  MONTH TO DATE   89                        90     -1       58
  SINCE JUN 1     89                        90     -1       58
  SINCE JUL 1   7634                      7566     68     7919

 COOLING
  YESTERDAY        6                         3      3        0
  MONTH TO DATE   22                        32    -10       52
  SINCE JUN 1     22                        32    -10       52
  SINCE JAN 1     68                        43     25       75
..................................................................


WIND (MPH)
  HIGHEST WIND SPEED    17   HIGHEST WIND DIRECTION    SW (220)
  HIGHEST GUST SPEED    24   HIGHEST GUST DIRECTION    SW (220)
  AVERAGE WIND SPEED     6.8


SKY COVER
  AVERAGE SKY COVER 0.8


WEATHER CONDITIONS
 THE FOLLOWING WEATHER WAS RECORDED YESTERDAY.
  LIGHT RAIN
  FOG
  HAZE


RELATIVE HUMIDITY (PERCENT)
 HIGHEST    93           100 AM
 LOWEST     68           600 PM
 AVERAGE    81

..........................................................


THE WATERTOWN NY CLIMATE NORMALS FOR TODAY
                         NORMAL    RECORD    YEAR
 MAXIMUM TEMPERATURE (F)   76        89      1957
 MINIMUM TEMPERATURE (F)   55        40      1992


SUNRISE AND SUNSET
JUNE 22 2015..........SUNRISE   522 AM EDT   SUNSET   851 PM EDT
JUNE 23 2015..........SUNRISE   522 AM EDT   SUNSET   851 PM EDT


-  INDICATES NEGATIVE NUMBERS.
R  INDICATES RECORD WAS SET OR TIED.
MM INDICATES DATA IS MISSING.
T  INDICATES TRACE AMOUNT.

$$
