968
CDUS41 KBUF 141013
CLIART


CLIMATE REPORT
NATIONAL WEATHER SERVICE BUFFALO NY
613 AM EDT SUN MAY 14 2017


...................................

...THE WATERTOWN NY CLIMATE SUMMARY FOR MAY 13 2017...

CLIMATE NORMAL PERIOD 1981 TO 2010
CLIMATE RECORD PERIOD 1949 TO 2017


WEATHER ITEM   OBSERVED TIME   RECORD YEAR NORMAL DEPARTURE LAST
                VALUE   (LST)  VALUE       VALUE  FROM      YEAR
                                                  NORMAL
..................................................................
TEMPERATURE (F)
 YESTERDAY
  MAXIMUM         54    431 PM  82    2014  65    -11       71
  MINIMUM         49   1143 PM  22    2005  43      6       48
  AVERAGE         52                        54     -2       60

PRECIPITATION (IN)
  YESTERDAY        0.32          1.51 2002   0.09   0.23     0.24
  MONTH TO DATE    3.88                      1.20   2.68     1.19
  SINCE MAR 1     10.30                      6.40   3.90     4.98
  SINCE JAN 1     13.93                     11.28   2.65    10.79

DEGREE DAYS
 HEATING
  YESTERDAY       13                        11      2        5
  MONTH TO DATE  231                       173     58      188
  SINCE MAR 1   1926                      1875     51     1856
  SINCE JUL 1   6537                      7316   -779     6504

 COOLING
  YESTERDAY        0                         0      0        0
  MONTH TO DATE    0                         0      0        0
  SINCE MAR 1      7                         1      6        0
  SINCE JAN 1      7                         1      6        0
..................................................................


WIND (MPH)
  HIGHEST WIND SPEED     9   HIGHEST WIND DIRECTION    SW (220)
  HIGHEST GUST SPEED    12   HIGHEST GUST DIRECTION    SW (210)
  AVERAGE WIND SPEED     3.2


SKY COVER
  AVERAGE SKY COVER 1.0


WEATHER CONDITIONS
 THE FOLLOWING WEATHER WAS RECORDED YESTERDAY.
  HEAVY RAIN
  RAIN
  LIGHT RAIN
  FOG


RELATIVE HUMIDITY (PERCENT)
 HIGHEST   100           800 AM
 LOWEST     77           600 PM
 AVERAGE    89

..........................................................


THE WATERTOWN NY CLIMATE NORMALS FOR TODAY
                         NORMAL    RECORD    YEAR
 MAXIMUM TEMPERATURE (F)   65        85      1974
 MINIMUM TEMPERATURE (F)   43        27      1965


SUNRISE AND SUNSET
MAY 14 2017...........SUNRISE   539 AM EDT   SUNSET   823 PM EDT
MAY 15 2017...........SUNRISE   538 AM EDT   SUNSET   824 PM EDT


-  INDICATES NEGATIVE NUMBERS.
R  INDICATES RECORD WAS SET OR TIED.
MM INDICATES DATA IS MISSING.
T  INDICATES TRACE AMOUNT.

$$
