000
CDUS41 KBUF 092025
CLIART


CLIMATE REPORT
NATIONAL WEATHER SERVICE BUFFALO NY
424 PM EDT SUN JUL 9 2017


...................................

...THE WATERTOWN NY CLIMATE SUMMARY FOR JULY 9 2017...
VALID TODAY AS OF 0400 PM LOCAL TIME.

CLIMATE NORMAL PERIOD 1981 TO 2010
CLIMATE RECORD PERIOD 1949 TO 2017


WEATHER ITEM   OBSERVED TIME   RECORD YEAR NORMAL DEPARTURE LAST
                VALUE   (LST)  VALUE       VALUE  FROM      YEAR
                                                  NORMAL
..................................................................
TEMPERATURE (F)
 TODAY
  MAXIMUM         76    258 PM  92    1955  79     -3       79
  MINIMUM         54    306 AM  43    1972  58     -4       66
  AVERAGE         65                        68     -3       73

PRECIPITATION (IN)
  TODAY            0.00          1.37 2005   0.08  -0.08     0.00
  MONTH TO DATE    1.16                      0.75   0.41     0.29
  SINCE JUN 1      7.34                      3.60   3.74     3.89
  SINCE JAN 1     23.01                     16.75   6.26    14.89

DEGREE DAYS
 HEATING
  TODAY            0                         1     -1        0
  MONTH TO DATE    0                        10    -10        0
  SINCE JUN 1    102                       117    -15       98
  SINCE JUL 1      0                        10    -10        0

 COOLING
  TODAY            0                         4     -4        8
  MONTH TO DATE   31                        36     -5       46
  SINCE JUN 1    111                        98     13       93
  SINCE JAN 1    130                       109     21      123
..................................................................


WIND (MPH)
  HIGHEST WIND SPEED    20   HIGHEST WIND DIRECTION    SW (210)
  HIGHEST GUST SPEED    27   HIGHEST GUST DIRECTION    SW (220)
  AVERAGE WIND SPEED     8.9


SKY COVER
  AVERAGE SKY COVER 0.4


WEATHER CONDITIONS
 THE FOLLOWING WEATHER WAS RECORDED TODAY.
  NO SIGNIFICANT WEATHER WAS OBSERVED.


RELATIVE HUMIDITY (PERCENT)
 HIGHEST    93           200 AM
 LOWEST     54           300 PM
 AVERAGE    74

..........................................................


THE WATERTOWN NY CLIMATE NORMALS FOR TOMORROW
                         NORMAL    RECORD    YEAR
 MAXIMUM TEMPERATURE (F)   79        92      2007
 MINIMUM TEMPERATURE (F)   58        43      1962


SUNRISE AND SUNSET
JULY  9 2017..........SUNRISE   531 AM EDT   SUNSET   848 PM EDT
JULY 10 2017..........SUNRISE   531 AM EDT   SUNSET   847 PM EDT


-  INDICATES NEGATIVE NUMBERS.
R  INDICATES RECORD WAS SET OR TIED.
MM INDICATES DATA IS MISSING.
T  INDICATES TRACE AMOUNT.

$$
