000
CDUS41 KBUF 060705
CLIART


CLIMATE REPORT
NATIONAL WEATHER SERVICE BUFFALO NY
305 AM EDT WED SEP 6 2017


...................................

...THE WATERTOWN NY CLIMATE SUMMARY FOR SEPTEMBER 5 2017...

CLIMATE NORMAL PERIOD 1981 TO 2010
CLIMATE RECORD PERIOD 1949 TO 2017


WEATHER ITEM   OBSERVED TIME   RECORD YEAR NORMAL DEPARTURE LAST
                VALUE   (LST)  VALUE       VALUE  FROM      YEAR
                                                  NORMAL
..................................................................
TEMPERATURE (F)
 YESTERDAY
  MAXIMUM         68    213 AM  93    1973  74     -6       81
  MINIMUM         54   1159 PM  33    2000  52      2       50
  AVERAGE         61                        63     -2       66

PRECIPITATION (IN)
  YESTERDAY        0.17          2.06 1953   0.11   0.06     0.00
  MONTH TO DATE    1.12                      0.54   0.58     0.00
  SINCE SEP 1      1.12                      0.54   0.58     0.00
  SINCE JAN 1     31.85                     22.34   9.51    19.03

DEGREE DAYS
 HEATING
  YESTERDAY        4                         4      0        0
  MONTH TO DATE   36                        16     20       18
  SINCE SEP 1     36                        16     20       18
  SINCE JUL 1    106                        88     18       29

 COOLING
  YESTERDAY        0                         2     -2        1
  MONTH TO DATE    0                        10    -10        1
  SINCE SEP 1      0                        10    -10        1
  SINCE JAN 1    330                       334     -4      515
..................................................................


WIND (MPH)
  HIGHEST WIND SPEED    21   HIGHEST WIND DIRECTION     S (190)
  HIGHEST GUST SPEED    33   HIGHEST GUST DIRECTION     S (170)
  AVERAGE WIND SPEED     5.9


SKY COVER
  AVERAGE SKY COVER 0.7


WEATHER CONDITIONS
 THE FOLLOWING WEATHER WAS RECORDED YESTERDAY.
  THUNDERSTORM
  RAIN
  LIGHT RAIN
  FOG


RELATIVE HUMIDITY (PERCENT)
 HIGHEST   100           700 PM
 LOWEST     81           200 PM
 AVERAGE    91

..........................................................


THE WATERTOWN NY CLIMATE NORMALS FOR TODAY
                         NORMAL    RECORD    YEAR
 MAXIMUM TEMPERATURE (F)   74        92      1971
 MINIMUM TEMPERATURE (F)   52        32      2000


SUNRISE AND SUNSET
SEPTEMBER  6 2017.....SUNRISE   633 AM EDT   SUNSET   730 PM EDT
SEPTEMBER  7 2017.....SUNRISE   634 AM EDT   SUNSET   729 PM EDT


-  INDICATES NEGATIVE NUMBERS.
R  INDICATES RECORD WAS SET OR TIED.
MM INDICATES DATA IS MISSING.
T  INDICATES TRACE AMOUNT.




$$
