731
CDUS41 KBUF 191015
CLIART


CLIMATE REPORT
NATIONAL WEATHER SERVICE BUFFALO NY
615 AM EDT FRI AUG 19 2016


...................................

...THE WATERTOWN NY CLIMATE SUMMARY FOR AUGUST 18 2016...

CLIMATE NORMAL PERIOD 1981 TO 2010
CLIMATE RECORD PERIOD 1949 TO 2016


WEATHER ITEM   OBSERVED TIME   RECORD YEAR NORMAL DEPARTURE LAST
                VALUE   (LST)  VALUE       VALUE  FROM      YEAR
                                                  NORMAL
..................................................................
TEMPERATURE (F)
 YESTERDAY
  MAXIMUM         84    329 PM  90    2015  78      6       90
  MINIMUM         66    520 AM  41    1989  56     10       62
  AVERAGE         75                        67      8       76

PRECIPITATION (IN)
  YESTERDAY        0.00          1.09 1949   0.11  -0.11      T
  MONTH TO DATE    1.53                      1.85  -0.32     1.41
  SINCE JUN 1      5.53                      7.35  -1.82     8.71
  SINCE JAN 1     16.53                     20.50  -3.97    16.11

DEGREE DAYS
 HEATING
  YESTERDAY        0                         1     -1        0
  MONTH TO DATE    0                        18    -18        5
  SINCE JUN 1    103                       151    -48      159
  SINCE JUL 1      5                        44    -39       43

 COOLING
  YESTERDAY       10                         4      6       11
  MONTH TO DATE  163                        75     88       71
  SINCE JUN 1    412                       276    136      225
  SINCE JAN 1    442                       287    155      271
..................................................................


WIND (MPH)
  HIGHEST WIND SPEED    15   HIGHEST WIND DIRECTION     W (280)
  HIGHEST GUST SPEED    19   HIGHEST GUST DIRECTION    NW (300)
  AVERAGE WIND SPEED     5.8


SKY COVER
  AVERAGE SKY COVER 0.4


WEATHER CONDITIONS
 THE FOLLOWING WEATHER WAS RECORDED YESTERDAY.
  FOG


RELATIVE HUMIDITY (PERCENT)
 HIGHEST    93          1000 PM
 LOWEST     55           200 PM
 AVERAGE    74

..........................................................


THE WATERTOWN NY CLIMATE NORMALS FOR TODAY
                         NORMAL    RECORD    YEAR
 MAXIMUM TEMPERATURE (F)   78        96      1955
 MINIMUM TEMPERATURE (F)   56        37      1998


SUNRISE AND SUNSET
AUGUST 19 2016........SUNRISE   613 AM EDT   SUNSET   801 PM EDT
AUGUST 20 2016........SUNRISE   614 AM EDT   SUNSET   800 PM EDT


-  INDICATES NEGATIVE NUMBERS.
R  INDICATES RECORD WAS SET OR TIED.
MM INDICATES DATA IS MISSING.
T  INDICATES TRACE AMOUNT.




$$
