482
CDUS41 KBUF 101026
CLIART


CLIMATE REPORT
NATIONAL WEATHER SERVICE BUFFALO NY
525 AM EST WED JAN 10 2018


...................................

...THE WATERTOWN NY CLIMATE SUMMARY FOR JANUARY 9 2018...

CLIMATE NORMAL PERIOD 1981 TO 2010
CLIMATE RECORD PERIOD 1949 TO 2018


WEATHER ITEM   OBSERVED TIME   RECORD YEAR NORMAL DEPARTURE LAST
                VALUE   (LST)  VALUE       VALUE  FROM      YEAR
                                                  NORMAL
..................................................................
TEMPERATURE (F)
 YESTERDAY
  MAXIMUM         34    206 AM  62    2008  30      4       21
  MINIMUM          8   1159 PM -36    1968  10     -2      -18
  AVERAGE         21                        20      1        2

PRECIPITATION (IN)
  YESTERDAY        T             0.49 1998   0.09  -0.09      T
  MONTH TO DATE    0.26                      0.84  -0.58     0.86
  SINCE DEC 1      2.05                      3.99  -1.94     3.05
  SINCE JAN 1      0.26                      0.84  -0.58     0.86

DEGREE DAYS
 HEATING
  YESTERDAY       44                        45     -1       63
  MONTH TO DATE  454                       401     53      413
  SINCE DEC 1   1865                      1598    267     1530
  SINCE JUL 1   3224                      3197     27     2872

 COOLING
  YESTERDAY        0                         0      0        0
  MONTH TO DATE    0                         0      0        0
  SINCE DEC 1      0                         0      0        0
  SINCE JAN 1      0                         0      0        0
..................................................................


WIND (MPH)
  HIGHEST WIND SPEED    23   HIGHEST WIND DIRECTION     W (280)
  HIGHEST GUST SPEED    28   HIGHEST GUST DIRECTION     W (280)
  AVERAGE WIND SPEED     9.5


SKY COVER
  AVERAGE SKY COVER 0.7


WEATHER CONDITIONS
 THE FOLLOWING WEATHER WAS RECORDED YESTERDAY.
  LIGHT SNOW
  FOG


RELATIVE HUMIDITY (PERCENT)
 HIGHEST   100          1200 AM
 LOWEST     63           700 PM
 AVERAGE    82

..........................................................


THE WATERTOWN NY CLIMATE NORMALS FOR TODAY
                         NORMAL    RECORD    YEAR
 MAXIMUM TEMPERATURE (F)   29        53      1950
 MINIMUM TEMPERATURE (F)   10       -29      1994


SUNRISE AND SUNSET
JANUARY 10 2018.......SUNRISE   738 AM EST   SUNSET   446 PM EST
JANUARY 11 2018.......SUNRISE   737 AM EST   SUNSET   447 PM EST


-  INDICATES NEGATIVE NUMBERS.
R  INDICATES RECORD WAS SET OR TIED.
MM INDICATES DATA IS MISSING.
T  INDICATES TRACE AMOUNT.




$$
