000
CDUS41 KBUF 150705
CLIART


CLIMATE REPORT
NATIONAL WEATHER SERVICE BUFFALO NY
305 AM EDT WED OCT 15 2014


...................................

...THE WATERTOWN NY CLIMATE SUMMARY FOR OCTOBER 14 2014...

CLIMATE NORMAL PERIOD 1981 TO 2010
CLIMATE RECORD PERIOD 1949 TO 2014


WEATHER ITEM   OBSERVED TIME   RECORD YEAR NORMAL DEPARTURE LAST
                VALUE   (LST)  VALUE       VALUE  FROM      YEAR
                                                  NORMAL
..................................................................
TEMPERATURE (F)
 YESTERDAY
  MAXIMUM         83R   200 PM  82    1954  59     24       64
  MINIMUM         60    125 AM  22    1991  39     21       41
  AVERAGE         72                        49     23       53

PRECIPITATION (IN)
  YESTERDAY        0.00          1.08 1982   0.12  -0.12     0.19
  MONTH TO DATE    1.71                      1.76  -0.05     1.77
  SINCE SEP 1      3.29                      5.48  -2.19     4.59
  SINCE JAN 1     35.55                     27.28   8.27    26.39

DEGREE DAYS
 HEATING
  YESTERDAY        0                        16    -16       12
  MONTH TO DATE  130                       198    -68      114
  SINCE SEP 1    306                       400    -94      345
  SINCE JUL 1    356                       472   -116      388

 COOLING
  YESTERDAY        7                         0      7        0
  MONTH TO DATE   10                         0     10        0
  SINCE SEP 1     66                        35     31       48
  SINCE JAN 1    426                       359     67      481
..................................................................


WIND (MPH)
  HIGHEST WIND SPEED    24   HIGHEST WIND DIRECTION     S (200)
  HIGHEST GUST SPEED    36   HIGHEST GUST DIRECTION     S (200)
  AVERAGE WIND SPEED    11.6


SKY COVER
  AVERAGE SKY COVER 0.2


WEATHER CONDITIONS
 THE FOLLOWING WEATHER WAS RECORDED YESTERDAY.
  NO SIGNIFICANT WEATHER WAS OBSERVED.


RELATIVE HUMIDITY (PERCENT)
 HIGHEST    73           300 AM
 LOWEST     40           200 PM
 AVERAGE    57

..........................................................


THE WATERTOWN NY CLIMATE NORMALS FOR TODAY
                         NORMAL    RECORD    YEAR
 MAXIMUM TEMPERATURE (F)   58        78      1954
 MINIMUM TEMPERATURE (F)   38        19      1996


SUNRISE AND SUNSET
OCTOBER 15 2014.......SUNRISE   719 AM EDT   SUNSET   620 PM EDT
OCTOBER 16 2014.......SUNRISE   720 AM EDT   SUNSET   619 PM EDT


-  INDICATES NEGATIVE NUMBERS.
R  INDICATES RECORD WAS SET OR TIED.
MM INDICATES DATA IS MISSING.
T  INDICATES TRACE AMOUNT.




$$
