000
CDUS41 KBUF 121031
CLIART


CLIMATE REPORT
NATIONAL WEATHER SERVICE BUFFALO NY
528 AM EST SUN NOV 12 2017


...................................

...THE WATERTOWN NY CLIMATE SUMMARY FOR NOVEMBER 11 2017...

CLIMATE NORMAL PERIOD 1981 TO 2010
CLIMATE RECORD PERIOD 1949 TO 2017


WEATHER ITEM   OBSERVED TIME   RECORD YEAR NORMAL DEPARTURE LAST
                VALUE   (LST)  VALUE       VALUE  FROM      YEAR
                                                  NORMAL
..................................................................
TEMPERATURE (F)
 YESTERDAY
  MAXIMUM         31    325 PM  70    2012  49    -18       55
  MINIMUM         12R   317 AM  12    2017  31    -19       29
  AVERAGE         22                        40    -18       42

PRECIPITATION (IN)
  YESTERDAY        0.00          0.73 2006   0.11  -0.11      T
  MONTH TO DATE    1.69                      1.34   0.35     0.66
  SINCE SEP 1     14.74                      8.71   6.03     8.56
  SINCE JAN 1     45.47                     30.51  14.96    27.59

DEGREE DAYS
 HEATING
  YESTERDAY       43                        25     18       23
  MONTH TO DATE  273                       257     16      229
  SINCE SEP 1    737                       981   -244      838
  SINCE JUL 1    807                      1053   -246      849

 COOLING
  YESTERDAY        0                         0      0        0
  MONTH TO DATE    0                         0      0        0
  SINCE SEP 1     59                        38     21       52
  SINCE JAN 1    389                       362     27      566
..................................................................


WIND (MPH)
  HIGHEST WIND SPEED     9   HIGHEST WIND DIRECTION    NE (60)
  HIGHEST GUST SPEED    12   HIGHEST GUST DIRECTION    NE (60)
  AVERAGE WIND SPEED     3.1


SKY COVER
  AVERAGE SKY COVER 0.0


WEATHER CONDITIONS
 THE FOLLOWING WEATHER WAS RECORDED YESTERDAY.
  NO SIGNIFICANT WEATHER WAS OBSERVED.


RELATIVE HUMIDITY (PERCENT)
 HIGHEST    92           200 AM
 LOWEST     47           200 PM
 AVERAGE    70

..........................................................


THE WATERTOWN NY CLIMATE NORMALS FOR TODAY
                         NORMAL    RECORD    YEAR
 MAXIMUM TEMPERATURE (F)   48        70      2012
                                             1964
 MINIMUM TEMPERATURE (F)   31        15      1997


SUNRISE AND SUNSET
NOVEMBER 12 2017......SUNRISE   655 AM EST   SUNSET   441 PM EST
NOVEMBER 13 2017......SUNRISE   657 AM EST   SUNSET   440 PM EST


-  INDICATES NEGATIVE NUMBERS.
R  INDICATES RECORD WAS SET OR TIED.
MM INDICATES DATA IS MISSING.
T  INDICATES TRACE AMOUNT.




$$
