000
CDUS41 KBUF 290706
CLIART


CLIMATE REPORT
NATIONAL WEATHER SERVICE BUFFALO NY
305 AM EDT MON AUG 29 2016


...................................

...THE WATERTOWN NY CLIMATE SUMMARY FOR AUGUST 28 2016...

CLIMATE NORMAL PERIOD 1981 TO 2010
CLIMATE RECORD PERIOD 1949 TO 2016


WEATHER ITEM   OBSERVED TIME   RECORD YEAR NORMAL DEPARTURE LAST
                VALUE   (LST)  VALUE       VALUE  FROM      YEAR
                                                  NORMAL
..................................................................
TEMPERATURE (F)
 YESTERDAY
  MAXIMUM         85    323 PM  90    1973  77      8       72
  MINIMUM         64   1221 AM  38    1982  54     10       51
  AVERAGE         75                        65     10       62

PRECIPITATION (IN)
  YESTERDAY        T             2.15 1971   0.10  -0.10     0.00
  MONTH TO DATE    2.86                      2.85   0.01     2.65
  SINCE JUN 1      6.86                      8.35  -1.49     9.95
  SINCE JAN 1     17.86                     21.50  -3.64    17.35

DEGREE DAYS
 HEATING
  YESTERDAY        0                         2     -2        3
  MONTH TO DATE    6                        37    -31       15
  SINCE JUN 1    109                       170    -61      169
  SINCE JUL 1     11                        63    -52       53

 COOLING
  YESTERDAY       10                         3      7        0
  MONTH TO DATE  230                       105    125       98
  SINCE JUN 1    479                       306    173      252
  SINCE JAN 1    509                       317    192      298
..................................................................


WIND (MPH)
  HIGHEST WIND SPEED    18   HIGHEST WIND DIRECTION    SW (230)
  HIGHEST GUST SPEED    26   HIGHEST GUST DIRECTION    SW (220)
  AVERAGE WIND SPEED     7.1


SKY COVER
  AVERAGE SKY COVER 0.3


WEATHER CONDITIONS
 THE FOLLOWING WEATHER WAS RECORDED YESTERDAY.
  LIGHT RAIN


RELATIVE HUMIDITY (PERCENT)
 HIGHEST    93           100 AM
 LOWEST     55          1100 AM
 AVERAGE    74

..........................................................


THE WATERTOWN NY CLIMATE NORMALS FOR TODAY
                         NORMAL    RECORD    YEAR
 MAXIMUM TEMPERATURE (F)   76        89      1953
 MINIMUM TEMPERATURE (F)   54        34      1982


SUNRISE AND SUNSET
AUGUST 29 2016........SUNRISE   624 AM EDT   SUNSET   744 PM EDT
AUGUST 30 2016........SUNRISE   626 AM EDT   SUNSET   743 PM EDT


-  INDICATES NEGATIVE NUMBERS.
R  INDICATES RECORD WAS SET OR TIED.
MM INDICATES DATA IS MISSING.
T  INDICATES TRACE AMOUNT.




$$
