000
CDUS41 KBUF 281015
CLIART


CLIMATE REPORT
NATIONAL WEATHER SERVICE BUFFALO NY
615 AM EDT SAT MAR 28 2015


...................................

...THE WATERTOWN NY CLIMATE SUMMARY FOR MARCH 27 2015...

CLIMATE NORMAL PERIOD 1981 TO 2010
CLIMATE RECORD PERIOD 1949 TO 2015


WEATHER ITEM   OBSERVED TIME   RECORD YEAR NORMAL DEPARTURE LAST
                VALUE   (LST)  VALUE       VALUE  FROM      YEAR
                                                  NORMAL
..................................................................
TEMPERATURE (F)
 YESTERDAY
  MAXIMUM         36   1021 AM  75    1976  45     -9       41
  MINIMUM         21   1151 PM   6    1990  25     -4        9
  AVERAGE         29                        35     -6       25

PRECIPITATION (IN)
  YESTERDAY        0.01          0.69 1992   0.07  -0.06     0.00
  MONTH TO DATE    0.81                      1.99  -1.18     1.19
  SINCE MAR 1      0.81                      1.99  -1.18     1.19
  SINCE JAN 1      3.90                      6.87  -2.97     8.29

DEGREE DAYS
 HEATING
  YESTERDAY       36                        30      6       40
  MONTH TO DATE 1038                       953     85     1191
  SINCE MAR 1   1038                       953     85     1191
  SINCE JUL 1   6558                      6394    164     6862

 COOLING
  YESTERDAY        0                         0      0        0
  MONTH TO DATE    0                         0      0        0
  SINCE MAR 1      0                         0      0        0
  SINCE JAN 1      0                         0      0        0
..................................................................


WIND (MPH)
  HIGHEST WIND SPEED    15   HIGHEST WIND DIRECTION     N (340)
  HIGHEST GUST SPEED    17   HIGHEST GUST DIRECTION     N (350)
  AVERAGE WIND SPEED     7.5


SKY COVER
  AVERAGE SKY COVER 1.0


WEATHER CONDITIONS
 THE FOLLOWING WEATHER WAS RECORDED YESTERDAY.
  LIGHT SNOW
  FOG
  HAZE


RELATIVE HUMIDITY (PERCENT)
 HIGHEST   100           100 AM
 LOWEST     74           600 PM
 AVERAGE    87

..........................................................


THE WATERTOWN NY CLIMATE NORMALS FOR TODAY
                         NORMAL    RECORD    YEAR
 MAXIMUM TEMPERATURE (F)   46        80      1998
 MINIMUM TEMPERATURE (F)   26         2      1966


SUNRISE AND SUNSET
MARCH 28 2015.........SUNRISE   653 AM EDT   SUNSET   726 PM EDT
MARCH 29 2015.........SUNRISE   651 AM EDT   SUNSET   727 PM EDT


-  INDICATES NEGATIVE NUMBERS.
R  INDICATES RECORD WAS SET OR TIED.
MM INDICATES DATA IS MISSING.
T  INDICATES TRACE AMOUNT.

$$
