000
CDUS41 KBUF 030705
CLIART


CLIMATE REPORT
NATIONAL WEATHER SERVICE BUFFALO NY
305 AM EDT TUE MAY 3 2016


...................................

...THE WATERTOWN NY CLIMATE SUMMARY FOR MAY 2 2016...

CLIMATE NORMAL PERIOD 1981 TO 2010
CLIMATE RECORD PERIOD 1949 TO 2016


WEATHER ITEM   OBSERVED TIME   RECORD YEAR NORMAL DEPARTURE LAST
                VALUE   (LST)  VALUE       VALUE  FROM      YEAR
                                                  NORMAL
..................................................................
TEMPERATURE (F)
 YESTERDAY
  MAXIMUM         50    414 PM  81    2010  62    -12       67
  MINIMUM         35   1159 PM  27    1969  39     -4       43
  AVERAGE         43                        50     -7       55

PRECIPITATION (IN)
  YESTERDAY        0.37          0.87 1992   0.09   0.28     0.00
  MONTH TO DATE    0.66                      0.18   0.48     0.00
  SINCE MAR 1      4.45                      5.38  -0.93     2.52
  SINCE JAN 1     10.26                     10.26   0.00     5.61

DEGREE DAYS
 HEATING
  YESTERDAY       22                        15      7       10
  MONTH TO DATE   39                        30      9       20
  SINCE MAR 1   1707                      1732    -25     1828
  SINCE JUL 1   6355                      7173   -818     7348

 COOLING
  YESTERDAY        0                         0      0        0
  MONTH TO DATE    0                         0      0        0
  SINCE MAR 1      0                         1     -1        0
  SINCE JAN 1      0                         1     -1        0
..................................................................


WIND (MPH)
  HIGHEST WIND SPEED    15   HIGHEST WIND DIRECTION     N (340)
  HIGHEST GUST SPEED    17   HIGHEST GUST DIRECTION     N (340)
  AVERAGE WIND SPEED     6.2


SKY COVER
  AVERAGE SKY COVER 0.9


WEATHER CONDITIONS
 THE FOLLOWING WEATHER WAS RECORDED YESTERDAY.
  RAIN
  LIGHT RAIN
  FOG
  FOG W/VISIBILITY <= 1/4 MILE


RELATIVE HUMIDITY (PERCENT)
 HIGHEST   100          1200 AM
 LOWEST     80           400 PM
 AVERAGE    90

..........................................................


THE WATERTOWN NY CLIMATE NORMALS FOR TODAY
                         NORMAL    RECORD    YEAR
 MAXIMUM TEMPERATURE (F)   62        81      2001
 MINIMUM TEMPERATURE (F)   39        23      1966


SUNRISE AND SUNSET
MAY  3 2016...........SUNRISE   552 AM EDT   SUNSET   810 PM EDT
MAY  4 2016...........SUNRISE   551 AM EDT   SUNSET   811 PM EDT


-  INDICATES NEGATIVE NUMBERS.
R  INDICATES RECORD WAS SET OR TIED.
MM INDICATES DATA IS MISSING.
T  INDICATES TRACE AMOUNT.




$$
