000
CDUS41 KBUF 250705
CLIART


CLIMATE REPORT
NATIONAL WEATHER SERVICE BUFFALO NY
305 AM EDT FRI JUL 25 2014


...................................

...THE WATERTOWN NY CLIMATE SUMMARY FOR JULY 24 2014...

CLIMATE NORMAL PERIOD 1981 TO 2010
CLIMATE RECORD PERIOD 1949 TO 2014


WEATHER ITEM   OBSERVED TIME   RECORD YEAR NORMAL DEPARTURE LAST
                VALUE   (LST)  VALUE       VALUE  FROM      YEAR
                                                  NORMAL
..................................................................
TEMPERATURE (F)
 YESTERDAY
  MAXIMUM         75    416 PM  90    1973  80     -5       70
  MINIMUM         55    528 AM  43    2004  59     -4       49
  AVERAGE         65                        69     -4       60

PRECIPITATION (IN)
  YESTERDAY        0.00          0.77 2003   0.08  -0.08      T
  MONTH TO DATE    3.68                      2.00   1.68     1.72
  SINCE JUN 1      6.59                      4.85   1.74     7.76
  SINCE JAN 1     25.19                     18.00   7.19    18.38

DEGREE DAYS
 HEATING
  YESTERDAY        0                         1     -1        5
  MONTH TO DATE   13                        25    -12        5
  SINCE JUN 1     75                       132    -57      108
  SINCE JUL 1     13                        25    -12        5

 COOLING
  YESTERDAY        0                         5     -5        0
  MONTH TO DATE  111                       109      2      215
  SINCE JUN 1    223                       171     52      289
  SINCE JAN 1    246                       182     64      321
..................................................................


WIND (MPH)
  HIGHEST WIND SPEED    15   HIGHEST WIND DIRECTION     N (360)
  HIGHEST GUST SPEED    19   HIGHEST GUST DIRECTION     N (340)
  AVERAGE WIND SPEED     6.4


SKY COVER
  AVERAGE SKY COVER 0.2


WEATHER CONDITIONS
 THE FOLLOWING WEATHER WAS RECORDED YESTERDAY.
  NO SIGNIFICANT WEATHER WAS OBSERVED.


RELATIVE HUMIDITY (PERCENT)
 HIGHEST    80          1100 PM
 LOWEST     33           400 PM
 AVERAGE    57

..........................................................


THE WATERTOWN NY CLIMATE NORMALS FOR TODAY
                         NORMAL    RECORD    YEAR
 MAXIMUM TEMPERATURE (F)   80        90      1985
 MINIMUM TEMPERATURE (F)   59        43      1976


SUNRISE AND SUNSET
JULY 25 2014..........SUNRISE   545 AM EDT   SUNSET   836 PM EDT
JULY 26 2014..........SUNRISE   546 AM EDT   SUNSET   835 PM EDT


-  INDICATES NEGATIVE NUMBERS.
R  INDICATES RECORD WAS SET OR TIED.
MM INDICATES DATA IS MISSING.
T  INDICATES TRACE AMOUNT.




$$
