092
CDUS41 KBUF 251025
CLIART


CLIMATE REPORT
NATIONAL WEATHER SERVICE BUFFALO NY
623 AM EDT MON APR 25 2016


...................................

...THE WATERTOWN NY CLIMATE SUMMARY FOR APRIL 24 2016...

CLIMATE NORMAL PERIOD 1981 TO 2010
CLIMATE RECORD PERIOD 1949 TO 2016


WEATHER ITEM   OBSERVED TIME   RECORD YEAR NORMAL DEPARTURE LAST
                VALUE   (LST)  VALUE       VALUE  FROM      YEAR
                                                  NORMAL
..................................................................
TEMPERATURE (F)
 YESTERDAY
  MAXIMUM         51   1228 PM  78    1958  59     -8       41
  MINIMUM         26    448 AM  18    1972  36    -10       32
  AVERAGE         39                        47     -8       37

PRECIPITATION (IN)
  YESTERDAY        0.00          0.76 1970   0.10  -0.10      T
  MONTH TO DATE    0.85                      2.32  -1.47     1.69
  SINCE MAR 1      3.50                      4.62  -1.12     2.52
  SINCE JAN 1      9.31                      9.50  -0.19     5.61

DEGREE DAYS
 HEATING
  YESTERDAY       26                        18      8       28
  MONTH TO DATE  614                       537     77      502
  SINCE MAR 1   1525                      1603    -78     1683
  SINCE JUL 1   6173                      7044   -871     7203

 COOLING
  YESTERDAY        0                         0      0        0
  MONTH TO DATE    0                         0      0        0
  SINCE MAR 1      0                         0      0        0
  SINCE JAN 1      0                         0      0        0
..................................................................


WIND (MPH)
  HIGHEST WIND SPEED    13   HIGHEST WIND DIRECTION     W (260)
  HIGHEST GUST SPEED    17   HIGHEST GUST DIRECTION     W (260)
  AVERAGE WIND SPEED     5.4


SKY COVER
  AVERAGE SKY COVER 0.4


WEATHER CONDITIONS
 THE FOLLOWING WEATHER WAS RECORDED YESTERDAY.
  NO SIGNIFICANT WEATHER WAS OBSERVED.


RELATIVE HUMIDITY (PERCENT)
 HIGHEST    92          1200 AM
 LOWEST     24          1200 PM
 AVERAGE    58

..........................................................


THE WATERTOWN NY CLIMATE NORMALS FOR TODAY
                         NORMAL    RECORD    YEAR
 MAXIMUM TEMPERATURE (F)   59        79      2009
 MINIMUM TEMPERATURE (F)   37        18      1972


SUNRISE AND SUNSET
APRIL 25 2016.........SUNRISE   604 AM EDT   SUNSET   801 PM EDT
APRIL 26 2016.........SUNRISE   602 AM EDT   SUNSET   802 PM EDT


-  INDICATES NEGATIVE NUMBERS.
R  INDICATES RECORD WAS SET OR TIED.
MM INDICATES DATA IS MISSING.
T  INDICATES TRACE AMOUNT.




$$
