609
CDUS41 KBUF 170705
CLIART


CLIMATE REPORT
NATIONAL WEATHER SERVICE BUFFALO NY
305 AM EDT WED AUG 17 2016


...................................

...THE WATERTOWN NY CLIMATE SUMMARY FOR AUGUST 16 2016...

CLIMATE NORMAL PERIOD 1981 TO 2010
CLIMATE RECORD PERIOD 1949 TO 2016


WEATHER ITEM   OBSERVED TIME   RECORD YEAR NORMAL DEPARTURE LAST
                VALUE   (LST)  VALUE       VALUE  FROM      YEAR
                                                  NORMAL
..................................................................
TEMPERATURE (F)
 YESTERDAY
  MAXIMUM         81    326 PM  90    1987  78      3       84
  MINIMUM         60    134 AM  39    1979  57      3       57
  AVERAGE         71                        67      4       71

PRECIPITATION (IN)
  YESTERDAY        0.59          1.10 1998   0.10   0.49     0.00
  MONTH TO DATE    1.49                      1.63  -0.14     1.41
  SINCE JUN 1      5.49                      7.13  -1.64     8.71
  SINCE JAN 1     16.49                     20.28  -3.79    16.11

DEGREE DAYS
 HEATING
  YESTERDAY        0                         1     -1        0
  MONTH TO DATE    0                        16    -16        5
  SINCE JUN 1    103                       149    -46      159
  SINCE JUL 1      5                        42    -37       43

 COOLING
  YESTERDAY        6                         4      2        6
  MONTH TO DATE  148                        67     81       50
  SINCE JUN 1    397                       268    129      204
  SINCE JAN 1    427                       279    148      250
..................................................................


WIND (MPH)
  HIGHEST WIND SPEED    30   HIGHEST WIND DIRECTION    SW (230)
  HIGHEST GUST SPEED    49   HIGHEST GUST DIRECTION    SW (230)
  AVERAGE WIND SPEED     8.6


SKY COVER
  AVERAGE SKY COVER 0.6


WEATHER CONDITIONS
 THE FOLLOWING WEATHER WAS RECORDED YESTERDAY.
  THUNDERSTORM
  HEAVY RAIN
  RAIN
  LIGHT RAIN
  FOG


RELATIVE HUMIDITY (PERCENT)
 HIGHEST    97          1200 AM
 LOWEST     73          1000 PM
 AVERAGE    85

..........................................................


THE WATERTOWN NY CLIMATE NORMALS FOR TODAY
                         NORMAL    RECORD    YEAR
 MAXIMUM TEMPERATURE (F)   78        93      1995
 MINIMUM TEMPERATURE (F)   56        40      1979


SUNRISE AND SUNSET
AUGUST 17 2016........SUNRISE   611 AM EDT   SUNSET   804 PM EDT
AUGUST 18 2016........SUNRISE   612 AM EDT   SUNSET   803 PM EDT


-  INDICATES NEGATIVE NUMBERS.
R  INDICATES RECORD WAS SET OR TIED.
MM INDICATES DATA IS MISSING.
T  INDICATES TRACE AMOUNT.




$$
