000
CDUS41 KBUF 151019
CLIART


CLIMATE REPORT
NATIONAL WEATHER SERVICE BUFFALO NY
618 AM EDT FRI MAY 15 2015


...................................

...THE WATERTOWN NY CLIMATE SUMMARY FOR MAY 14 2015...

CLIMATE NORMAL PERIOD 1981 TO 2010
CLIMATE RECORD PERIOD 1949 TO 2015


WEATHER ITEM   OBSERVED TIME   RECORD YEAR NORMAL DEPARTURE LAST
                VALUE   (LST)  VALUE       VALUE  FROM      YEAR
                                                  NORMAL
..................................................................
TEMPERATURE (F)
 YESTERDAY
  MAXIMUM         59    242 PM  85    1974  65     -6       78
  MINIMUM         28    407 AM  27    1965  43    -15       60
  AVERAGE         44                        54    -10       69

PRECIPITATION (IN)
  YESTERDAY        0.00          1.10 1964   0.10  -0.10     0.19
  MONTH TO DATE    0.64                      1.30  -0.66     1.81
  SINCE MAR 1      3.16                      6.50  -3.34     9.85
  SINCE JAN 1      6.25                     11.38  -5.13    16.95

DEGREE DAYS
 HEATING
  YESTERDAY       21                        11     10        0
  MONTH TO DATE  100                       184    -84      141
  SINCE MAR 1   1908                      1886     22     2065
  SINCE JUL 1   7428                      7327    101     7736

 COOLING
  YESTERDAY        0                         0      0        4
  MONTH TO DATE   17                         0     17       12
  SINCE MAR 1     17                         1     16       12
  SINCE JAN 1     17                         1     16       12
..................................................................


WIND (MPH)
  HIGHEST WIND SPEED    16   HIGHEST WIND DIRECTION     W (260)
  HIGHEST GUST SPEED    20   HIGHEST GUST DIRECTION     W (260)
  AVERAGE WIND SPEED     4.3


SKY COVER
  AVERAGE SKY COVER 0.0


WEATHER CONDITIONS
 THE FOLLOWING WEATHER WAS RECORDED YESTERDAY.
  FOG


RELATIVE HUMIDITY (PERCENT)
 HIGHEST   100           500 AM
 LOWEST     33          1200 PM
 AVERAGE    67

..........................................................


THE WATERTOWN NY CLIMATE NORMALS FOR TODAY
                         NORMAL    RECORD    YEAR
 MAXIMUM TEMPERATURE (F)   66        86      2014
                                             1961
 MINIMUM TEMPERATURE (F)   43        30      2001


SUNRISE AND SUNSET
MAY 15 2015...........SUNRISE   538 AM EDT   SUNSET   823 PM EDT
MAY 16 2015...........SUNRISE   537 AM EDT   SUNSET   824 PM EDT


-  INDICATES NEGATIVE NUMBERS.
R  INDICATES RECORD WAS SET OR TIED.
MM INDICATES DATA IS MISSING.
T  INDICATES TRACE AMOUNT.




$$
