000
CDUS41 KBUF 061006
CLIART


CLIMATE REPORT
NATIONAL WEATHER SERVICE BUFFALO NY
606 AM EDT SUN AUG 6 2017


...................................

...THE WATERTOWN NY CLIMATE SUMMARY FOR AUGUST 5 2017...

CLIMATE NORMAL PERIOD 1981 TO 2010
CLIMATE RECORD PERIOD 1949 TO 2017


WEATHER ITEM   OBSERVED TIME   RECORD YEAR NORMAL DEPARTURE LAST
                VALUE   (LST)  VALUE       VALUE  FROM      YEAR
                                                  NORMAL
..................................................................
TEMPERATURE (F)
 YESTERDAY
  MAXIMUM         70   1133 AM  92    1988  79     -9       91
  MINIMUM         58   1152 PM  38    1981  58      0       74
  AVERAGE         64                        68     -4       83

PRECIPITATION (IN)
  YESTERDAY        0.27          2.20 2012   0.10   0.17     0.00
  MONTH TO DATE    1.00                      0.51   0.49     0.27
  SINCE JUN 1     11.96                      6.01   5.95     4.27
  SINCE JAN 1     27.63                     19.16   8.47    15.27

DEGREE DAYS
 HEATING
  YESTERDAY        1                         1      0        0
  MONTH TO DATE    1                         5     -4        0
  SINCE JUN 1    114                       138    -24      103
  SINCE JUL 1     12                        31    -19        5

 COOLING
  YESTERDAY        0                         4     -4       18
  MONTH TO DATE   29                        23      6       57
  SINCE JUN 1    233                       224      9      306
  SINCE JAN 1    252                       235     17      336
..................................................................


WIND (MPH)
  HIGHEST WIND SPEED    25   HIGHEST WIND DIRECTION     W (260)
  HIGHEST GUST SPEED    36   HIGHEST GUST DIRECTION     W (260)
  AVERAGE WIND SPEED    14.7


SKY COVER
  AVERAGE SKY COVER 0.8


WEATHER CONDITIONS
 THE FOLLOWING WEATHER WAS RECORDED YESTERDAY.
  HEAVY RAIN
  RAIN
  LIGHT RAIN
  FOG


RELATIVE HUMIDITY (PERCENT)
 HIGHEST   100           200 AM
 LOWEST     58           800 PM
 AVERAGE    79

..........................................................


THE WATERTOWN NY CLIMATE NORMALS FOR TODAY
                         NORMAL    RECORD    YEAR
 MAXIMUM TEMPERATURE (F)   79        94      1955
 MINIMUM TEMPERATURE (F)   58        37      1964


SUNRISE AND SUNSET
AUGUST  6 2017........SUNRISE   558 AM EDT   SUNSET   821 PM EDT
AUGUST  7 2017........SUNRISE   559 AM EDT   SUNSET   820 PM EDT


-  INDICATES NEGATIVE NUMBERS.
R  INDICATES RECORD WAS SET OR TIED.
MM INDICATES DATA IS MISSING.
T  INDICATES TRACE AMOUNT.




$$
