000
CDUS41 KBUF 302132
CLIART


CLIMATE REPORT
NATIONAL WEATHER SERVICE BUFFALO NY
431 PM EST SAT JAN 30 2016


...................................

...THE WATERTOWN NY CLIMATE SUMMARY FOR JANUARY 30 2016...
VALID TODAY AS OF 0400 PM LOCAL TIME.

CLIMATE NORMAL PERIOD 1981 TO 2010
CLIMATE RECORD PERIOD 1949 TO 2016


WEATHER ITEM   OBSERVED TIME   RECORD YEAR NORMAL DEPARTURE LAST
                VALUE   (LST)  VALUE       VALUE  FROM      YEAR
                                                  NORMAL
..................................................................
TEMPERATURE (F)
 TODAY
  MAXIMUM         41    359 PM  62    2013  29     12       31
  MINIMUM         15    330 AM -24    2010   8      7       -6
  AVERAGE         28                        19      9       13

PRECIPITATION (IN)
  TODAY            T             0.66 1971   0.08  -0.08     0.03
  MONTH TO DATE    1.51                      2.58  -1.07     1.87
  SINCE DEC 1      3.95                      5.73  -1.78     3.59
  SINCE JAN 1      1.51                      2.58  -1.07     1.87

DEGREE DAYS
 HEATING
  TODAY           37                        46     -9       52
  MONTH TO DATE 1271                      1365    -94     1471
  SINCE DEC 1   2051                      2562   -511     2459
  SINCE JUL 1   3418                      4161   -743     3812

 COOLING
  TODAY            0                         0      0        0
  MONTH TO DATE    0                         0      0        0
  SINCE DEC 1      0                         0      0        0
  SINCE JAN 1      0                         0      0        0
..................................................................


WIND (MPH)
  HIGHEST WIND SPEED    18   HIGHEST WIND DIRECTION     S (170)
  HIGHEST GUST SPEED    28   HIGHEST GUST DIRECTION     S (170)
  AVERAGE WIND SPEED     7.2


SKY COVER
  AVERAGE SKY COVER 0.8


WEATHER CONDITIONS
 THE FOLLOWING WEATHER WAS RECORDED TODAY.
  LIGHT SNOW
  FOG
  HAZE


RELATIVE HUMIDITY (PERCENT)
 HIGHEST    84           100 AM
 LOWEST     33           200 PM
 AVERAGE    59

..........................................................


THE WATERTOWN NY CLIMATE NORMALS FOR TOMORROW
                         NORMAL    RECORD    YEAR
 MAXIMUM TEMPERATURE (F)   29        59      1988
 MINIMUM TEMPERATURE (F)    8       -23      2011


SUNRISE AND SUNSET
JANUARY 30 2016.......SUNRISE   724 AM EST   SUNSET   511 PM EST
JANUARY 31 2016.......SUNRISE   723 AM EST   SUNSET   512 PM EST


-  INDICATES NEGATIVE NUMBERS.
R  INDICATES RECORD WAS SET OR TIED.
MM INDICATES DATA IS MISSING.
T  INDICATES TRACE AMOUNT.




$$
