000
CDUS41 KBUF 041021
CLIART


CLIMATE REPORT
NATIONAL WEATHER SERVICE BUFFALO NY
520 AM EST SAT FEB 4 2017


...................................

...THE WATERTOWN NY CLIMATE SUMMARY FOR FEBRUARY 3 2017...

CLIMATE NORMAL PERIOD 1981 TO 2010
CLIMATE RECORD PERIOD 1949 TO 2017


WEATHER ITEM   OBSERVED TIME   RECORD YEAR NORMAL DEPARTURE LAST
                VALUE   (LST)  VALUE       VALUE  FROM      YEAR
                                                  NORMAL
..................................................................
TEMPERATURE (F)
 YESTERDAY
  MAXIMUM         26    155 PM  55    2016  30     -4       55
  MINIMUM         20    614 PM -26    1955   9     11       34
  AVERAGE         23                        19      4       45

PRECIPITATION (IN)
  YESTERDAY        T             0.59 2006   0.08  -0.08     0.56
  MONTH TO DATE    0.06                      0.24  -0.18     0.58
  SINCE DEC 1      4.03                      6.05  -2.02     4.54
  SINCE JAN 1      1.84                      2.90  -1.06     2.10

DEGREE DAYS
 HEATING
  YESTERDAY       42                        46     -4       20
  MONTH TO DATE  120                       138    -18       75
  SINCE DEC 1   2409                      2750   -341     2142
  SINCE JUL 1   3751                      4349   -598     3509

 COOLING
  YESTERDAY        0                         0      0        0
  MONTH TO DATE    0                         0      0        0
  SINCE DEC 1      0                         0      0        0
  SINCE JAN 1      0                         0      0        0
..................................................................


WIND (MPH)
  HIGHEST WIND SPEED    23   HIGHEST WIND DIRECTION     W (290)
  HIGHEST GUST SPEED    30   HIGHEST GUST DIRECTION    NW (300)
  AVERAGE WIND SPEED    13.8


SKY COVER
  AVERAGE SKY COVER 0.7


WEATHER CONDITIONS
 THE FOLLOWING WEATHER WAS RECORDED YESTERDAY.
  NO SIGNIFICANT WEATHER WAS OBSERVED.


RELATIVE HUMIDITY (PERCENT)
 HIGHEST    77           800 AM
 LOWEST     55           100 AM
 AVERAGE    66

..........................................................


THE WATERTOWN NY CLIMATE NORMALS FOR TODAY
                         NORMAL    RECORD    YEAR
 MAXIMUM TEMPERATURE (F)   30        54      1991
 MINIMUM TEMPERATURE (F)    9       -26      1970


SUNRISE AND SUNSET
FEBRUARY  4 2017......SUNRISE   718 AM EST   SUNSET   519 PM EST
FEBRUARY  5 2017......SUNRISE   716 AM EST   SUNSET   520 PM EST


-  INDICATES NEGATIVE NUMBERS.
R  INDICATES RECORD WAS SET OR TIED.
MM INDICATES DATA IS MISSING.
T  INDICATES TRACE AMOUNT.




$$
