000
CDUS41 KBUF 090705
CLIART


CLIMATE REPORT
NATIONAL WEATHER SERVICE BUFFALO NY
205 AM EST FRI FEB 9 2018


...................................

...THE WATERTOWN NY CLIMATE SUMMARY FOR FEBRUARY 8 2018...

CLIMATE NORMAL PERIOD 1981 TO 2010
CLIMATE RECORD PERIOD 1949 TO 2018


WEATHER ITEM   OBSERVED TIME   RECORD YEAR NORMAL DEPARTURE LAST
                VALUE   (LST)  VALUE       VALUE  FROM      YEAR
                                                  NORMAL
..................................................................
TEMPERATURE (F)
 YESTERDAY
  MAXIMUM         22    508 PM  50    2017  30     -8       50
  MINIMUM        -14    431 AM -22    1967   9    -23       20
  AVERAGE          4                        20    -16       35

PRECIPITATION (IN)
  YESTERDAY        0.01          0.77 1971   0.07  -0.06     0.11
  MONTH TO DATE    0.39                      0.62  -0.23     0.52
  SINCE DEC 1      4.44                      6.43  -1.99     4.49
  SINCE JAN 1      2.65                      3.28  -0.63     2.30

DEGREE DAYS
 HEATING
  YESTERDAY       61                        45     16       30
  MONTH TO DATE  367                       367      0      302
  SINCE DEC 1   3224                      2979    245     2591
  SINCE JUL 1   4583                      4578      5     3933

 COOLING
  YESTERDAY        0                         0      0        0
  MONTH TO DATE    0                         0      0        0
  SINCE DEC 1      0                         0      0        0
  SINCE JAN 1      0                         0      0        0
..................................................................


WIND (MPH)
  HIGHEST WIND SPEED    25   HIGHEST WIND DIRECTION     W (260)
  HIGHEST GUST SPEED    36   HIGHEST GUST DIRECTION     W (270)
  AVERAGE WIND SPEED     5.3


SKY COVER
  AVERAGE SKY COVER 0.6


WEATHER CONDITIONS
 THE FOLLOWING WEATHER WAS RECORDED YESTERDAY.
  HEAVY SNOW
  SNOW
  LIGHT SNOW
  FOG
  FOG W/VISIBILITY <= 1/4 MILE
  HAZE


RELATIVE HUMIDITY (PERCENT)
 HIGHEST   100           900 AM
 LOWEST     62           100 PM
 AVERAGE    81

..........................................................


THE WATERTOWN NY CLIMATE NORMALS FOR TODAY
                         NORMAL    RECORD    YEAR
 MAXIMUM TEMPERATURE (F)   30        52      2001
 MINIMUM TEMPERATURE (F)    9       -25      1994


SUNRISE AND SUNSET
FEBRUARY  9 2018......SUNRISE   712 AM EST   SUNSET   526 PM EST
FEBRUARY 10 2018......SUNRISE   710 AM EST   SUNSET   527 PM EST


-  INDICATES NEGATIVE NUMBERS.
R  INDICATES RECORD WAS SET OR TIED.
MM INDICATES DATA IS MISSING.
T  INDICATES TRACE AMOUNT.




$$
