000
CDUS41 KBUF 092135
CLIART


CLIMATE REPORT
NATIONAL WEATHER SERVICE BUFFALO NY
435 PM EST TUE DEC 9 2014


...................................

...THE WATERTOWN NY CLIMATE SUMMARY FOR DECEMBER 9 2014...
VALID TODAY AS OF 0400 PM LOCAL TIME.

CLIMATE NORMAL PERIOD 1981 TO 2010
CLIMATE RECORD PERIOD 1949 TO 2014


WEATHER ITEM   OBSERVED TIME   RECORD YEAR NORMAL DEPARTURE LAST
                VALUE   (LST)  VALUE       VALUE  FROM      YEAR
                                                  NORMAL
..................................................................
TEMPERATURE (F)
 TODAY
  MAXIMUM         42    119 PM  63    1966  37      5       41
  MINIMUM         28    633 AM  -8    2000  21      7       28
  AVERAGE         35                        29      6       35

PRECIPITATION (IN)
  TODAY            T             1.17 1975   0.11  -0.11     0.07
  MONTH TO DATE    0.19                      0.99  -0.80     0.22
  SINCE DEC 1      0.19                      0.99  -0.80     0.22
  SINCE JAN 1     40.41                     33.92   6.49    32.56

DEGREE DAYS
 HEATING
  TODAY           30                        36     -6       30
  MONTH TO DATE  307                       310     -3      275
  SINCE DEC 1    307                       310     -3      275
  SINCE JUL 1   1660                      1909   -249     1850

 COOLING
  TODAY            0                         0      0        0
  MONTH TO DATE    0                         0      0        0
  SINCE DEC 1      0                         0      0        0
  SINCE JAN 1    433                       362     71      481
..................................................................


WIND (MPH)
  HIGHEST WIND SPEED    15   HIGHEST WIND DIRECTION    NE (40)
  HIGHEST GUST SPEED    17   HIGHEST GUST DIRECTION    NE (50)
  AVERAGE WIND SPEED     3.7


SKY COVER
  AVERAGE SKY COVER 0.6


WEATHER CONDITIONS
 THE FOLLOWING WEATHER WAS RECORDED TODAY.
  NO SIGNIFICANT WEATHER WAS OBSERVED.


RELATIVE HUMIDITY (PERCENT)
 HIGHEST    75           500 AM
 LOWEST     54          1200 AM
 AVERAGE    65

..........................................................


THE WATERTOWN NY CLIMATE NORMALS FOR TOMORROW
                         NORMAL    RECORD    YEAR
 MAXIMUM TEMPERATURE (F)   37        57      1952
 MINIMUM TEMPERATURE (F)   20       -15      1968


SUNRISE AND SUNSET
DECEMBER  9 2014......SUNRISE   727 AM EST   SUNSET   426 PM EST
DECEMBER 10 2014......SUNRISE   728 AM EST   SUNSET   426 PM EST


-  INDICATES NEGATIVE NUMBERS.
R  INDICATES RECORD WAS SET OR TIED.
MM INDICATES DATA IS MISSING.
T  INDICATES TRACE AMOUNT.




$$
