000
CDUS41 KBUF 120705
CLIART


CLIMATE REPORT
NATIONAL WEATHER SERVICE BUFFALO NY
305 AM EDT MON JUN 12 2017


...................................

...THE WATERTOWN NY CLIMATE SUMMARY FOR JUNE 11 2017...

CLIMATE NORMAL PERIOD 1981 TO 2010
CLIMATE RECORD PERIOD 1949 TO 2017


WEATHER ITEM   OBSERVED TIME   RECORD YEAR NORMAL DEPARTURE LAST
                VALUE   (LST)  VALUE       VALUE  FROM      YEAR
                                                  NORMAL
..................................................................
TEMPERATURE (F)
 YESTERDAY
  MAXIMUM         82   1157 AM  92    2012  73      9       73
  MINIMUM         69    914 PM  31    1972  51     18       44
  AVERAGE         76                        62     14       59

PRECIPITATION (IN)
  YESTERDAY        0.00          0.94 2013   0.10  -0.10     0.42
  MONTH TO DATE    1.30                      1.11   0.19     2.51
  SINCE JUN 1      1.30                      1.11   0.19     2.51
  SINCE JAN 1     16.97                     14.26   2.71    13.51

DEGREE DAYS
 HEATING
  YESTERDAY        0                         4     -4        6
  MONTH TO DATE   78                        58     20       51
  SINCE JUN 1     78                        58     20       51
  SINCE JUL 1   6727                      7534   -807     6691

 COOLING
  YESTERDAY       11                         1     10        0
  MONTH TO DATE   15                        11      4        7
  SINCE JUN 1     15                        11      4        7
  SINCE JAN 1     34                        22     12       37
..................................................................


WIND (MPH)
  HIGHEST WIND SPEED    25   HIGHEST WIND DIRECTION    SW (230)
  HIGHEST GUST SPEED    34   HIGHEST GUST DIRECTION    SW (220)
  AVERAGE WIND SPEED    12.0


SKY COVER
  AVERAGE SKY COVER 0.2


WEATHER CONDITIONS
 THE FOLLOWING WEATHER WAS RECORDED YESTERDAY.
  NO SIGNIFICANT WEATHER WAS OBSERVED.


RELATIVE HUMIDITY (PERCENT)
 HIGHEST    68           500 AM
 LOWEST     51          1200 PM
 AVERAGE    60

..........................................................


THE WATERTOWN NY CLIMATE NORMALS FOR TODAY
                         NORMAL    RECORD    YEAR
 MAXIMUM TEMPERATURE (F)   74        89      2007
 MINIMUM TEMPERATURE (F)   52        35      1980


SUNRISE AND SUNSET
JUNE 12 2017..........SUNRISE   521 AM EDT   SUNSET   847 PM EDT
JUNE 13 2017..........SUNRISE   521 AM EDT   SUNSET   848 PM EDT


-  INDICATES NEGATIVE NUMBERS.
R  INDICATES RECORD WAS SET OR TIED.
MM INDICATES DATA IS MISSING.
T  INDICATES TRACE AMOUNT.




$$
