000
CDUS41 KBUF 300705
CLIART


CLIMATE REPORT
NATIONAL WEATHER SERVICE BUFFALO NY
305 AM EDT MON MAY 30 2016


...................................

...THE WATERTOWN NY CLIMATE SUMMARY FOR MAY 29 2016...

CLIMATE NORMAL PERIOD 1981 TO 2010
CLIMATE RECORD PERIOD 1949 TO 2016


WEATHER ITEM   OBSERVED TIME   RECORD YEAR NORMAL DEPARTURE LAST
                VALUE   (LST)  VALUE       VALUE  FROM      YEAR
                                                  NORMAL
..................................................................
TEMPERATURE (F)
 YESTERDAY
  MAXIMUM         83    143 PM  87    2012  70     13       82
  MINIMUM         64    109 AM  32    1970  48     16       46
  AVERAGE         74                        58     16       64

PRECIPITATION (IN)
  YESTERDAY        T             0.86 1984   0.10  -0.10     0.00
  MONTH TO DATE    1.40                      2.86  -1.46     1.04
  SINCE MAR 1      5.19                      8.06  -2.87     3.56
  SINCE JAN 1     11.00                     12.94  -1.94     6.65

DEGREE DAYS
 HEATING
  YESTERDAY        0                         7     -7        1
  MONTH TO DATE  324                       319      5      204
  SINCE MAR 1   1992                      2021    -29     2012
  SINCE JUL 1   6640                      7462   -822     7532

 COOLING
  YESTERDAY        9                         1      8        0
  MONTH TO DATE   25                         6     19       38
  SINCE MAR 1     25                         7     18       38
  SINCE JAN 1     25                         7     18       38
..................................................................


WIND (MPH)
  HIGHEST WIND SPEED    23   HIGHEST WIND DIRECTION    SW (220)
  HIGHEST GUST SPEED    31   HIGHEST GUST DIRECTION    SW (230)
  AVERAGE WIND SPEED     6.0


SKY COVER
  AVERAGE SKY COVER 0.2


WEATHER CONDITIONS
 THE FOLLOWING WEATHER WAS RECORDED YESTERDAY.
  FOG
  HAZE


RELATIVE HUMIDITY (PERCENT)
 HIGHEST    93           200 AM
 LOWEST     58           100 PM
 AVERAGE    76

..........................................................


THE WATERTOWN NY CLIMATE NORMALS FOR TODAY
                         NORMAL    RECORD    YEAR
 MAXIMUM TEMPERATURE (F)   70        86      2015
                                             1987
 MINIMUM TEMPERATURE (F)   48        31      1996


SUNRISE AND SUNSET
MAY 30 2016...........SUNRISE   525 AM EDT   SUNSET   839 PM EDT
MAY 31 2016...........SUNRISE   525 AM EDT   SUNSET   840 PM EDT


-  INDICATES NEGATIVE NUMBERS.
R  INDICATES RECORD WAS SET OR TIED.
MM INDICATES DATA IS MISSING.
T  INDICATES TRACE AMOUNT.




$$
