000
CDUS41 KBUF 170705
CLIART


CLIMATE REPORT
NATIONAL WEATHER SERVICE BUFFALO NY
205 AM EST SUN DEC 17 2017


...................................

...THE WATERTOWN NY CLIMATE SUMMARY FOR DECEMBER 16 2017...

CLIMATE NORMAL PERIOD 1981 TO 2010
CLIMATE RECORD PERIOD 1949 TO 2017


WEATHER ITEM   OBSERVED TIME   RECORD YEAR NORMAL DEPARTURE LAST
                VALUE   (LST)  VALUE       VALUE  FROM      YEAR
                                                  NORMAL
..................................................................
TEMPERATURE (F)
 YESTERDAY
  MAXIMUM         28    503 AM  54    1971  35     -7       21
  MINIMUM         -4   1159 PM -20    1963  18    -22      -17
  AVERAGE         12                        26    -14        2

PRECIPITATION (IN)
  YESTERDAY        0.00          1.00 1974   0.10  -0.10      T
  MONTH TO DATE    1.00                      1.72  -0.72     1.06
  SINCE DEC 1      1.00                      1.72  -0.72     1.06
  SINCE JAN 1     47.89                     34.65  13.24    29.39

DEGREE DAYS
 HEATING
  YESTERDAY       53                        39     14       63
  MONTH TO DATE  603                       574     29      584
  SINCE DEC 1    603                       574     29      584
  SINCE JUL 1   1962                      2173   -211     1926

 COOLING
  YESTERDAY        0                         0      0        0
  MONTH TO DATE    0                         0      0        0
  SINCE DEC 1      0                         0      0        0
  SINCE JAN 1    389                       362     27      566
..................................................................


WIND (MPH)
  HIGHEST WIND SPEED    23   HIGHEST WIND DIRECTION     W (280)
  HIGHEST GUST SPEED    33   HIGHEST GUST DIRECTION     W (280)
  AVERAGE WIND SPEED    10.1


SKY COVER
  AVERAGE SKY COVER 0.4


WEATHER CONDITIONS
 THE FOLLOWING WEATHER WAS RECORDED YESTERDAY.
  LIGHT SNOW
  FOG
  HAZE


RELATIVE HUMIDITY (PERCENT)
 HIGHEST    96           100 AM
 LOWEST     42           100 PM
 AVERAGE    69

..........................................................


THE WATERTOWN NY CLIMATE NORMALS FOR TODAY
                         NORMAL    RECORD    YEAR
 MAXIMUM TEMPERATURE (F)   34        58      2000
 MINIMUM TEMPERATURE (F)   17       -22      2013


SUNRISE AND SUNSET
DECEMBER 17 2017......SUNRISE   733 AM EST   SUNSET   427 PM EST
DECEMBER 18 2017......SUNRISE   734 AM EST   SUNSET   428 PM EST


-  INDICATES NEGATIVE NUMBERS.
R  INDICATES RECORD WAS SET OR TIED.
MM INDICATES DATA IS MISSING.
T  INDICATES TRACE AMOUNT.




$$
