000
CDUS41 KBUF 261013
CLIART


CLIMATE REPORT
NATIONAL WEATHER SERVICE BUFFALO NY
612 AM EDT TUE AUG 26 2014


...................................

...THE WATERTOWN NY CLIMATE SUMMARY FOR AUGUST 25 2014...

CLIMATE NORMAL PERIOD 1981 TO 2010
CLIMATE RECORD PERIOD 1949 TO 2014


WEATHER ITEM   OBSERVED TIME   RECORD YEAR NORMAL DEPARTURE LAST
                VALUE   (LST)  VALUE       VALUE  FROM      YEAR
                                                  NORMAL
..................................................................
TEMPERATURE (F)
 YESTERDAY
  MAXIMUM         81    331 PM  90    1975  77      4       80
  MINIMUM         55    527 AM  36    1989  55      0       45
  AVERAGE         68                        66      2       63

PRECIPITATION (IN)
  YESTERDAY        0.00          1.85 1982   0.10  -0.10      T
  MONTH TO DATE    5.10                      2.55   2.55     1.84
  SINCE JUN 1     13.04                      8.05   4.99    10.93
  SINCE JAN 1     31.64                     21.20  10.44    21.55

DEGREE DAYS
 HEATING
  YESTERDAY        0                         2     -2        2
  MONTH TO DATE   21                        31    -10       32
  SINCE JUN 1    102                       164    -62      146
  SINCE JUL 1     40                        57    -17       43

 COOLING
  YESTERDAY        3                         3      0        0
  MONTH TO DATE   73                        96    -23       61
  SINCE JUN 1    308                       297     11      359
  SINCE JAN 1    331                       308     23      391
..................................................................


WIND (MPH)
  HIGHEST WIND SPEED    10   HIGHEST WIND DIRECTION     W (290)
  HIGHEST GUST SPEED    14   HIGHEST GUST DIRECTION     W (280)
  AVERAGE WIND SPEED     3.0


SKY COVER
  AVERAGE SKY COVER 0.0


WEATHER CONDITIONS
 THE FOLLOWING WEATHER WAS RECORDED YESTERDAY.
  FOG
  HAZE


RELATIVE HUMIDITY (PERCENT)
 HIGHEST    90          1100 PM
 LOWEST     48           600 PM
 AVERAGE    69

..........................................................


THE WATERTOWN NY CLIMATE NORMALS FOR TODAY
                         NORMAL    RECORD    YEAR
 MAXIMUM TEMPERATURE (F)   77        87      2012
                                             1993
 MINIMUM TEMPERATURE (F)   55        39      1981


SUNRISE AND SUNSET
AUGUST 26 2014........SUNRISE   620 AM EDT   SUNSET   750 PM EDT
AUGUST 27 2014........SUNRISE   622 AM EDT   SUNSET   749 PM EDT


-  INDICATES NEGATIVE NUMBERS.
R  INDICATES RECORD WAS SET OR TIED.
MM INDICATES DATA IS MISSING.
T  INDICATES TRACE AMOUNT.




$$
