000
CDUS41 KBUF 231010
CLIART


CLIMATE REPORT
NATIONAL WEATHER SERVICE BUFFALO NY
610 AM EDT FRI JUN 23 2017


...................................

...THE WATERTOWN NY CLIMATE SUMMARY FOR JUNE 22 2017...

CLIMATE NORMAL PERIOD 1981 TO 2010
CLIMATE RECORD PERIOD 1949 TO 2017


WEATHER ITEM   OBSERVED TIME   RECORD YEAR NORMAL DEPARTURE LAST
                VALUE   (LST)  VALUE       VALUE  FROM      YEAR
                                                  NORMAL
..................................................................
TEMPERATURE (F)
 YESTERDAY
  MAXIMUM         75    254 PM  89    1957  76     -1       72
  MINIMUM         55    454 AM  40    1992  55      0       54
  AVERAGE         65                        65      0       63

PRECIPITATION (IN)
  YESTERDAY        0.00          2.14 1987   0.09  -0.09     0.20
  MONTH TO DATE    2.23                      2.15   0.08     3.02
  SINCE JUN 1      2.23                      2.15   0.08     3.02
  SINCE JAN 1     17.90                     15.30   2.60    14.02

DEGREE DAYS
 HEATING
  YESTERDAY        0                         2     -2        2
  MONTH TO DATE   86                        92     -6       91
  SINCE JUN 1     86                        92     -6       91
  SINCE JUL 1   6735                      7568   -833     6731

 COOLING
  YESTERDAY        0                         3     -3        0
  MONTH TO DATE   63                        35     28       27
  SINCE JUN 1     63                        35     28       27
  SINCE JAN 1     82                        46     36       57
..................................................................


WIND (MPH)
  HIGHEST WIND SPEED    13   HIGHEST WIND DIRECTION     W (270)
  HIGHEST GUST SPEED    16   HIGHEST GUST DIRECTION     W (270)
  AVERAGE WIND SPEED     5.0


SKY COVER
  AVERAGE SKY COVER 0.3


WEATHER CONDITIONS
 THE FOLLOWING WEATHER WAS RECORDED YESTERDAY.
  NO SIGNIFICANT WEATHER WAS OBSERVED.


RELATIVE HUMIDITY (PERCENT)
 HIGHEST   100           300 AM
 LOWEST     61           200 PM
 AVERAGE    81

..........................................................


THE WATERTOWN NY CLIMATE NORMALS FOR TODAY
                         NORMAL    RECORD    YEAR
 MAXIMUM TEMPERATURE (F)   77        91      1975
 MINIMUM TEMPERATURE (F)   55        39      2007


SUNRISE AND SUNSET
JUNE 23 2017..........SUNRISE   522 AM EDT   SUNSET   851 PM EDT
JUNE 24 2017..........SUNRISE   522 AM EDT   SUNSET   851 PM EDT


-  INDICATES NEGATIVE NUMBERS.
R  INDICATES RECORD WAS SET OR TIED.
MM INDICATES DATA IS MISSING.
T  INDICATES TRACE AMOUNT.




$$
