000
CDUS41 KBUF 212051
CLIART


CLIMATE REPORT
NATIONAL WEATHER SERVICE BUFFALO NY
450 PM EDT MON APR 21 2014


...................................

...THE WATERTOWN NY CLIMATE SUMMARY FOR APRIL 21 2014...
VALID TODAY AS OF 400 PM LOCAL TIME.

CLIMATE NORMAL PERIOD 1981 TO 2010
CLIMATE RECORD PERIOD 1949 TO 2014


WEATHER ITEM   OBSERVED TIME   RECORD YEAR NORMAL DEPARTURE LAST
                VALUE   (LST)  VALUE       VALUE  FROM      YEAR
                                                  NORMAL
..................................................................
TEMPERATURE (F)
 TODAY
  MAXIMUM         69    126 PM  85    1976  57     12       44
  MINIMUM         41   1238 AM  22    2013  35      6       22
                                      1981
  AVERAGE         55                        46      9       33

PRECIPITATION (IN)
  TODAY            0.00          1.14 2000   0.09  -0.09     0.00
  MONTH TO DATE    3.27                      2.03   1.24     3.17
  SINCE MAR 1      5.38                      4.33   1.05     4.16
  SINCE JAN 1     12.48                      9.21   3.27     8.46

DEGREE DAYS
 HEATING
  TODAY           10                        19     -9       32
  MONTH TO DATE  454                       483    -29      491
  SINCE MAR 1   1759                      1549    210     1499
  SINCE JUL 1   7430                      6990    440     6349

 COOLING
  TODAY            0                         0      0        0
  MONTH TO DATE    0                         0      0        0
  SINCE MAR 1      0                         0      0        0
  SINCE JAN 1      0                         0      0        0
..................................................................


WIND (MPH)
  HIGHEST WIND SPEED    17   HIGHEST WIND DIRECTION     W (260)
  HIGHEST GUST SPEED    22   HIGHEST GUST DIRECTION    SW (230)
  AVERAGE WIND SPEED     9.0


SKY COVER
  AVERAGE SKY COVER 0.2


WEATHER CONDITIONS
 THE FOLLOWING WEATHER WAS RECORDED TODAY.
  NO SIGNIFICANT WEATHER WAS OBSERVED.


RELATIVE HUMIDITY (PERCENT)
 HIGHEST    62          1200 AM
 LOWEST     28          1100 AM
 AVERAGE    45

..........................................................


THE WATERTOWN NY CLIMATE NORMALS FOR TOMORROW
                         NORMAL    RECORD    YEAR
 MAXIMUM TEMPERATURE (F)   58        79      1973
 MINIMUM TEMPERATURE (F)   36        22      2013


SUNRISE AND SUNSET
APRIL 21 2014.........SUNRISE   611 AM EDT   SUNSET   755 PM EDT
APRIL 22 2014.........SUNRISE   609 AM EDT   SUNSET   757 PM EDT


-  INDICATES NEGATIVE NUMBERS.
R  INDICATES RECORD WAS SET OR TIED.
MM INDICATES DATA IS MISSING.
T  INDICATES TRACE AMOUNT.




$$
