000
CDUS41 KBUF 250705
CLIART


CLIMATE REPORT
NATIONAL WEATHER SERVICE BUFFALO NY
205 AM EST THU DEC 25 2014


...................................

...THE WATERTOWN NY CLIMATE SUMMARY FOR DECEMBER 24 2014...

CLIMATE NORMAL PERIOD 1981 TO 2010
CLIMATE RECORD PERIOD 1949 TO 2014


WEATHER ITEM   OBSERVED TIME   RECORD YEAR NORMAL DEPARTURE LAST
                VALUE   (LST)  VALUE       VALUE  FROM      YEAR
                                                  NORMAL
..................................................................
TEMPERATURE (F)
 YESTERDAY
  MAXIMUM         59R  1159 PM  55    1964  32     27       18
  MINIMUM         49    220 AM -17    1989  15     34        0
  AVERAGE         54                        23     31        9

PRECIPITATION (IN)
  YESTERDAY        0.06          0.70 1983   0.10  -0.04      T
  MONTH TO DATE    0.78                      2.47  -1.69     2.29
  SINCE DEC 1      0.78                      2.47  -1.69     2.29
  SINCE JAN 1     41.00                     35.40   5.60    34.63

DEGREE DAYS
 HEATING
  YESTERDAY       11                        42    -31       56
  MONTH TO DATE  777                       898   -121      975
  SINCE DEC 1    777                       898   -121      975
  SINCE JUL 1   2130                      2497   -367     2550

 COOLING
  YESTERDAY        0                         0      0        0
  MONTH TO DATE    0                         0      0        0
  SINCE DEC 1      0                         0      0        0
  SINCE JAN 1    433                       362     71      481
..................................................................


WIND (MPH)
  HIGHEST WIND SPEED    18   HIGHEST WIND DIRECTION     S (170)
  HIGHEST GUST SPEED    31   HIGHEST GUST DIRECTION     S (170)
  AVERAGE WIND SPEED     8.1


SKY COVER
  AVERAGE SKY COVER 0.8


WEATHER CONDITIONS
 THE FOLLOWING WEATHER WAS RECORDED YESTERDAY.
  THUNDERSTORM
  RAIN
  LIGHT RAIN


RELATIVE HUMIDITY (PERCENT)
 HIGHEST    83          1000 AM
 LOWEST     66           200 AM
 AVERAGE    75

..........................................................


THE WATERTOWN NY CLIMATE NORMALS FOR TODAY
                         NORMAL    RECORD    YEAR
 MAXIMUM TEMPERATURE (F)   32        62      1982
 MINIMUM TEMPERATURE (F)   14       -37      1980


SUNRISE AND SUNSET
DECEMBER 25 2014......SUNRISE   737 AM EST   SUNSET   431 PM EST
DECEMBER 26 2014......SUNRISE   738 AM EST   SUNSET   432 PM EST


-  INDICATES NEGATIVE NUMBERS.
R  INDICATES RECORD WAS SET OR TIED.
MM INDICATES DATA IS MISSING.
T  INDICATES TRACE AMOUNT.




$$
