000
CDUS41 KBUF 260705
CLIART


CLIMATE REPORT
NATIONAL WEATHER SERVICE BUFFALO NY
305 AM EDT SUN MAR 26 2017


...................................

...THE WATERTOWN NY CLIMATE SUMMARY FOR MARCH 25 2017...

CLIMATE NORMAL PERIOD 1981 TO 2010
CLIMATE RECORD PERIOD 1949 TO 2017


WEATHER ITEM   OBSERVED TIME   RECORD YEAR NORMAL DEPARTURE LAST
                VALUE   (LST)  VALUE       VALUE  FROM      YEAR
                                                  NORMAL
..................................................................
TEMPERATURE (F)
 YESTERDAY
  MAXIMUM         38   1245 PM  72    1988  44     -6       49
  MINIMUM         26   1159 PM   0    1960  25      1       22
  AVERAGE         32                        34     -2       36

PRECIPITATION (IN)
  YESTERDAY        0.01          0.43 1956   0.07  -0.06     0.22
  MONTH TO DATE    1.59                      1.84  -0.25     1.65
  SINCE MAR 1      1.59                      1.84  -0.25     1.65
  SINCE JAN 1      5.22                      6.72  -1.50     7.46

DEGREE DAYS
 HEATING
  YESTERDAY       33                        31      2       29
  MONTH TO DATE 1011                       893    118      785
  SINCE MAR 1   1011                       893    118      785
  SINCE JUL 1   5622                      6334   -712     5433

 COOLING
  YESTERDAY        0                         0      0        0
  MONTH TO DATE    0                         0      0        0
  SINCE MAR 1      0                         0      0        0
  SINCE JAN 1      0                         0      0        0
..................................................................


WIND (MPH)
  HIGHEST WIND SPEED    20   HIGHEST WIND DIRECTION    NE (40)
  HIGHEST GUST SPEED    24   HIGHEST GUST DIRECTION    NE (50)
  AVERAGE WIND SPEED     9.8


SKY COVER
  AVERAGE SKY COVER 0.9


WEATHER CONDITIONS
 THE FOLLOWING WEATHER WAS RECORDED YESTERDAY.
  LIGHT RAIN
  LIGHT SNOW
  FOG


RELATIVE HUMIDITY (PERCENT)
 HIGHEST   100          1200 AM
 LOWEST     76           200 PM
 AVERAGE    88

..........................................................


THE WATERTOWN NY CLIMATE NORMALS FOR TODAY
                         NORMAL    RECORD    YEAR
 MAXIMUM TEMPERATURE (F)   45        74      1986
 MINIMUM TEMPERATURE (F)   25         0      1960


SUNRISE AND SUNSET
MARCH 26 2017.........SUNRISE   656 AM EDT   SUNSET   724 PM EDT
MARCH 27 2017.........SUNRISE   654 AM EDT   SUNSET   725 PM EDT


-  INDICATES NEGATIVE NUMBERS.
R  INDICATES RECORD WAS SET OR TIED.
MM INDICATES DATA IS MISSING.
T  INDICATES TRACE AMOUNT.




$$
