636
CDUS41 KBUF 281014
CLIART


CLIMATE REPORT
NATIONAL WEATHER SERVICE BUFFALO NY
614 AM EDT THU JUL 28 2016


...................................

...THE WATERTOWN NY CLIMATE SUMMARY FOR JULY 27 2016...

CLIMATE NORMAL PERIOD 1981 TO 2010
CLIMATE RECORD PERIOD 1949 TO 2016


WEATHER ITEM   OBSERVED TIME   RECORD YEAR NORMAL DEPARTURE LAST
                VALUE   (LST)  VALUE       VALUE  FROM      YEAR
                                                  NORMAL
..................................................................
TEMPERATURE (F)
 YESTERDAY
  MAXIMUM         86    455 PM  90    1990  79      7       84
  MINIMUM         64    500 AM  39    2001  59      5       57
  AVERAGE         75                        69      6       71

PRECIPITATION (IN)
  YESTERDAY        0.00          0.82 1975   0.09  -0.09     0.00
  MONTH TO DATE    0.40                      2.28  -1.88     1.39
  SINCE JUN 1      4.00                      5.13  -1.13     7.10
  SINCE JAN 1     15.00                     18.28  -3.28    14.50

DEGREE DAYS
 HEATING
  YESTERDAY        0                         1     -1        0
  MONTH TO DATE    5                        28    -23       38
  SINCE JUN 1    103                       135    -32      154
  SINCE JUL 1      5                        28    -23       38

 COOLING
  YESTERDAY       10                         5      5        6
  MONTH TO DATE  170                       124     46       86
  SINCE JUN 1    217                       186     31      117
  SINCE JAN 1    247                       197     50      163
..................................................................


WIND (MPH)
  HIGHEST WIND SPEED    16   HIGHEST WIND DIRECTION     W (260)
  HIGHEST GUST SPEED    24   HIGHEST GUST DIRECTION     W (260)
  AVERAGE WIND SPEED     7.7


SKY COVER
  AVERAGE SKY COVER 0.1


WEATHER CONDITIONS
 THE FOLLOWING WEATHER WAS RECORDED YESTERDAY.
  NO SIGNIFICANT WEATHER WAS OBSERVED.


RELATIVE HUMIDITY (PERCENT)
 HIGHEST    93           500 AM
 LOWEST     34           300 PM
 AVERAGE    64

..........................................................


THE WATERTOWN NY CLIMATE NORMALS FOR TODAY
                         NORMAL    RECORD    YEAR
 MAXIMUM TEMPERATURE (F)   79        94      1964
 MINIMUM TEMPERATURE (F)   59        43      2001


SUNRISE AND SUNSET
JULY 28 2016..........SUNRISE   549 AM EDT   SUNSET   832 PM EDT
JULY 29 2016..........SUNRISE   550 AM EDT   SUNSET   831 PM EDT


-  INDICATES NEGATIVE NUMBERS.
R  INDICATES RECORD WAS SET OR TIED.
MM INDICATES DATA IS MISSING.
T  INDICATES TRACE AMOUNT.




$$
