000
CDUS41 KBUF 240705
CLIART


CLIMATE REPORT
NATIONAL WEATHER SERVICE BUFFALO NY
305 AM EDT TUE MAY 24 2016


...................................

...THE WATERTOWN NY CLIMATE SUMMARY FOR MAY 23 2016...

CLIMATE NORMAL PERIOD 1981 TO 2010
CLIMATE RECORD PERIOD 1949 TO 2016


WEATHER ITEM   OBSERVED TIME   RECORD YEAR NORMAL DEPARTURE LAST
                VALUE   (LST)  VALUE       VALUE  FROM      YEAR
                                                  NORMAL
..................................................................
TEMPERATURE (F)
 YESTERDAY
  MAXIMUM         78    113 PM  81    2010  68     10       58
                                      1991
  MINIMUM         41    500 AM  25    1967  46     -5       26
  AVERAGE         60                        57      3       42

PRECIPITATION (IN)
  YESTERDAY        0.00          0.88 1984   0.11  -0.11     0.00
  MONTH TO DATE    1.40                      2.24  -0.84     0.74
  SINCE MAR 1      5.19                      7.44  -2.25     3.26
  SINCE JAN 1     11.00                     12.32  -1.32     6.35

DEGREE DAYS
 HEATING
  YESTERDAY        5                         9     -4       23
  MONTH TO DATE  317                       273     44      197
  SINCE MAR 1   1985                      1975     10     2005
  SINCE JUL 1   6633                      7416   -783     7525

 COOLING
  YESTERDAY        0                         0      0        0
  MONTH TO DATE    0                         0      0       18
  SINCE MAR 1      0                         1     -1       18
  SINCE JAN 1      0                         1     -1       18
..................................................................


WIND (MPH)
  HIGHEST WIND SPEED    14   HIGHEST WIND DIRECTION     W (260)
  HIGHEST GUST SPEED    19   HIGHEST GUST DIRECTION     W (260)
  AVERAGE WIND SPEED     5.2


SKY COVER
  AVERAGE SKY COVER 0.0


WEATHER CONDITIONS
 THE FOLLOWING WEATHER WAS RECORDED YESTERDAY.
  FOG
  HAZE


RELATIVE HUMIDITY (PERCENT)
 HIGHEST   100           200 AM
 LOWEST     39           100 PM
 AVERAGE    70

..........................................................


THE WATERTOWN NY CLIMATE NORMALS FOR TODAY
                         NORMAL    RECORD    YEAR
 MAXIMUM TEMPERATURE (F)   68        87      1966
 MINIMUM TEMPERATURE (F)   46        30      1992


SUNRISE AND SUNSET
MAY 24 2016...........SUNRISE   529 AM EDT   SUNSET   833 PM EDT
MAY 25 2016...........SUNRISE   528 AM EDT   SUNSET   834 PM EDT


-  INDICATES NEGATIVE NUMBERS.
R  INDICATES RECORD WAS SET OR TIED.
MM INDICATES DATA IS MISSING.
T  INDICATES TRACE AMOUNT.




$$
