000
CDUS41 KBUF 291020
CLIART


CLIMATE REPORT
NATIONAL WEATHER SERVICE BUFFALO NY
515 AM EST THU JAN 29 2015


...................................

...THE WATERTOWN NY CLIMATE SUMMARY FOR JANUARY 28 2015...

CLIMATE NORMAL PERIOD 1981 TO 2010
CLIMATE RECORD PERIOD 1949 TO 2015


WEATHER ITEM   OBSERVED TIME   RECORD YEAR NORMAL DEPARTURE LAST
                VALUE   (LST)  VALUE       VALUE  FROM      YEAR
                                                  NORMAL
..................................................................
TEMPERATURE (F)
 YESTERDAY
  MAXIMUM         19        MM  51    2002  29    -10       14
  MINIMUM         -4        MM -27    2005   8    -12       -1
  AVERAGE          8                        19    -11        7

PRECIPITATION (IN)
  YESTERDAY        0.00          0.46 2009   0.07  -0.07     0.07
  MONTH TO DATE    1.80                      2.42  -0.62     3.36
  SINCE DEC 1      3.52                      5.57  -2.05     5.77
  SINCE JAN 1      1.80                      2.42  -0.62     3.36

DEGREE DAYS
 HEATING
  YESTERDAY       57                        46     11       58
  MONTH TO DATE 1371                      1273     98     1362
  SINCE DEC 1   2359                      2470   -111     2624
  SINCE JUL 1   3712                      4069   -357     4199

 COOLING
  YESTERDAY        0                         0      0        0
  MONTH TO DATE    0                         0      0        0
  SINCE DEC 1      0                         0      0        0
  SINCE JAN 1      0                         0      0        0
..................................................................


WIND (MPH)
  HIGHEST WIND SPEED     8   HIGHEST WIND DIRECTION    SW (220)
  HIGHEST GUST SPEED    10   HIGHEST GUST DIRECTION    SW (230)
  AVERAGE WIND SPEED     3.8


SKY COVER
  AVERAGE SKY COVER 0.0


WEATHER CONDITIONS
 THE FOLLOWING WEATHER WAS RECORDED YESTERDAY.
  NO SIGNIFICANT WEATHER WAS OBSERVED.


RELATIVE HUMIDITY (PERCENT)
 HIGHEST    79          1200 AM
 LOWEST     35           300 PM
 AVERAGE    57

..........................................................


THE WATERTOWN NY CLIMATE NORMALS FOR TODAY
                         NORMAL    RECORD    YEAR
 MAXIMUM TEMPERATURE (F)   29        51      2013
 MINIMUM TEMPERATURE (F)    8       -17      2000


SUNRISE AND SUNSET
JANUARY 29 2015.......SUNRISE   725 AM EST   SUNSET   510 PM EST
JANUARY 30 2015.......SUNRISE   724 AM EST   SUNSET   511 PM EST


-  INDICATES NEGATIVE NUMBERS.
R  INDICATES RECORD WAS SET OR TIED.
MM INDICATES DATA IS MISSING.
T  INDICATES TRACE AMOUNT.




$$
