000
CDUS41 KBUF 260705
CLIART


CLIMATE REPORT
NATIONAL WEATHER SERVICE BUFFALO NY
305 AM EDT THU MAY 26 2016


...................................

...THE WATERTOWN NY CLIMATE SUMMARY FOR MAY 25 2016...

CLIMATE NORMAL PERIOD 1981 TO 2010
CLIMATE RECORD PERIOD 1949 TO 2016


WEATHER ITEM   OBSERVED TIME   RECORD YEAR NORMAL DEPARTURE LAST
                VALUE   (LST)  VALUE       VALUE  FROM      YEAR
                                                  NORMAL
..................................................................
TEMPERATURE (F)
 YESTERDAY
  MAXIMUM         75    516 PM  86    2012  68      7       83
  MINIMUM         53   1121 PM  30    2002  46      7       58
  AVERAGE         64                        57      7       71

PRECIPITATION (IN)
  YESTERDAY        0.00          1.13 1979   0.11  -0.11     0.20
  MONTH TO DATE    1.40                      2.45  -1.05     0.94
  SINCE MAR 1      5.19                      7.65  -2.46     3.46
  SINCE JAN 1     11.00                     12.53  -1.53     6.55

DEGREE DAYS
 HEATING
  YESTERDAY        1                         8     -7        0
  MONTH TO DATE  324                       289     35      198
  SINCE MAR 1   1992                      1991      1     2006
  SINCE JUL 1   6640                      7432   -792     7526

 COOLING
  YESTERDAY        0                         1     -1        6
  MONTH TO DATE    0                         2     -2       24
  SINCE MAR 1      0                         3     -3       24
  SINCE JAN 1      0                         3     -3       24
..................................................................


WIND (MPH)
  HIGHEST WIND SPEED    17   HIGHEST WIND DIRECTION    SW (220)
  HIGHEST GUST SPEED    24   HIGHEST GUST DIRECTION    SW (220)
  AVERAGE WIND SPEED     6.9


SKY COVER
  AVERAGE SKY COVER 0.1


WEATHER CONDITIONS
 THE FOLLOWING WEATHER WAS RECORDED YESTERDAY.
  NO SIGNIFICANT WEATHER WAS OBSERVED.


RELATIVE HUMIDITY (PERCENT)
 HIGHEST    86          1000 PM
 LOWEST     36           800 AM
 AVERAGE    61

..........................................................


THE WATERTOWN NY CLIMATE NORMALS FOR TODAY
                         NORMAL    RECORD    YEAR
 MAXIMUM TEMPERATURE (F)   69        85      2010
 MINIMUM TEMPERATURE (F)   47        29      1969


SUNRISE AND SUNSET
MAY 26 2016...........SUNRISE   528 AM EDT   SUNSET   835 PM EDT
MAY 27 2016...........SUNRISE   527 AM EDT   SUNSET   836 PM EDT


-  INDICATES NEGATIVE NUMBERS.
R  INDICATES RECORD WAS SET OR TIED.
MM INDICATES DATA IS MISSING.
T  INDICATES TRACE AMOUNT.




$$
