000
CDUS41 KBUF 251007
CLIART


CLIMATE REPORT
NATIONAL WEATHER SERVICE BUFFALO NY
607 AM EDT SUN JUN 25 2017


...................................

...THE WATERTOWN NY CLIMATE SUMMARY FOR JUNE 24 2017...

CLIMATE NORMAL PERIOD 1981 TO 2010
CLIMATE RECORD PERIOD 1949 TO 2017


WEATHER ITEM   OBSERVED TIME   RECORD YEAR NORMAL DEPARTURE LAST
                VALUE   (LST)  VALUE       VALUE  FROM      YEAR
                                                  NORMAL
..................................................................
TEMPERATURE (F)
 YESTERDAY
  MAXIMUM         73    318 PM  91    1999  77     -4       79
  MINIMUM         58   1119 PM  37    1988  55      3       47
  AVERAGE         66                        66      0       63

PRECIPITATION (IN)
  YESTERDAY        0.00          1.09 2010   0.08  -0.08     0.00
  MONTH TO DATE    5.51                      2.32   3.19     3.02
  SINCE JUN 1      5.51                      2.32   3.19     3.02
  SINCE JAN 1     21.18                     15.47   5.71    14.02

DEGREE DAYS
 HEATING
  YESTERDAY        0                         2     -2        2
  MONTH TO DATE   86                        96    -10       98
  SINCE JUN 1     86                        96    -10       98
  SINCE JUL 1   6735                      7572   -837     6738

 COOLING
  YESTERDAY        1                         3     -2        0
  MONTH TO DATE   70                        41     29       27
  SINCE JUN 1     70                        41     29       27
  SINCE JAN 1     89                        52     37       57
..................................................................


WIND (MPH)
  HIGHEST WIND SPEED    21   HIGHEST WIND DIRECTION    SW (230)
  HIGHEST GUST SPEED    32   HIGHEST GUST DIRECTION    SW (220)
  AVERAGE WIND SPEED    10.0


SKY COVER
  AVERAGE SKY COVER 0.4


WEATHER CONDITIONS
 THE FOLLOWING WEATHER WAS RECORDED YESTERDAY.
  FOG


RELATIVE HUMIDITY (PERCENT)
 HIGHEST   100          1200 AM
 LOWEST     57           500 PM
 AVERAGE    79

..........................................................


THE WATERTOWN NY CLIMATE NORMALS FOR TODAY
                         NORMAL    RECORD    YEAR
 MAXIMUM TEMPERATURE (F)   77        90      1953
 MINIMUM TEMPERATURE (F)   55        35      1979


SUNRISE AND SUNSET
JUNE 25 2017..........SUNRISE   523 AM EDT   SUNSET   851 PM EDT
JUNE 26 2017..........SUNRISE   523 AM EDT   SUNSET   851 PM EDT


-  INDICATES NEGATIVE NUMBERS.
R  INDICATES RECORD WAS SET OR TIED.
MM INDICATES DATA IS MISSING.
T  INDICATES TRACE AMOUNT.




$$
