000
CDUS41 KBUF 291031
CLIART


CLIMATE REPORT
NATIONAL WEATHER SERVICE BUFFALO NY
630 AM EDT SAT APR 29 2017


...................................

...THE WATERTOWN NY CLIMATE SUMMARY FOR APRIL 28 2017...

CLIMATE NORMAL PERIOD 1981 TO 2010
CLIMATE RECORD PERIOD 1949 TO 2017


WEATHER ITEM   OBSERVED TIME   RECORD YEAR NORMAL DEPARTURE LAST
                VALUE   (LST)  VALUE       VALUE  FROM      YEAR
                                                  NORMAL
..................................................................
TEMPERATURE (F)
 YESTERDAY
  MAXIMUM         61    856 PM  89    1990  60      1       51
  MINIMUM         50    556 AM  21    2016  38     12       21
                                      2012
  AVERAGE         56                        49      7       36

PRECIPITATION (IN)
  YESTERDAY        0.01          0.96 1980   0.09  -0.08     0.00
  MONTH TO DATE    3.99                      2.70   1.29     1.14
  SINCE MAR 1      6.34                      5.00   1.34     3.79
  SINCE JAN 1      9.97                      9.88   0.09     9.60

DEGREE DAYS
 HEATING
  YESTERDAY        9                        16     -7       29
  MONTH TO DATE  483                       604   -121      720
  SINCE MAR 1   1657                      1670    -13     1631
  SINCE JUL 1   6268                      7111   -843     6279

 COOLING
  YESTERDAY        0                         0      0        0
  MONTH TO DATE    7                         0      7        0
  SINCE MAR 1      7                         0      7        0
  SINCE JAN 1      7                         0      7        0
..................................................................


WIND (MPH)
  HIGHEST WIND SPEED    17   HIGHEST WIND DIRECTION    SW (220)
  HIGHEST GUST SPEED    24   HIGHEST GUST DIRECTION    SW (230)
  AVERAGE WIND SPEED     7.6


SKY COVER
  AVERAGE SKY COVER 0.7


WEATHER CONDITIONS
 THE FOLLOWING WEATHER WAS RECORDED YESTERDAY.
  LIGHT RAIN
  FOG


RELATIVE HUMIDITY (PERCENT)
 HIGHEST   100          1200 AM
 LOWEST     55           500 PM
 AVERAGE    78

..........................................................


THE WATERTOWN NY CLIMATE NORMALS FOR TODAY
                         NORMAL    RECORD    YEAR
 MAXIMUM TEMPERATURE (F)   60        86      1990
 MINIMUM TEMPERATURE (F)   38        22      2001


SUNRISE AND SUNSET
APRIL 29 2017.........SUNRISE   558 AM EDT   SUNSET   805 PM EDT
APRIL 30 2017.........SUNRISE   557 AM EDT   SUNSET   806 PM EDT


-  INDICATES NEGATIVE NUMBERS.
R  INDICATES RECORD WAS SET OR TIED.
MM INDICATES DATA IS MISSING.
T  INDICATES TRACE AMOUNT.




$$
