000
CDUS41 KBUF 031019
CLIART


CLIMATE REPORT
NATIONAL WEATHER SERVICE BUFFALO NY
616 AM EDT WED JUN 3 2015


...................................

...THE WATERTOWN NY CLIMATE SUMMARY FOR JUNE 2 2015...

CLIMATE NORMAL PERIOD 1981 TO 2010
CLIMATE RECORD PERIOD 1949 TO 2015


WEATHER ITEM   OBSERVED TIME   RECORD YEAR NORMAL DEPARTURE LAST
                VALUE   (LST)  VALUE       VALUE  FROM      YEAR
                                                  NORMAL
..................................................................
TEMPERATURE (F)
 YESTERDAY
  MAXIMUM         62    450 PM  87    1970  71     -9       86
  MINIMUM         40   1148 PM  32    1988  49     -9       66
  AVERAGE         51                        60     -9       76

PRECIPITATION (IN)
  YESTERDAY        0.01          1.38 1989   0.11  -0.10     0.10
  MONTH TO DATE    0.35                      0.21   0.14     0.10
  SINCE JUN 1      0.35                      0.21   0.14     0.10
  SINCE JAN 1      7.75                     13.36  -5.61    18.70

DEGREE DAYS
 HEATING
  YESTERDAY       14                         6      8        0
  MONTH TO DATE   27                        12     15        3
  SINCE JUN 1     27                        12     15        3
  SINCE JUL 1   7572                      7488     84     7864

 COOLING
  YESTERDAY        0                         1     -1       11
  MONTH TO DATE    0                         2     -2       11
  SINCE JUN 1      0                         2     -2       11
  SINCE JAN 1     46                        13     33       34
..................................................................


WIND (MPH)
  HIGHEST WIND SPEED    16   HIGHEST WIND DIRECTION     N (10)
  HIGHEST GUST SPEED    21   HIGHEST GUST DIRECTION     N (360)
  AVERAGE WIND SPEED     7.2


SKY COVER
  AVERAGE SKY COVER 0.7


WEATHER CONDITIONS
 THE FOLLOWING WEATHER WAS RECORDED YESTERDAY.
  LIGHT RAIN
  FOG


RELATIVE HUMIDITY (PERCENT)
 HIGHEST   100           600 AM
 LOWEST     55           400 PM
 AVERAGE    78

..........................................................


THE WATERTOWN NY CLIMATE NORMALS FOR TODAY
                         NORMAL    RECORD    YEAR
 MAXIMUM TEMPERATURE (F)   71        87      2007
 MINIMUM TEMPERATURE (F)   49        30      1986


SUNRISE AND SUNSET
JUNE  3 2015..........SUNRISE   523 AM EDT   SUNSET   841 PM EDT
JUNE  4 2015..........SUNRISE   523 AM EDT   SUNSET   842 PM EDT


-  INDICATES NEGATIVE NUMBERS.
R  INDICATES RECORD WAS SET OR TIED.
MM INDICATES DATA IS MISSING.
T  INDICATES TRACE AMOUNT.




$$
