000
CDUS41 KBUF 111020
CLIART


CLIMATE REPORT
NATIONAL WEATHER SERVICE BUFFALO NY
520 AM EST MON DEC 11 2017


...................................

...THE WATERTOWN NY CLIMATE SUMMARY FOR DECEMBER 10 2017...

CLIMATE NORMAL PERIOD 1981 TO 2010
CLIMATE RECORD PERIOD 1949 TO 2017


WEATHER ITEM   OBSERVED TIME   RECORD YEAR NORMAL DEPARTURE LAST
                VALUE   (LST)  VALUE       VALUE  FROM      YEAR
                                                  NORMAL
..................................................................
TEMPERATURE (F)
 YESTERDAY
  MAXIMUM         33   1010 PM  57    1952  37     -4       25
  MINIMUM         20    452 AM -15    1968  20      0        9
  AVERAGE         27                        28     -1       17

PRECIPITATION (IN)
  YESTERDAY        0.02          2.26 1995   0.12  -0.10      T
  MONTH TO DATE    0.84                      1.11  -0.27     0.75
  SINCE DEC 1      0.84                      1.11  -0.27     0.75
  SINCE JAN 1     47.73                     34.04  13.69    29.08

DEGREE DAYS
 HEATING
  YESTERDAY       38                        37      1       48
  MONTH TO DATE  298                       347    -49      320
  SINCE DEC 1    298                       347    -49      320
  SINCE JUL 1   1657                      1946   -289     1662

 COOLING
  YESTERDAY        0                         0      0        0
  MONTH TO DATE    0                         0      0        0
  SINCE DEC 1      0                         0      0        0
  SINCE JAN 1    389                       362     27      566
..................................................................


WIND (MPH)
  HIGHEST WIND SPEED    22   HIGHEST WIND DIRECTION     W (260)
  HIGHEST GUST SPEED    29   HIGHEST GUST DIRECTION     W (260)
  AVERAGE WIND SPEED    11.4


SKY COVER
  AVERAGE SKY COVER 1.0


WEATHER CONDITIONS
 THE FOLLOWING WEATHER WAS RECORDED YESTERDAY.
  HEAVY SNOW
  SNOW
  LIGHT SNOW
  FOG
  FOG W/VISIBILITY <= 1/4 MILE
  HAZE


RELATIVE HUMIDITY (PERCENT)
 HIGHEST   100           300 AM
 LOWEST     63          1000 AM
 AVERAGE    82

..........................................................


THE WATERTOWN NY CLIMATE NORMALS FOR TODAY
                         NORMAL    RECORD    YEAR
 MAXIMUM TEMPERATURE (F)   36        60      1979
 MINIMUM TEMPERATURE (F)   20       -15      1988


SUNRISE AND SUNSET
DECEMBER 11 2017......SUNRISE   729 AM EST   SUNSET   426 PM EST
DECEMBER 12 2017......SUNRISE   730 AM EST   SUNSET   426 PM EST


-  INDICATES NEGATIVE NUMBERS.
R  INDICATES RECORD WAS SET OR TIED.
MM INDICATES DATA IS MISSING.
T  INDICATES TRACE AMOUNT.

$$
