000
CDUS41 KBUF 291016
CLIART


CLIMATE REPORT
NATIONAL WEATHER SERVICE BUFFALO NY
614 AM EDT FRI AUG 29 2014


...................................

...THE WATERTOWN NY CLIMATE SUMMARY FOR AUGUST 28 2014...

CLIMATE NORMAL PERIOD 1981 TO 2010
CLIMATE RECORD PERIOD 1949 TO 2014


WEATHER ITEM   OBSERVED TIME   RECORD YEAR NORMAL DEPARTURE LAST
                VALUE   (LST)  VALUE       VALUE  FROM      YEAR
                                                  NORMAL
..................................................................
TEMPERATURE (F)
 YESTERDAY
  MAXIMUM         73    348 PM  90    1973  77     -4       88
  MINIMUM         49   1153 PM  38    1982  54     -5       60
  AVERAGE         61                        65     -4       74

PRECIPITATION (IN)
  YESTERDAY        0.00          2.15 1971   0.10  -0.10     0.00
  MONTH TO DATE    5.10                      2.85   2.25     2.04
  SINCE JUN 1     13.04                      8.35   4.69    11.13
  SINCE JAN 1     31.64                     21.50  10.14    21.75

DEGREE DAYS
 HEATING
  YESTERDAY        4                         2      2        0
  MONTH TO DATE   25                        37    -12       32
  SINCE JUN 1    106                       170    -64      146
  SINCE JUL 1     44                        63    -19       43

 COOLING
  YESTERDAY        0                         3     -3        9
  MONTH TO DATE   86                       105    -19       81
  SINCE JUN 1    321                       306     15      379
  SINCE JAN 1    344                       317     27      411
..................................................................


WIND (MPH)
  HIGHEST WIND SPEED    18   HIGHEST WIND DIRECTION    NW (310)
  HIGHEST GUST SPEED    21   HIGHEST GUST DIRECTION     N (340)
  AVERAGE WIND SPEED     5.8


SKY COVER
  AVERAGE SKY COVER 0.8


WEATHER CONDITIONS
 THE FOLLOWING WEATHER WAS RECORDED YESTERDAY.
  NO SIGNIFICANT WEATHER WAS OBSERVED.


RELATIVE HUMIDITY (PERCENT)
 HIGHEST    86          1100 PM
 LOWEST     41           400 PM
 AVERAGE    64

..........................................................


THE WATERTOWN NY CLIMATE NORMALS FOR TODAY
                         NORMAL    RECORD    YEAR
 MAXIMUM TEMPERATURE (F)   76        89      1953
 MINIMUM TEMPERATURE (F)   54        34      1982


SUNRISE AND SUNSET
AUGUST 29 2014........SUNRISE   624 AM EDT   SUNSET   745 PM EDT
AUGUST 30 2014........SUNRISE   625 AM EDT   SUNSET   743 PM EDT


-  INDICATES NEGATIVE NUMBERS.
R  INDICATES RECORD WAS SET OR TIED.
MM INDICATES DATA IS MISSING.
T  INDICATES TRACE AMOUNT.




$$
