000
CDUS41 KBUF 231021
CLIART


CLIMATE REPORT
NATIONAL WEATHER SERVICE BUFFALO NY
520 AM EST FRI FEB 23 2018


...................................

...THE WATERTOWN NY CLIMATE SUMMARY FOR FEBRUARY 22 2018...

CLIMATE NORMAL PERIOD 1981 TO 2010
CLIMATE RECORD PERIOD 1949 TO 2018


WEATHER ITEM   OBSERVED TIME   RECORD YEAR NORMAL DEPARTURE LAST
                VALUE   (LST)  VALUE       VALUE  FROM      YEAR
                                                  NORMAL
..................................................................
TEMPERATURE (F)
 YESTERDAY
  MAXIMUM         35   1220 AM  63    1981  33      2       59
  MINIMUM         23   1159 PM -22    1972  12     11       40
  AVERAGE         29                        22      7       50

PRECIPITATION (IN)
  YESTERDAY        0.00          0.85 1990   0.08  -0.08     0.00
  MONTH TO DATE    1.15                      1.73  -0.58     1.11
  SINCE DEC 1      5.20                      7.54  -2.34     5.08
  SINCE JAN 1      3.41                      4.39  -0.98     2.89

DEGREE DAYS
 HEATING
  YESTERDAY       36                        42     -6       15
  MONTH TO DATE  837                       982   -145      836
  SINCE DEC 1   3694                      3594    100     3125
  SINCE JUL 1   5053                      5193   -140     4467

 COOLING
  YESTERDAY        0                         0      0        0
  MONTH TO DATE    0                         0      0        0
  SINCE DEC 1      0                         0      0        0
  SINCE JAN 1      0                         0      0        0
..................................................................


WIND (MPH)
  HIGHEST WIND SPEED    16   HIGHEST WIND DIRECTION    NE (40)
  HIGHEST GUST SPEED    18   HIGHEST GUST DIRECTION    NE (30)
  AVERAGE WIND SPEED     9.2


SKY COVER
  AVERAGE SKY COVER 0.5


WEATHER CONDITIONS
 THE FOLLOWING WEATHER WAS RECORDED YESTERDAY.
  NO SIGNIFICANT WEATHER WAS OBSERVED.


RELATIVE HUMIDITY (PERCENT)
 HIGHEST    92          1200 AM
 LOWEST     58           100 PM
 AVERAGE    75

..........................................................


THE WATERTOWN NY CLIMATE NORMALS FOR TODAY
                         NORMAL    RECORD    YEAR
 MAXIMUM TEMPERATURE (F)   34        61      2017
 MINIMUM TEMPERATURE (F)   12       -29      1972


SUNRISE AND SUNSET
FEBRUARY 23 2018......SUNRISE   651 AM EST   SUNSET   545 PM EST
FEBRUARY 24 2018......SUNRISE   649 AM EST   SUNSET   546 PM EST


-  INDICATES NEGATIVE NUMBERS.
R  INDICATES RECORD WAS SET OR TIED.
MM INDICATES DATA IS MISSING.
T  INDICATES TRACE AMOUNT.




$$
