000
CDUS41 KBUF 181012
CLIART


CLIMATE REPORT
NATIONAL WEATHER SERVICE BUFFALO NY
612 AM EDT THU SEP 18 2014


...................................

...THE WATERTOWN NY CLIMATE SUMMARY FOR SEPTEMBER 17 2014...

CLIMATE NORMAL PERIOD 1981 TO 2010
CLIMATE RECORD PERIOD 1949 TO 2014


WEATHER ITEM   OBSERVED TIME   RECORD YEAR NORMAL DEPARTURE LAST
                VALUE   (LST)  VALUE       VALUE  FROM      YEAR
                                                  NORMAL
..................................................................
TEMPERATURE (F)
 YESTERDAY
  MAXIMUM         67    303 PM  85    1955  70     -3       63
  MINIMUM         38    552 AM  29    1990  48    -10       31
  AVERAGE         53                        59     -6       47

PRECIPITATION (IN)
  YESTERDAY        0.00          1.05 1962   0.13  -0.13     0.00
  MONTH TO DATE    1.29                      1.93  -0.64     1.72
  SINCE SEP 1      1.29                      1.93  -0.64     1.72
  SINCE JAN 1     33.55                     23.73   9.82    23.52

DEGREE DAYS
 HEATING
  YESTERDAY       12                         7      5       18
  MONTH TO DATE   90                        80     10      106
  SINCE SEP 1     90                        80     10      106
  SINCE JUL 1    140                       152    -12      149

 COOLING
  YESTERDAY        0                         1     -1        0
  MONTH TO DATE   52                        27     25       48
  SINCE SEP 1     52                        27     25       48
  SINCE JAN 1    412                       351     61      481
..................................................................


WIND (MPH)
  HIGHEST WIND SPEED    18   HIGHEST WIND DIRECTION     W (260)
  HIGHEST GUST SPEED    23   HIGHEST GUST DIRECTION     W (260)
  AVERAGE WIND SPEED     5.6


SKY COVER
  AVERAGE SKY COVER 0.3


WEATHER CONDITIONS
 THE FOLLOWING WEATHER WAS RECORDED YESTERDAY.
  NO SIGNIFICANT WEATHER WAS OBSERVED.


RELATIVE HUMIDITY (PERCENT)
 HIGHEST    83          1200 AM
 LOWEST     45           200 PM
 AVERAGE    64

..........................................................


THE WATERTOWN NY CLIMATE NORMALS FOR TODAY
                         NORMAL    RECORD    YEAR
 MAXIMUM TEMPERATURE (F)   70        86      1955
 MINIMUM TEMPERATURE (F)   48        26      1990


SUNRISE AND SUNSET
SEPTEMBER 18 2014.....SUNRISE   647 AM EDT   SUNSET   709 PM EDT
SEPTEMBER 19 2014.....SUNRISE   648 AM EDT   SUNSET   707 PM EDT


-  INDICATES NEGATIVE NUMBERS.
R  INDICATES RECORD WAS SET OR TIED.
MM INDICATES DATA IS MISSING.
T  INDICATES TRACE AMOUNT.




$$
