000
CDUS41 KBUF 062132
CLIART


CLIMATE REPORT
NATIONAL WEATHER SERVICE BUFFALO NY
431 PM EST TUE DEC 6 2016


...................................

...THE WATERTOWN NY CLIMATE SUMMARY FOR DECEMBER 6 2016...
VALID TODAY AS OF 0400 PM LOCAL TIME.

CLIMATE NORMAL PERIOD 1981 TO 2010
CLIMATE RECORD PERIOD 1949 TO 2016


WEATHER ITEM   OBSERVED TIME   RECORD YEAR NORMAL DEPARTURE LAST
                VALUE   (LST)  VALUE       VALUE  FROM      YEAR
                                                  NORMAL
..................................................................
TEMPERATURE (F)
 TODAY
  MAXIMUM         42    205 PM  68    2001  38      4       39
  MINIMUM         21    653 AM  -4    1969  22     -1       23
  AVERAGE         32                        30      2       31

PRECIPITATION (IN)
  TODAY            0.00          0.75 1984   0.11  -0.11     0.00
  MONTH TO DATE    0.35                      0.66  -0.31     0.58
  SINCE DEC 1      0.35                      0.66  -0.31     0.58
  SINCE JAN 1     28.68                     33.59  -4.91    26.17

DEGREE DAYS
 HEATING
  TODAY           33                        35     -2       34
  MONTH TO DATE  175                       203    -28      160
  SINCE DEC 1    175                       203    -28      160
  SINCE JUL 1   1517                      1802   -285     1527

 COOLING
  TODAY            0                         0      0        0
  MONTH TO DATE    0                         0      0        0
  SINCE DEC 1      0                         0      0        0
  SINCE JAN 1    566                       362    204      388
..................................................................


WIND (MPH)
  HIGHEST WIND SPEED    13   HIGHEST WIND DIRECTION     E (70)
  HIGHEST GUST SPEED    16   HIGHEST GUST DIRECTION     E (70)
  AVERAGE WIND SPEED     4.0


SKY COVER
  AVERAGE SKY COVER 0.0


WEATHER CONDITIONS
 THE FOLLOWING WEATHER WAS RECORDED TODAY.
  FOG


RELATIVE HUMIDITY (PERCENT)
 HIGHEST   100           200 AM
 LOWEST     62           100 PM
 AVERAGE    81

..........................................................


THE WATERTOWN NY CLIMATE NORMALS FOR TOMORROW
                         NORMAL    RECORD    YEAR
 MAXIMUM TEMPERATURE (F)   38        68      1998
 MINIMUM TEMPERATURE (F)   22       -16      2000


SUNRISE AND SUNSET
DECEMBER  6 2016......SUNRISE   724 AM EST   SUNSET   426 PM EST
DECEMBER  7 2016......SUNRISE   725 AM EST   SUNSET   426 PM EST


-  INDICATES NEGATIVE NUMBERS.
R  INDICATES RECORD WAS SET OR TIED.
MM INDICATES DATA IS MISSING.
T  INDICATES TRACE AMOUNT.

$$
