000
CDUS41 KBUF 310705
CLIART


CLIMATE REPORT
NATIONAL WEATHER SERVICE BUFFALO NY
305 AM EDT THU JUL 31 2014


...................................

...THE WATERTOWN NY CLIMATE SUMMARY FOR JULY 30 2014...

CLIMATE NORMAL PERIOD 1981 TO 2010
CLIMATE RECORD PERIOD 1949 TO 2014


WEATHER ITEM   OBSERVED TIME   RECORD YEAR NORMAL DEPARTURE LAST
                VALUE   (LST)  VALUE       VALUE  FROM      YEAR
                                                  NORMAL
..................................................................
TEMPERATURE (F)
 YESTERDAY
  MAXIMUM         74    255 PM  91    1955  79     -5       74
  MINIMUM         55   1235 AM  41    1968  58     -3       54
  AVERAGE         65                        69     -4       64

PRECIPITATION (IN)
  YESTERDAY        T             1.27 2000   0.10  -0.10      T
  MONTH TO DATE    4.85                      2.56   2.29     3.05
  SINCE JUN 1      7.76                      5.41   2.35     9.09
  SINCE JAN 1     26.36                     18.56   7.80    19.71

DEGREE DAYS
 HEATING
  YESTERDAY        0                         1     -1        1
  MONTH TO DATE   19                        31    -12       11
  SINCE JUN 1     81                       138    -57      114
  SINCE JUL 1     19                        31    -12       11

 COOLING
  YESTERDAY        0                         5     -5        0
  MONTH TO DATE  121                       139    -18      220
  SINCE JUN 1    233                       201     32      294
  SINCE JAN 1    256                       212     44      326
..................................................................


WIND (MPH)
  HIGHEST WIND SPEED    15   HIGHEST WIND DIRECTION     W (270)
  HIGHEST GUST SPEED    20   HIGHEST GUST DIRECTION    SW (220)
  AVERAGE WIND SPEED     6.0


SKY COVER
  AVERAGE SKY COVER 0.4


WEATHER CONDITIONS
 THE FOLLOWING WEATHER WAS RECORDED YESTERDAY.
  NO SIGNIFICANT WEATHER WAS OBSERVED.


RELATIVE HUMIDITY (PERCENT)
 HIGHEST    78          1000 PM
 LOWEST     49           100 PM
 AVERAGE    64

..........................................................


THE WATERTOWN NY CLIMATE NORMALS FOR TODAY
                         NORMAL    RECORD    YEAR
 MAXIMUM TEMPERATURE (F)   79        90      1955
 MINIMUM TEMPERATURE (F)   58        40      1964


SUNRISE AND SUNSET
JULY 31 2014..........SUNRISE   551 AM EDT   SUNSET   829 PM EDT
AUGUST  1 2014........SUNRISE   552 AM EDT   SUNSET   828 PM EDT


-  INDICATES NEGATIVE NUMBERS.
R  INDICATES RECORD WAS SET OR TIED.
MM INDICATES DATA IS MISSING.
T  INDICATES TRACE AMOUNT.




$$
