000
CDUS41 KBUF 222029
CLIART


CLIMATE REPORT
NATIONAL WEATHER SERVICE BUFFALO NY
429 PM EDT SAT JUL 22 2017


...................................

...THE WATERTOWN NY CLIMATE SUMMARY FOR JULY 22 2017...
VALID TODAY AS OF 0400 PM LOCAL TIME.

CLIMATE NORMAL PERIOD 1981 TO 2010
CLIMATE RECORD PERIOD 1949 TO 2017


WEATHER ITEM   OBSERVED TIME   RECORD YEAR NORMAL DEPARTURE LAST
                VALUE   (LST)  VALUE       VALUE  FROM      YEAR
                                                  NORMAL
..................................................................
TEMPERATURE (F)
 TODAY
  MAXIMUM         77   1234 PM  94    1955  80     -3       86
  MINIMUM         63    532 AM  46    1997  59      4       64
  AVERAGE         70                        69      1       75

PRECIPITATION (IN)
  TODAY            0.00          0.72 1960   0.09  -0.09      T
  MONTH TO DATE    3.06                      1.83   1.23     0.32
  SINCE JUN 1      9.24                      4.68   4.56     3.92
  SINCE JAN 1     24.91                     17.83   7.08    14.92

DEGREE DAYS
 HEATING
  TODAY            0                         1     -1        0
  MONTH TO DATE    2                        23    -21        5
  SINCE JUN 1    104                       130    -26      103
  SINCE JUL 1      2                        23    -21        5

 COOLING
  TODAY            5                         5      0       10
  MONTH TO DATE  104                        99      5      133
  SINCE JUN 1    184                       161     23      180
  SINCE JAN 1    203                       172     31      210
..................................................................


WIND (MPH)
  HIGHEST WIND SPEED    10   HIGHEST WIND DIRECTION    SW (230)
  HIGHEST GUST SPEED    15   HIGHEST GUST DIRECTION    SW (230)
  AVERAGE WIND SPEED     5.6


SKY COVER
  AVERAGE SKY COVER 0.0


WEATHER CONDITIONS
 THE FOLLOWING WEATHER WAS RECORDED TODAY.
  FOG


RELATIVE HUMIDITY (PERCENT)
 HIGHEST   100           400 AM
 LOWEST     69           100 PM
 AVERAGE    85

..........................................................


THE WATERTOWN NY CLIMATE NORMALS FOR TOMORROW
                         NORMAL    RECORD    YEAR
 MAXIMUM TEMPERATURE (F)   80        93      1964
 MINIMUM TEMPERATURE (F)   59        39      1981


SUNRISE AND SUNSET
JULY 22 2017..........SUNRISE   542 AM EDT   SUNSET   838 PM EDT
JULY 23 2017..........SUNRISE   543 AM EDT   SUNSET   837 PM EDT


-  INDICATES NEGATIVE NUMBERS.
R  INDICATES RECORD WAS SET OR TIED.
MM INDICATES DATA IS MISSING.
T  INDICATES TRACE AMOUNT.




$$
