000
CDUS41 KBUF 290706
CLIART


CLIMATE REPORT
NATIONAL WEATHER SERVICE BUFFALO NY
305 AM EDT THU SEP 29 2016


...................................

...THE WATERTOWN NY CLIMATE SUMMARY FOR SEPTEMBER 28 2016...

CLIMATE NORMAL PERIOD 1981 TO 2010
CLIMATE RECORD PERIOD 1949 TO 2016


WEATHER ITEM   OBSERVED TIME   RECORD YEAR NORMAL DEPARTURE LAST
                VALUE   (LST)  VALUE       VALUE  FROM      YEAR
                                                  NORMAL
..................................................................
TEMPERATURE (F)
 YESTERDAY
  MAXIMUM         76   1209 PM  85    1959  65     11       72
  MINIMUM         46    144 AM  27    2000  44      2       63
  AVERAGE         61                        55      6       68

PRECIPITATION (IN)
  YESTERDAY        0.00          1.21 2011   0.14  -0.14     0.29
  MONTH TO DATE    2.45                      3.45  -1.00     3.00
  SINCE SEP 1      2.45                      3.45  -1.00     3.00
  SINCE JAN 1     21.48                     25.25  -3.77    20.35

DEGREE DAYS
 HEATING
  YESTERDAY        4                        11     -7        0
  MONTH TO DATE  126                       179    -53       80
  SINCE SEP 1    126                       179    -53       80
  SINCE JUL 1    137                       251   -114      135

 COOLING
  YESTERDAY        0                         0      0        3
  MONTH TO DATE   47                        36     11       82
  SINCE SEP 1     47                        36     11       82
  SINCE JAN 1    561                       360    201      388
..................................................................


WIND (MPH)
  HIGHEST WIND SPEED    13   HIGHEST WIND DIRECTION     E (110)
  HIGHEST GUST SPEED    18   HIGHEST GUST DIRECTION    SE (120)
  AVERAGE WIND SPEED     6.7


SKY COVER
  AVERAGE SKY COVER 0.1


WEATHER CONDITIONS
 THE FOLLOWING WEATHER WAS RECORDED YESTERDAY.
  NO SIGNIFICANT WEATHER WAS OBSERVED.


RELATIVE HUMIDITY (PERCENT)
 HIGHEST    89           900 PM
 LOWEST     31          1200 PM
 AVERAGE    60

..........................................................


THE WATERTOWN NY CLIMATE NORMALS FOR TODAY
                         NORMAL    RECORD    YEAR
 MAXIMUM TEMPERATURE (F)   65        88      1959
 MINIMUM TEMPERATURE (F)   44        23      2000


SUNRISE AND SUNSET
SEPTEMBER 29 2016.....SUNRISE   700 AM EDT   SUNSET   648 PM EDT
SEPTEMBER 30 2016.....SUNRISE   701 AM EDT   SUNSET   646 PM EDT


-  INDICATES NEGATIVE NUMBERS.
R  INDICATES RECORD WAS SET OR TIED.
MM INDICATES DATA IS MISSING.
T  INDICATES TRACE AMOUNT.




$$
