000
CDUS41 KBUF 191031
CLIART


CLIMATE REPORT
NATIONAL WEATHER SERVICE BUFFALO NY
531 AM EST FRI JAN 19 2018


...................................

...THE WATERTOWN NY CLIMATE SUMMARY FOR JANUARY 18 2018...

CLIMATE NORMAL PERIOD 1981 TO 2010
CLIMATE RECORD PERIOD 1949 TO 2018


WEATHER ITEM   OBSERVED TIME   RECORD YEAR NORMAL DEPARTURE LAST
                VALUE   (LST)  VALUE       VALUE  FROM      YEAR
                                                  NORMAL
..................................................................
TEMPERATURE (F)
 YESTERDAY
  MAXIMUM         27   1101 PM  59    1973  29     -2       39
  MINIMUM         18    944 AM -30    1997   9      9       33
  AVERAGE         23                        19      4       36

PRECIPITATION (IN)
  YESTERDAY        T             1.00 1957   0.08  -0.08     0.18
  MONTH TO DATE    1.69                      1.61   0.08     1.27
  SINCE DEC 1      3.48                      4.76  -1.28     3.46
  SINCE JAN 1      1.69                      1.61   0.08     1.27

DEGREE DAYS
 HEATING
  YESTERDAY       42                        46     -4       29
  MONTH TO DATE  687                       813   -126      730
  SINCE DEC 1   2098                      2010     88     1847
  SINCE JUL 1   3457                      3609   -152     3189

 COOLING
  YESTERDAY        0                         0      0        0
  MONTH TO DATE    0                         0      0        0
  SINCE DEC 1      0                         0      0        0
  SINCE JAN 1      0                         0      0        0
..................................................................


WIND (MPH)
  HIGHEST WIND SPEED    18   HIGHEST WIND DIRECTION    SW (230)
  HIGHEST GUST SPEED    25   HIGHEST GUST DIRECTION    SW (230)
  AVERAGE WIND SPEED    11.5


SKY COVER
  AVERAGE SKY COVER 1.0


WEATHER CONDITIONS
 THE FOLLOWING WEATHER WAS RECORDED YESTERDAY.
  SNOW
  LIGHT SNOW
  FOG
  FOG W/VISIBILITY <= 1/4 MILE
  HAZE


RELATIVE HUMIDITY (PERCENT)
 HIGHEST    92           900 AM
 LOWEST     73           600 AM
 AVERAGE    83

..........................................................


THE WATERTOWN NY CLIMATE NORMALS FOR TODAY
                         NORMAL    RECORD    YEAR
 MAXIMUM TEMPERATURE (F)   29        62      1996
 MINIMUM TEMPERATURE (F)    9       -33      1994


SUNRISE AND SUNSET
JANUARY 19 2018.......SUNRISE   733 AM EST   SUNSET   457 PM EST
JANUARY 20 2018.......SUNRISE   732 AM EST   SUNSET   458 PM EST


-  INDICATES NEGATIVE NUMBERS.
R  INDICATES RECORD WAS SET OR TIED.
MM INDICATES DATA IS MISSING.
T  INDICATES TRACE AMOUNT.

$$
