086
CDUS41 KBUF 170705
CLIART


CLIMATE REPORT
NATIONAL WEATHER SERVICE BUFFALO NY
205 AM EST FRI NOV 17 2017


...................................

...THE WATERTOWN NY CLIMATE SUMMARY FOR NOVEMBER 16 2017...

CLIMATE NORMAL PERIOD 1981 TO 2010
CLIMATE RECORD PERIOD 1949 TO 2017


WEATHER ITEM   OBSERVED TIME   RECORD YEAR NORMAL DEPARTURE LAST
                VALUE   (LST)  VALUE       VALUE  FROM      YEAR
                                                  NORMAL
..................................................................
TEMPERATURE (F)
 YESTERDAY
  MAXIMUM         47   1128 AM  69    2005  47      0       51
  MINIMUM         33   1159 PM   5    1972  30      3       41
  AVERAGE         40                        38      2       46

PRECIPITATION (IN)
  YESTERDAY        0.21          1.48 1995   0.14   0.07     0.01
  MONTH TO DATE    1.91                      1.98  -0.07     0.68
  SINCE SEP 1     14.96                      9.35   5.61     8.58
  SINCE JAN 1     45.69                     31.15  14.54    27.61

DEGREE DAYS
 HEATING
  YESTERDAY       25                        27     -2       19
  MONTH TO DATE  421                       387     34      342
  SINCE SEP 1    885                      1111   -226      951
  SINCE JUL 1    955                      1183   -228      962

 COOLING
  YESTERDAY        0                         0      0        0
  MONTH TO DATE    0                         0      0        0
  SINCE SEP 1     59                        38     21       52
  SINCE JAN 1    389                       362     27      566
..................................................................


WIND (MPH)
  HIGHEST WIND SPEED    26   HIGHEST WIND DIRECTION     W (280)
  HIGHEST GUST SPEED    34   HIGHEST GUST DIRECTION    SW (230)
  AVERAGE WIND SPEED    14.7


SKY COVER
  AVERAGE SKY COVER 1.0


WEATHER CONDITIONS
 THE FOLLOWING WEATHER WAS RECORDED YESTERDAY.
  RAIN
  LIGHT RAIN
  FOG


RELATIVE HUMIDITY (PERCENT)
 HIGHEST    92           900 AM
 LOWEST     75          1000 PM
 AVERAGE    84

..........................................................


THE WATERTOWN NY CLIMATE NORMALS FOR TODAY
                         NORMAL    RECORD    YEAR
 MAXIMUM TEMPERATURE (F)   46        68      1987
 MINIMUM TEMPERATURE (F)   30        13      1995


SUNRISE AND SUNSET
NOVEMBER 17 2017......SUNRISE   702 AM EST   SUNSET   436 PM EST
NOVEMBER 18 2017......SUNRISE   703 AM EST   SUNSET   435 PM EST


-  INDICATES NEGATIVE NUMBERS.
R  INDICATES RECORD WAS SET OR TIED.
MM INDICATES DATA IS MISSING.
T  INDICATES TRACE AMOUNT.




$$
