000
CDUS41 KBUF 021023
CLIART


CLIMATE REPORT
NATIONAL WEATHER SERVICE BUFFALO NY
521 AM EST MON MAR 2 2015


...................................

...THE WATERTOWN NY CLIMATE SUMMARY FOR MARCH 1 2015...

CLIMATE NORMAL PERIOD 1981 TO 2010
CLIMATE RECORD PERIOD 1949 TO 2015


WEATHER ITEM   OBSERVED TIME   RECORD YEAR NORMAL DEPARTURE LAST
                VALUE   (LST)  VALUE       VALUE  FROM      YEAR
                                                  NORMAL
..................................................................
TEMPERATURE (F)
 YESTERDAY
  MAXIMUM         28    537 PM  60    1954  35     -7       34
  MINIMUM        -13    125 AM -16    1980  14    -27       -8
  AVERAGE          8                        25    -17       13

PRECIPITATION (IN)
  YESTERDAY        0.01          0.96 1987   0.08  -0.07      T
  MONTH TO DATE    0.01                      0.08  -0.07      T
  SINCE MAR 1      0.01                      0.08  -0.07      T
  SINCE JAN 1      3.10                      4.96  -1.86     7.10

DEGREE DAYS
 HEATING
  YESTERDAY       57                        40     17       52
  MONTH TO DATE   57                        40     17       52
  SINCE MAR 1     57                        40     17       52
  SINCE JUL 1   5577                      5481     96     5723

 COOLING
  YESTERDAY        0                         0      0        0
  MONTH TO DATE    0                         0      0        0
  SINCE MAR 1      0                         0      0        0
  SINCE JAN 1      0                         0      0        0
..................................................................


WIND (MPH)
  HIGHEST WIND SPEED    14   HIGHEST WIND DIRECTION    SW (210)
  HIGHEST GUST SPEED    20   HIGHEST GUST DIRECTION     S (190)
  AVERAGE WIND SPEED     6.9


SKY COVER
  AVERAGE SKY COVER 0.8


WEATHER CONDITIONS
 THE FOLLOWING WEATHER WAS RECORDED YESTERDAY.
  LIGHT SNOW
  FOG
  HAZE


RELATIVE HUMIDITY (PERCENT)
 HIGHEST    84           900 PM
 LOWEST     59           900 AM
 AVERAGE    72

..........................................................


THE WATERTOWN NY CLIMATE NORMALS FOR TODAY
                         NORMAL    RECORD    YEAR
 MAXIMUM TEMPERATURE (F)   36        62      1991
 MINIMUM TEMPERATURE (F)   15       -13      1980


SUNRISE AND SUNSET
MARCH  2 2015.........SUNRISE   640 AM EST   SUNSET   553 PM EST
MARCH  3 2015.........SUNRISE   638 AM EST   SUNSET   555 PM EST


-  INDICATES NEGATIVE NUMBERS.
R  INDICATES RECORD WAS SET OR TIED.
MM INDICATES DATA IS MISSING.
T  INDICATES TRACE AMOUNT.




$$
