000
CDUS41 KBUF 202125
CLIART


CLIMATE REPORT
NATIONAL WEATHER SERVICE BUFFALO NY
424 PM EST FRI JAN 20 2017


...................................

...THE WATERTOWN NY CLIMATE SUMMARY FOR JANUARY 20 2017...
VALID TODAY AS OF 0400 PM LOCAL TIME.

CLIMATE NORMAL PERIOD 1981 TO 2010
CLIMATE RECORD PERIOD 1949 TO 2017


WEATHER ITEM   OBSERVED TIME   RECORD YEAR NORMAL DEPARTURE LAST
                VALUE   (LST)  VALUE       VALUE  FROM      YEAR
                                                  NORMAL
..................................................................
TEMPERATURE (F)
 TODAY
  MAXIMUM         42    348 PM  57    1951  29     13       25
  MINIMUM         34    833 AM -21    2014   9     25       -2
  AVERAGE         38                        19     19       12

PRECIPITATION (IN)
  TODAY            0.00          0.52 1995   0.09  -0.09     0.00
  MONTH TO DATE    1.27                      1.78  -0.51     1.42
  SINCE DEC 1      3.46                      4.93  -1.47     3.86
  SINCE JAN 1      1.27                      1.78  -0.51     1.42

DEGREE DAYS
 HEATING
  TODAY           27                        46    -19       53
  MONTH TO DATE  786                       905   -119      838
  SINCE DEC 1   1903                      2102   -199     1618
  SINCE JUL 1   3245                      3701   -456     2985

 COOLING
  TODAY            0                         0      0        0
  MONTH TO DATE    0                         0      0        0
  SINCE DEC 1      0                         0      0        0
  SINCE JAN 1      0                         0      0        0
..................................................................


WIND (MPH)
  HIGHEST WIND SPEED     7   HIGHEST WIND DIRECTION    SE (140)
  HIGHEST GUST SPEED    10   HIGHEST GUST DIRECTION    SE (140)
  AVERAGE WIND SPEED     2.6


SKY COVER
  AVERAGE SKY COVER 0.9


WEATHER CONDITIONS
 THE FOLLOWING WEATHER WAS RECORDED TODAY.
  FOG


RELATIVE HUMIDITY (PERCENT)
 HIGHEST   100          1200 AM
 LOWEST     70           200 PM
 AVERAGE    85

..........................................................


THE WATERTOWN NY CLIMATE NORMALS FOR TOMORROW
                         NORMAL    RECORD    YEAR
 MAXIMUM TEMPERATURE (F)   29        57      1951
 MINIMUM TEMPERATURE (F)    9       -33      2014


SUNRISE AND SUNSET
JANUARY 20 2017.......SUNRISE   732 AM EST   SUNSET   459 PM EST
JANUARY 21 2017.......SUNRISE   731 AM EST   SUNSET   500 PM EST


-  INDICATES NEGATIVE NUMBERS.
R  INDICATES RECORD WAS SET OR TIED.
MM INDICATES DATA IS MISSING.
T  INDICATES TRACE AMOUNT.

$$
