000
CDUS41 KBUF 200705
CLIART


CLIMATE REPORT
NATIONAL WEATHER SERVICE BUFFALO NY
205 AM EST SAT JAN 20 2018


...................................

...THE WATERTOWN NY CLIMATE SUMMARY FOR JANUARY 19 2018...

CLIMATE NORMAL PERIOD 1981 TO 2010
CLIMATE RECORD PERIOD 1949 TO 2018


WEATHER ITEM   OBSERVED TIME   RECORD YEAR NORMAL DEPARTURE LAST
                VALUE   (LST)  VALUE       VALUE  FROM      YEAR
                                                  NORMAL
..................................................................
TEMPERATURE (F)
 YESTERDAY
  MAXIMUM         37   1159 PM  62    1996  29      8       39
  MINIMUM         23    225 AM -33    1994   9     14       33
  AVERAGE         30                        19     11       36

PRECIPITATION (IN)
  YESTERDAY        T             1.07 1996   0.08  -0.08      T
  MONTH TO DATE    1.69                      1.69   0.00     1.27
  SINCE DEC 1      3.48                      4.84  -1.36     3.46
  SINCE JAN 1      1.69                      1.69   0.00     1.27

DEGREE DAYS
 HEATING
  YESTERDAY       35                        46    -11       29
  MONTH TO DATE  722                       859   -137      759
  SINCE DEC 1   2133                      2056     77     1876
  SINCE JUL 1   3492                      3655   -163     3218

 COOLING
  YESTERDAY        0                         0      0        0
  MONTH TO DATE    0                         0      0        0
  SINCE DEC 1      0                         0      0        0
  SINCE JAN 1      0                         0      0        0
..................................................................


WIND (MPH)
  HIGHEST WIND SPEED    18   HIGHEST WIND DIRECTION    SW (230)
  HIGHEST GUST SPEED    25   HIGHEST GUST DIRECTION     S (200)
  AVERAGE WIND SPEED    10.1


SKY COVER
  AVERAGE SKY COVER 0.6


WEATHER CONDITIONS
 THE FOLLOWING WEATHER WAS RECORDED YESTERDAY.
  LIGHT SNOW
  FOG
  HAZE


RELATIVE HUMIDITY (PERCENT)
 HIGHEST    85          1200 PM
 LOWEST     56          1000 PM
 AVERAGE    71

..........................................................


THE WATERTOWN NY CLIMATE NORMALS FOR TODAY
                         NORMAL    RECORD    YEAR
 MAXIMUM TEMPERATURE (F)   29        57      1951
 MINIMUM TEMPERATURE (F)    9       -21      2014


SUNRISE AND SUNSET
JANUARY 20 2018.......SUNRISE   732 AM EST   SUNSET   458 PM EST
JANUARY 21 2018.......SUNRISE   732 AM EST   SUNSET   500 PM EST


-  INDICATES NEGATIVE NUMBERS.
R  INDICATES RECORD WAS SET OR TIED.
MM INDICATES DATA IS MISSING.
T  INDICATES TRACE AMOUNT.




$$
