000
CDUS41 KBUF 181029
CLIART


CLIMATE REPORT
NATIONAL WEATHER SERVICE BUFFALO NY
628 AM EDT MON AUG 18 2014


...................................

...THE WATERTOWN NY CLIMATE SUMMARY FOR AUGUST 17 2014...

CLIMATE NORMAL PERIOD 1981 TO 2010
CLIMATE RECORD PERIOD 1949 TO 2014


WEATHER ITEM   OBSERVED TIME   RECORD YEAR NORMAL DEPARTURE LAST
                VALUE   (LST)  VALUE       VALUE  FROM      YEAR
                                                  NORMAL
..................................................................
TEMPERATURE (F)
 YESTERDAY
  MAXIMUM         70    333 PM  93    1995  78     -8       79
  MINIMUM         59    543 AM  40    1979  56      3       50
  AVERAGE         65                        67     -2       65

PRECIPITATION (IN)
  YESTERDAY        0.01          0.60 1953   0.11  -0.10     0.00
  MONTH TO DATE    2.23                      1.74   0.49     1.70
  SINCE JUN 1     10.17                      7.24   2.93    10.79
  SINCE JAN 1     28.77                     20.39   8.38    21.41

DEGREE DAYS
 HEATING
  YESTERDAY        0                         1     -1        0
  MONTH TO DATE   13                        17     -4       22
  SINCE JUN 1     94                       150    -56      136
  SINCE JUL 1     32                        43    -11       33

 COOLING
  YESTERDAY        0                         4     -4        0
  MONTH TO DATE   48                        71    -23       39
  SINCE JUN 1    283                       272     11      337
  SINCE JAN 1    306                       283     23      369
..................................................................


WIND (MPH)
  HIGHEST WIND SPEED    15   HIGHEST WIND DIRECTION    SW (220)
  HIGHEST GUST SPEED    19   HIGHEST GUST DIRECTION    SW (230)
  AVERAGE WIND SPEED     6.4


SKY COVER
  AVERAGE SKY COVER 0.9


WEATHER CONDITIONS
 THE FOLLOWING WEATHER WAS RECORDED YESTERDAY.
  LIGHT RAIN
  FOG


RELATIVE HUMIDITY (PERCENT)
 HIGHEST    90           200 AM
 LOWEST     63          1100 AM
 AVERAGE    77

..........................................................


THE WATERTOWN NY CLIMATE NORMALS FOR TODAY
                         NORMAL    RECORD    YEAR
 MAXIMUM TEMPERATURE (F)   78        89      1955
 MINIMUM TEMPERATURE (F)   56        41      1989


SUNRISE AND SUNSET
AUGUST 18 2014........SUNRISE   611 AM EDT   SUNSET   804 PM EDT
AUGUST 19 2014........SUNRISE   613 AM EDT   SUNSET   802 PM EDT


-  INDICATES NEGATIVE NUMBERS.
R  INDICATES RECORD WAS SET OR TIED.
MM INDICATES DATA IS MISSING.
T  INDICATES TRACE AMOUNT.




$$
