760
CDUS41 KBUF 251004
CLIART


CLIMATE REPORT
NATIONAL WEATHER SERVICE BUFFALO NY
604 AM EDT WED MAY 25 2016


...................................

...THE WATERTOWN NY CLIMATE SUMMARY FOR MAY 24 2016...

CLIMATE NORMAL PERIOD 1981 TO 2010
CLIMATE RECORD PERIOD 1949 TO 2016


WEATHER ITEM   OBSERVED TIME   RECORD YEAR NORMAL DEPARTURE LAST
                VALUE   (LST)  VALUE       VALUE  FROM      YEAR
                                                  NORMAL
..................................................................
TEMPERATURE (F)
 YESTERDAY
  MAXIMUM         75    433 PM  87    1966  68      7       76
  MINIMUM         42    452 AM  30    1992  46     -4       52
  AVERAGE         59                        57      2       64

PRECIPITATION (IN)
  YESTERDAY        0.00          1.66 2003   0.10  -0.10     0.00
  MONTH TO DATE    1.40                      2.34  -0.94     0.74
  SINCE MAR 1      5.19                      7.54  -2.35     3.26
  SINCE JAN 1     11.00                     12.42  -1.42     6.35

DEGREE DAYS
 HEATING
  YESTERDAY        6                         8     -2        1
  MONTH TO DATE  323                       281     42      198
  SINCE MAR 1   1991                      1983      8     2006
  SINCE JUL 1   6639                      7424   -785     7526

 COOLING
  YESTERDAY        0                         1     -1        0
  MONTH TO DATE    0                         1     -1       18
  SINCE MAR 1      0                         2     -2       18
  SINCE JAN 1      0                         2     -2       18
..................................................................


WIND (MPH)
  HIGHEST WIND SPEED    18   HIGHEST WIND DIRECTION     W (260)
  HIGHEST GUST SPEED    22   HIGHEST GUST DIRECTION     W (260)
  AVERAGE WIND SPEED     5.1


SKY COVER
  AVERAGE SKY COVER 0.0


WEATHER CONDITIONS
 THE FOLLOWING WEATHER WAS RECORDED YESTERDAY.
  NO SIGNIFICANT WEATHER WAS OBSERVED.


RELATIVE HUMIDITY (PERCENT)
 HIGHEST    92           300 AM
 LOWEST     14           400 PM
 AVERAGE    53

..........................................................


THE WATERTOWN NY CLIMATE NORMALS FOR TODAY
                         NORMAL    RECORD    YEAR
 MAXIMUM TEMPERATURE (F)   68        86      2012
 MINIMUM TEMPERATURE (F)   46        30      2002


SUNRISE AND SUNSET
MAY 25 2016...........SUNRISE   528 AM EDT   SUNSET   834 PM EDT
MAY 26 2016...........SUNRISE   528 AM EDT   SUNSET   835 PM EDT


-  INDICATES NEGATIVE NUMBERS.
R  INDICATES RECORD WAS SET OR TIED.
MM INDICATES DATA IS MISSING.
T  INDICATES TRACE AMOUNT.




$$
