000
CDUS41 KBUF 190705
CLIART


CLIMATE REPORT
NATIONAL WEATHER SERVICE BUFFALO NY
305 AM EDT SAT AUG 19 2017


...................................

...THE WATERTOWN NY CLIMATE SUMMARY FOR AUGUST 18 2017...

CLIMATE NORMAL PERIOD 1981 TO 2010
CLIMATE RECORD PERIOD 1949 TO 2017


WEATHER ITEM   OBSERVED TIME   RECORD YEAR NORMAL DEPARTURE LAST
                VALUE   (LST)  VALUE       VALUE  FROM      YEAR
                                                  NORMAL
..................................................................
TEMPERATURE (F)
 YESTERDAY
  MAXIMUM         85    319 PM  90    2015  78      7       84
  MINIMUM         69    146 AM  41    1989  56     13       66
  AVERAGE         77                        67     10       75

PRECIPITATION (IN)
  YESTERDAY        0.67          1.09 1949   0.11   0.56     0.00
  MONTH TO DATE    1.90                      1.85   0.05     1.53
  SINCE JUN 1     12.86                      7.35   5.51     5.53
  SINCE JAN 1     28.53                     20.50   8.03    16.53

DEGREE DAYS
 HEATING
  YESTERDAY        0                         1     -1        0
  MONTH TO DATE    7                        18    -11        0
  SINCE JUN 1    120                       151    -31      103
  SINCE JUL 1     18                        44    -26        5

 COOLING
  YESTERDAY       12                         4      8       10
  MONTH TO DATE   78                        75      3      163
  SINCE JUN 1    282                       276      6      412
  SINCE JAN 1    301                       287     14      442
..................................................................


WIND (MPH)
  HIGHEST WIND SPEED    18   HIGHEST WIND DIRECTION    SW (220)
  HIGHEST GUST SPEED    27   HIGHEST GUST DIRECTION    SW (220)
  AVERAGE WIND SPEED    10.3


SKY COVER
  AVERAGE SKY COVER 0.6


WEATHER CONDITIONS
 THE FOLLOWING WEATHER WAS RECORDED YESTERDAY.
  THUNDERSTORM
  HEAVY RAIN
  RAIN
  LIGHT RAIN
  FOG


RELATIVE HUMIDITY (PERCENT)
 HIGHEST   100           200 AM
 LOWEST     55           200 PM
 AVERAGE    78

..........................................................


THE WATERTOWN NY CLIMATE NORMALS FOR TODAY
                         NORMAL    RECORD    YEAR
 MAXIMUM TEMPERATURE (F)   78        96      1955
 MINIMUM TEMPERATURE (F)   56        37      1998


SUNRISE AND SUNSET
AUGUST 19 2017........SUNRISE   613 AM EDT   SUNSET   802 PM EDT
AUGUST 20 2017........SUNRISE   614 AM EDT   SUNSET   800 PM EDT


-  INDICATES NEGATIVE NUMBERS.
R  INDICATES RECORD WAS SET OR TIED.
MM INDICATES DATA IS MISSING.
T  INDICATES TRACE AMOUNT.




$$
