000
CDUS41 KBUF 220705
CLIART


CLIMATE REPORT
NATIONAL WEATHER SERVICE BUFFALO NY
305 AM EDT FRI JUL 22 2016


...................................

...THE WATERTOWN NY CLIMATE SUMMARY FOR JULY 21 2016...

CLIMATE NORMAL PERIOD 1981 TO 2010
CLIMATE RECORD PERIOD 1949 TO 2016


WEATHER ITEM   OBSERVED TIME   RECORD YEAR NORMAL DEPARTURE LAST
                VALUE   (LST)  VALUE       VALUE  FROM      YEAR
                                                  NORMAL
..................................................................
TEMPERATURE (F)
 YESTERDAY
  MAXIMUM         88    422 PM  94    1994  80      8       74
  MINIMUM         60    219 AM  45    1966  59      1       61
  AVERAGE         74                        69      5       68

PRECIPITATION (IN)
  YESTERDAY        0.00          1.02 1995   0.09  -0.09     0.21
  MONTH TO DATE    0.32                      1.74  -1.42     1.34
  SINCE JUN 1      3.92                      4.59  -0.67     7.05
  SINCE JAN 1     14.92                     17.74  -2.82    14.45

DEGREE DAYS
 HEATING
  YESTERDAY        0                         1     -1        0
  MONTH TO DATE    5                        22    -17       38
  SINCE JUN 1    103                       129    -26      154
  SINCE JUL 1      5                        22    -17       38

 COOLING
  YESTERDAY        9                         5      4        3
  MONTH TO DATE  123                        94     29       67
  SINCE JUN 1    170                       156     14       98
  SINCE JAN 1    200                       167     33      144
..................................................................


WIND (MPH)
  HIGHEST WIND SPEED    16   HIGHEST WIND DIRECTION    SW (210)
  HIGHEST GUST SPEED    24   HIGHEST GUST DIRECTION     W (260)
  AVERAGE WIND SPEED     8.1


SKY COVER
  AVERAGE SKY COVER 0.2


WEATHER CONDITIONS
 THE FOLLOWING WEATHER WAS RECORDED YESTERDAY.
  NO SIGNIFICANT WEATHER WAS OBSERVED.


RELATIVE HUMIDITY (PERCENT)
 HIGHEST    72           100 AM
 LOWEST     24           400 PM
 AVERAGE    48

..........................................................


THE WATERTOWN NY CLIMATE NORMALS FOR TODAY
                         NORMAL    RECORD    YEAR
 MAXIMUM TEMPERATURE (F)   80        94      1955
 MINIMUM TEMPERATURE (F)   59        46      1997


SUNRISE AND SUNSET
JULY 22 2016..........SUNRISE   542 AM EDT   SUNSET   838 PM EDT
JULY 23 2016..........SUNRISE   543 AM EDT   SUNSET   837 PM EDT


-  INDICATES NEGATIVE NUMBERS.
R  INDICATES RECORD WAS SET OR TIED.
MM INDICATES DATA IS MISSING.
T  INDICATES TRACE AMOUNT.




$$
