000
CDUS41 KBUF 181034
CLIART


CLIMATE REPORT
NATIONAL WEATHER SERVICE BUFFALO NY
633 AM EDT SUN JUN 18 2017


...................................

...THE WATERTOWN NY CLIMATE SUMMARY FOR JUNE 17 2017...

CLIMATE NORMAL PERIOD 1981 TO 2010
CLIMATE RECORD PERIOD 1949 TO 2017


WEATHER ITEM   OBSERVED TIME   RECORD YEAR NORMAL DEPARTURE LAST
                VALUE   (LST)  VALUE       VALUE  FROM      YEAR
                                                  NORMAL
..................................................................
TEMPERATURE (F)
 YESTERDAY
  MAXIMUM         88    320 PM  89    1994  75     13       83
  MINIMUM         64    230 AM  39    1968  53     11       44
  AVERAGE         76                        64     12       64

PRECIPITATION (IN)
  YESTERDAY        0.00          0.98 1970   0.09  -0.09     0.00
  MONTH TO DATE    1.67                      1.69  -0.02     2.52
  SINCE JUN 1      1.67                      1.69  -0.02     2.52
  SINCE JAN 1     17.34                     14.84   2.50    13.52

DEGREE DAYS
 HEATING
  YESTERDAY        0                         3     -3        1
  MONTH TO DATE   85                        79      6       86
  SINCE JUN 1     85                        79      6       86
  SINCE JUL 1   6734                      7555   -821     6726

 COOLING
  YESTERDAY       11                         2      9        0
  MONTH TO DATE   43                        23     20       11
  SINCE JUN 1     43                        23     20       11
  SINCE JAN 1     62                        34     28       41
..................................................................


WIND (MPH)
  HIGHEST WIND SPEED    14   HIGHEST WIND DIRECTION    SW (210)
  HIGHEST GUST SPEED    20   HIGHEST GUST DIRECTION    SW (210)
  AVERAGE WIND SPEED     5.9


SKY COVER
  AVERAGE SKY COVER 0.1


WEATHER CONDITIONS
 THE FOLLOWING WEATHER WAS RECORDED YESTERDAY.
  NO SIGNIFICANT WEATHER WAS OBSERVED.


RELATIVE HUMIDITY (PERCENT)
 HIGHEST   100           300 AM
 LOWEST     48           100 PM
 AVERAGE    74

..........................................................


THE WATERTOWN NY CLIMATE NORMALS FOR TODAY
                         NORMAL    RECORD    YEAR
 MAXIMUM TEMPERATURE (F)   75        91      1957
 MINIMUM TEMPERATURE (F)   53        42      1972


SUNRISE AND SUNSET
JUNE 18 2017..........SUNRISE   521 AM EDT   SUNSET   850 PM EDT
JUNE 19 2017..........SUNRISE   521 AM EDT   SUNSET   850 PM EDT


-  INDICATES NEGATIVE NUMBERS.
R  INDICATES RECORD WAS SET OR TIED.
MM INDICATES DATA IS MISSING.
T  INDICATES TRACE AMOUNT.




$$
