000
CDUS41 KBUF 020705
CLIART


CLIMATE REPORT
NATIONAL WEATHER SERVICE BUFFALO NY
205 AM EST FRI DEC 2 2016


...................................

...THE WATERTOWN NY CLIMATE SUMMARY FOR DECEMBER 1 2016...

CLIMATE NORMAL PERIOD 1981 TO 2010
CLIMATE RECORD PERIOD 1949 TO 2016


WEATHER ITEM   OBSERVED TIME   RECORD YEAR NORMAL DEPARTURE LAST
                VALUE   (LST)  VALUE       VALUE  FROM      YEAR
                                                  NORMAL
..................................................................
TEMPERATURE (F)
 YESTERDAY
  MAXIMUM         54    102 AM  64    1998  40     14       50
  MINIMUM         40    302 PM -11    1989  24     16       21
  AVERAGE         47                        32     15       36

PRECIPITATION (IN)
  YESTERDAY        0.21          1.81 2010   0.11   0.10     0.08
  MONTH TO DATE    0.21                      0.11   0.10     0.08
  SINCE DEC 1      0.21                      0.11   0.10     0.08
  SINCE JAN 1     28.54                     33.04  -4.50    25.67

DEGREE DAYS
 HEATING
  YESTERDAY       18                        33    -15       29
  MONTH TO DATE   18                        33    -15       29
  SINCE DEC 1     18                        33    -15       29
  SINCE JUL 1   1360                      1632   -272     1396

 COOLING
  YESTERDAY        0                         0      0        0
  MONTH TO DATE    0                         0      0        0
  SINCE DEC 1      0                         0      0        0
  SINCE JAN 1    566                       362    204      388
..................................................................


WIND (MPH)
  HIGHEST WIND SPEED    30   HIGHEST WIND DIRECTION     W (260)
  HIGHEST GUST SPEED    41   HIGHEST GUST DIRECTION    SW (220)
  AVERAGE WIND SPEED    18.7


SKY COVER
  AVERAGE SKY COVER 1.0


WEATHER CONDITIONS
 THE FOLLOWING WEATHER WAS RECORDED YESTERDAY.
  RAIN
  LIGHT RAIN
  FOG


RELATIVE HUMIDITY (PERCENT)
 HIGHEST    93           300 AM
 LOWEST     70           800 AM
 AVERAGE    82

..........................................................


THE WATERTOWN NY CLIMATE NORMALS FOR TODAY
                         NORMAL    RECORD    YEAR
 MAXIMUM TEMPERATURE (F)   40        60      1982
 MINIMUM TEMPERATURE (F)   24       -11      1976


SUNRISE AND SUNSET
DECEMBER  2 2016......SUNRISE   720 AM EST   SUNSET   427 PM EST
DECEMBER  3 2016......SUNRISE   721 AM EST   SUNSET   427 PM EST


-  INDICATES NEGATIVE NUMBERS.
R  INDICATES RECORD WAS SET OR TIED.
MM INDICATES DATA IS MISSING.
T  INDICATES TRACE AMOUNT.




$$
