000
CDUS41 KBUF 260705
CLIART


CLIMATE REPORT
NATIONAL WEATHER SERVICE BUFFALO NY
205 AM EST MON JAN 26 2015


...................................

...THE WATERTOWN NY CLIMATE SUMMARY FOR JANUARY 25 2015...

CLIMATE NORMAL PERIOD 1981 TO 2010
CLIMATE RECORD PERIOD 1949 TO 2015


WEATHER ITEM   OBSERVED TIME   RECORD YEAR NORMAL DEPARTURE LAST
                VALUE   (LST)  VALUE       VALUE  FROM      YEAR
                                                  NORMAL
..................................................................
TEMPERATURE (F)
 YESTERDAY
  MAXIMUM         34    239 AM  65    1967  29      5       27
  MINIMUM         -3    732 PM -18    2007   8    -11        7
  AVERAGE         16                        19     -3       17

PRECIPITATION (IN)
  YESTERDAY        T             0.82 2010   0.08  -0.08     0.02
  MONTH TO DATE    1.80                      2.19  -0.39     3.07
  SINCE DEC 1      3.52                      5.34  -1.82     5.48
  SINCE JAN 1      1.80                      2.19  -0.39     3.07

DEGREE DAYS
 HEATING
  YESTERDAY       49                        46      3       48
  MONTH TO DATE 1197                      1135     62     1199
  SINCE DEC 1   2185                      2332   -147     2461
  SINCE JUL 1   3538                      3931   -393     4036

 COOLING
  YESTERDAY        0                         0      0        0
  MONTH TO DATE    0                         0      0        0
  SINCE DEC 1      0                         0      0        0
  SINCE JAN 1      0                         0      0        0
..................................................................


WIND (MPH)
  HIGHEST WIND SPEED    22   HIGHEST WIND DIRECTION     N (350)
  HIGHEST GUST SPEED    28   HIGHEST GUST DIRECTION    NW (310)
  AVERAGE WIND SPEED     8.8


SKY COVER
  AVERAGE SKY COVER 0.2


WEATHER CONDITIONS
 THE FOLLOWING WEATHER WAS RECORDED YESTERDAY.
  LIGHT SNOW
  FOG


RELATIVE HUMIDITY (PERCENT)
 HIGHEST    89           100 AM
 LOWEST     46           100 PM
 AVERAGE    68

..........................................................


THE WATERTOWN NY CLIMATE NORMALS FOR TODAY
                         NORMAL    RECORD    YEAR
 MAXIMUM TEMPERATURE (F)   29        64      1950
 MINIMUM TEMPERATURE (F)    8       -25      1982


SUNRISE AND SUNSET
JANUARY 26 2015.......SUNRISE   728 AM EST   SUNSET   506 PM EST
JANUARY 27 2015.......SUNRISE   727 AM EST   SUNSET   507 PM EST


-  INDICATES NEGATIVE NUMBERS.
R  INDICATES RECORD WAS SET OR TIED.
MM INDICATES DATA IS MISSING.
T  INDICATES TRACE AMOUNT.




$$
