000
CDUS41 KBUF 290705
CLIART


CLIMATE REPORT
NATIONAL WEATHER SERVICE BUFFALO NY
305 AM EDT MON SEP 29 2014


...................................

...THE WATERTOWN NY CLIMATE SUMMARY FOR SEPTEMBER 28 2014...

CLIMATE NORMAL PERIOD 1981 TO 2010
CLIMATE RECORD PERIOD 1949 TO 2014


WEATHER ITEM   OBSERVED TIME   RECORD YEAR NORMAL DEPARTURE LAST
                VALUE   (LST)  VALUE       VALUE  FROM      YEAR
                                                  NORMAL
..................................................................
TEMPERATURE (F)
 YESTERDAY
  MAXIMUM         75    321 PM  85    1959  65     10       73
  MINIMUM         48    328 AM  27    2000  44      4       39
  AVERAGE         62                        55      7       56

PRECIPITATION (IN)
  YESTERDAY        0.00          1.21 2011   0.14  -0.14     0.00
  MONTH TO DATE    1.58                      3.45  -1.87     2.82
  SINCE SEP 1      1.58                      3.45  -1.87     2.82
  SINCE JAN 1     33.84                     25.25   8.59    24.62

DEGREE DAYS
 HEATING
  YESTERDAY        3                        11     -8        9
  MONTH TO DATE  172                       179     -7      225
  SINCE SEP 1    172                       179     -7      225
  SINCE JUL 1    222                       251    -29      268

 COOLING
  YESTERDAY        0                         0      0        0
  MONTH TO DATE   56                        36     20       48
  SINCE SEP 1     56                        36     20       48
  SINCE JAN 1    416                       360     56      481
..................................................................


WIND (MPH)
  HIGHEST WIND SPEED    12   HIGHEST WIND DIRECTION     W (260)
  HIGHEST GUST SPEED    15   HIGHEST GUST DIRECTION     W (260)
  AVERAGE WIND SPEED     3.2


SKY COVER
  AVERAGE SKY COVER 0.0


WEATHER CONDITIONS
 THE FOLLOWING WEATHER WAS RECORDED YESTERDAY.
  FOG
  FOG W/VISIBILITY <= 1/4 MILE
  HAZE


RELATIVE HUMIDITY (PERCENT)
 HIGHEST    83          1200 AM
 LOWEST     50           300 PM
 AVERAGE    67

..........................................................


THE WATERTOWN NY CLIMATE NORMALS FOR TODAY
                         NORMAL    RECORD    YEAR
 MAXIMUM TEMPERATURE (F)   65        88      1959
 MINIMUM TEMPERATURE (F)   44        23      2000


SUNRISE AND SUNSET
SEPTEMBER 29 2014.....SUNRISE   659 AM EDT   SUNSET   649 PM EDT
SEPTEMBER 30 2014.....SUNRISE   701 AM EDT   SUNSET   647 PM EDT


-  INDICATES NEGATIVE NUMBERS.
R  INDICATES RECORD WAS SET OR TIED.
MM INDICATES DATA IS MISSING.
T  INDICATES TRACE AMOUNT.




$$
