000
CDUS41 KBUF 170705
CLIART


CLIMATE REPORT
NATIONAL WEATHER SERVICE BUFFALO NY
305 AM EDT THU AUG 17 2017


...................................

...THE WATERTOWN NY CLIMATE SUMMARY FOR AUGUST 16 2017...

CLIMATE NORMAL PERIOD 1981 TO 2010
CLIMATE RECORD PERIOD 1949 TO 2017


WEATHER ITEM   OBSERVED TIME   RECORD YEAR NORMAL DEPARTURE LAST
                VALUE   (LST)  VALUE       VALUE  FROM      YEAR
                                                  NORMAL
..................................................................
TEMPERATURE (F)
 YESTERDAY
  MAXIMUM         75    307 PM  90    1987  78     -3       81
  MINIMUM         50   1129 PM  39    1979  57     -7       60
  AVERAGE         63                        67     -4       71

PRECIPITATION (IN)
  YESTERDAY        0.00          1.10 1998   0.10  -0.10     0.59
  MONTH TO DATE    1.23                      1.63  -0.40     1.49
  SINCE JUN 1     12.19                      7.13   5.06     5.49
  SINCE JAN 1     27.86                     20.28   7.58    16.49

DEGREE DAYS
 HEATING
  YESTERDAY        2                         1      1        0
  MONTH TO DATE    6                        16    -10        0
  SINCE JUN 1    119                       149    -30      103
  SINCE JUL 1     17                        42    -25        5

 COOLING
  YESTERDAY        0                         4     -4        6
  MONTH TO DATE   66                        67     -1      148
  SINCE JUN 1    270                       268      2      397
  SINCE JAN 1    289                       279     10      427
..................................................................


WIND (MPH)
  HIGHEST WIND SPEED    13   HIGHEST WIND DIRECTION     N (360)
  HIGHEST GUST SPEED    20   HIGHEST GUST DIRECTION     N (340)
  AVERAGE WIND SPEED     5.8


SKY COVER
  AVERAGE SKY COVER 0.2


WEATHER CONDITIONS
 THE FOLLOWING WEATHER WAS RECORDED YESTERDAY.
  FOG
  FOG W/VISIBILITY <= 1/4 MILE


RELATIVE HUMIDITY (PERCENT)
 HIGHEST   100          1200 AM
 LOWEST     44           100 PM
 AVERAGE    72

..........................................................


THE WATERTOWN NY CLIMATE NORMALS FOR TODAY
                         NORMAL    RECORD    YEAR
 MAXIMUM TEMPERATURE (F)   78        93      1995
 MINIMUM TEMPERATURE (F)   56        40      1979


SUNRISE AND SUNSET
AUGUST 17 2017........SUNRISE   611 AM EDT   SUNSET   805 PM EDT
AUGUST 18 2017........SUNRISE   612 AM EDT   SUNSET   803 PM EDT


-  INDICATES NEGATIVE NUMBERS.
R  INDICATES RECORD WAS SET OR TIED.
MM INDICATES DATA IS MISSING.
T  INDICATES TRACE AMOUNT.




$$
