000
CDUS41 KBUF 180705
CLIART


CLIMATE REPORT
NATIONAL WEATHER SERVICE BUFFALO NY
305 AM EDT MON SEP 18 2017


...................................

...THE WATERTOWN NY CLIMATE SUMMARY FOR SEPTEMBER 17 2017...

CLIMATE NORMAL PERIOD 1981 TO 2010
CLIMATE RECORD PERIOD 1949 TO 2017


WEATHER ITEM   OBSERVED TIME   RECORD YEAR NORMAL DEPARTURE LAST
                VALUE   (LST)  VALUE       VALUE  FROM      YEAR
                                                  NORMAL
..................................................................
TEMPERATURE (F)
 YESTERDAY
  MAXIMUM         80    336 PM  85    1955  70     10       77
  MINIMUM         50    530 AM  29    1990  48      2       62
  AVERAGE         65                        59      6       70

PRECIPITATION (IN)
  YESTERDAY        0.00          1.05 1962   0.13  -0.13     0.22
  MONTH TO DATE    1.13                      1.93  -0.80     1.89
  SINCE SEP 1      1.13                      1.93  -0.80     1.89
  SINCE JAN 1     31.86                     23.73   8.13    20.92

DEGREE DAYS
 HEATING
  YESTERDAY        0                         7     -7        0
  MONTH TO DATE  102                        80     22       58
  SINCE SEP 1    102                        80     22       58
  SINCE JUL 1    172                       152     20       69

 COOLING
  YESTERDAY        0                         1     -1        5
  MONTH TO DATE    5                        27    -22       40
  SINCE SEP 1      5                        27    -22       40
  SINCE JAN 1    335                       351    -16      554
..................................................................


WIND (MPH)
  HIGHEST WIND SPEED     8   HIGHEST WIND DIRECTION    NW (300)
  HIGHEST GUST SPEED    10   HIGHEST GUST DIRECTION     W (270)
  AVERAGE WIND SPEED     2.9


SKY COVER
  AVERAGE SKY COVER 0.0


WEATHER CONDITIONS
 THE FOLLOWING WEATHER WAS RECORDED YESTERDAY.
  FOG
  FOG W/VISIBILITY <= 1/4 MILE


RELATIVE HUMIDITY (PERCENT)
 HIGHEST   100          1200 AM
 LOWEST     58           100 PM
 AVERAGE    79

..........................................................


THE WATERTOWN NY CLIMATE NORMALS FOR TODAY
                         NORMAL    RECORD    YEAR
 MAXIMUM TEMPERATURE (F)   70        86      1955
 MINIMUM TEMPERATURE (F)   48        26      1990


SUNRISE AND SUNSET
SEPTEMBER 18 2017.....SUNRISE   647 AM EDT   SUNSET   708 PM EDT
SEPTEMBER 19 2017.....SUNRISE   648 AM EDT   SUNSET   707 PM EDT


-  INDICATES NEGATIVE NUMBERS.
R  INDICATES RECORD WAS SET OR TIED.
MM INDICATES DATA IS MISSING.
T  INDICATES TRACE AMOUNT.




$$
