000
CDUS41 KBUF 252026
CLIART


CLIMATE REPORT
NATIONAL WEATHER SERVICE BUFFALO NY
425 PM EDT WED MAR 25 2015


...................................

...THE WATERTOWN NY CLIMATE SUMMARY FOR MARCH 25 2015...
VALID TODAY AS OF 0400 PM LOCAL TIME.

CLIMATE NORMAL PERIOD 1981 TO 2010
CLIMATE RECORD PERIOD 1949 TO 2015


WEATHER ITEM   OBSERVED TIME   RECORD YEAR NORMAL DEPARTURE LAST
                VALUE   (LST)  VALUE       VALUE  FROM      YEAR
                                                  NORMAL
..................................................................
TEMPERATURE (F)
 TODAY
  MAXIMUM         51    151 PM  72    1988  44      7       36
  MINIMUM         14    612 AM   0    1960  25    -11       15
  AVERAGE         33                        34     -1       26

PRECIPITATION (IN)
  TODAY            0.04          0.43 1956   0.07  -0.03      T
  MONTH TO DATE    0.47                      1.84  -1.37     1.19
  SINCE MAR 1      0.47                      1.84  -1.37     1.19
  SINCE JAN 1      3.56                      6.72  -3.16     8.29

DEGREE DAYS
 HEATING
  TODAY           32                        31      1       39
  MONTH TO DATE  976                       893     83     1107
  SINCE MAR 1    976                       893     83     1107
  SINCE JUL 1   6496                      6334    162     6778

 COOLING
  TODAY            0                         0      0        0
  MONTH TO DATE    0                         0      0        0
  SINCE MAR 1      0                         0      0        0
  SINCE JAN 1      0                         0      0        0
..................................................................


WIND (MPH)
  HIGHEST WIND SPEED    16   HIGHEST WIND DIRECTION     S (160)
  HIGHEST GUST SPEED    26   HIGHEST GUST DIRECTION     S (190)
  AVERAGE WIND SPEED     5.1


SKY COVER
  AVERAGE SKY COVER 0.1


WEATHER CONDITIONS
 THE FOLLOWING WEATHER WAS RECORDED TODAY.
  NO SIGNIFICANT WEATHER WAS OBSERVED.


RELATIVE HUMIDITY (PERCENT)
 HIGHEST    88          1200 AM
 LOWEST     24          1200 PM
 AVERAGE    56

..........................................................


THE WATERTOWN NY CLIMATE NORMALS FOR TOMORROW
                         NORMAL    RECORD    YEAR
 MAXIMUM TEMPERATURE (F)   45        74      1986
 MINIMUM TEMPERATURE (F)   25         0      1960


SUNRISE AND SUNSET
MARCH 25 2015.........SUNRISE   659 AM EDT   SUNSET   722 PM EDT
MARCH 26 2015.........SUNRISE   657 AM EDT   SUNSET   724 PM EDT


-  INDICATES NEGATIVE NUMBERS.
R  INDICATES RECORD WAS SET OR TIED.
MM INDICATES DATA IS MISSING.
T  INDICATES TRACE AMOUNT.

$$
