000
CDUS41 KBUF 182025
CLIART


CLIMATE REPORT
NATIONAL WEATHER SERVICE BUFFALO NY
424 PM EDT TUE JUL 18 2017


...................................

...THE WATERTOWN NY CLIMATE SUMMARY FOR JULY 18 2017...
VALID TODAY AS OF 0400 PM LOCAL TIME.

CLIMATE NORMAL PERIOD 1981 TO 2010
CLIMATE RECORD PERIOD 1949 TO 2017


WEATHER ITEM   OBSERVED TIME   RECORD YEAR NORMAL DEPARTURE LAST
                VALUE   (LST)  VALUE       VALUE  FROM      YEAR
                                                  NORMAL
..................................................................
TEMPERATURE (F)
 TODAY
  MAXIMUM         80    152 PM  97    1953  80      0       86
  MINIMUM         60    332 AM  45    1973  59      1       67
  AVERAGE         70                        69      1       77

PRECIPITATION (IN)
  TODAY            0.00          0.90 1965   0.08  -0.08     0.00
  MONTH TO DATE    3.01                      1.48   1.53     0.32
  SINCE JUN 1      9.19                      4.33   4.86     3.92
  SINCE JAN 1     24.86                     17.48   7.38    14.92

DEGREE DAYS
 HEATING
  TODAY            0                         1     -1        0
  MONTH TO DATE    2                        19    -17        4
  SINCE JUN 1    104                       126    -22      102
  SINCE JUL 1      2                        19    -17        4

 COOLING
  TODAY            5                         5      0       12
  MONTH TO DATE   83                        79      4      113
  SINCE JUN 1    163                       141     22      160
  SINCE JAN 1    182                       152     30      190
..................................................................


WIND (MPH)
  HIGHEST WIND SPEED    14   HIGHEST WIND DIRECTION     W (260)
  HIGHEST GUST SPEED    16   HIGHEST GUST DIRECTION     W (260)
  AVERAGE WIND SPEED     4.6


SKY COVER
  AVERAGE SKY COVER 0.2


WEATHER CONDITIONS
 THE FOLLOWING WEATHER WAS RECORDED TODAY.
  FOG
  FOG W/VISIBILITY <= 1/4 MILE


RELATIVE HUMIDITY (PERCENT)
 HIGHEST   100          1200 AM
 LOWEST     62           300 PM
 AVERAGE    81

..........................................................


THE WATERTOWN NY CLIMATE NORMALS FOR TOMORROW
                         NORMAL    RECORD    YEAR
 MAXIMUM TEMPERATURE (F)   80        92      1964
 MINIMUM TEMPERATURE (F)   59        45      1997


SUNRISE AND SUNSET
JULY 18 2017..........SUNRISE   538 AM EDT   SUNSET   842 PM EDT
JULY 19 2017..........SUNRISE   539 AM EDT   SUNSET   841 PM EDT


-  INDICATES NEGATIVE NUMBERS.
R  INDICATES RECORD WAS SET OR TIED.
MM INDICATES DATA IS MISSING.
T  INDICATES TRACE AMOUNT.




$$
