000
CDUS41 KBUF 220705
CLIART


CLIMATE REPORT
NATIONAL WEATHER SERVICE BUFFALO NY
205 AM EST THU FEB 22 2018


...................................

...THE WATERTOWN NY CLIMATE SUMMARY FOR FEBRUARY 21 2018...

CLIMATE NORMAL PERIOD 1981 TO 2010
CLIMATE RECORD PERIOD 1949 TO 2018


WEATHER ITEM   OBSERVED TIME   RECORD YEAR NORMAL DEPARTURE LAST
                VALUE   (LST)  VALUE       VALUE  FROM      YEAR
                                                  NORMAL
..................................................................
TEMPERATURE (F)
 YESTERDAY
  MAXIMUM         66R   901 AM  63    1997  33     33       48
  MINIMUM         35   1159 PM -20    1972  12     23       18
  AVERAGE         51                        22     29       33

PRECIPITATION (IN)
  YESTERDAY        0.05          0.86 2014   0.08  -0.03      T
  MONTH TO DATE    1.15                      1.65  -0.50     1.11
  SINCE DEC 1      5.20                      7.46  -2.26     5.08
  SINCE JAN 1      3.41                      4.31  -0.90     2.89

DEGREE DAYS
 HEATING
  YESTERDAY       14                        43    -29       32
  MONTH TO DATE  801                       940   -139      821
  SINCE DEC 1   3658                      3552    106     3110
  SINCE JUL 1   5017                      5151   -134     4452

 COOLING
  YESTERDAY        0                         0      0        0
  MONTH TO DATE    0                         0      0        0
  SINCE DEC 1      0                         0      0        0
  SINCE JAN 1      0                         0      0        0
..................................................................


WIND (MPH)
  HIGHEST WIND SPEED    22   HIGHEST WIND DIRECTION     W (280)
  HIGHEST GUST SPEED    34   HIGHEST GUST DIRECTION     S (170)
  AVERAGE WIND SPEED     9.4


SKY COVER
  AVERAGE SKY COVER 0.7


WEATHER CONDITIONS
 THE FOLLOWING WEATHER WAS RECORDED YESTERDAY.
  LIGHT RAIN
  FOG


RELATIVE HUMIDITY (PERCENT)
 HIGHEST   100           600 PM
 LOWEST     63           900 AM
 AVERAGE    82

..........................................................


THE WATERTOWN NY CLIMATE NORMALS FOR TODAY
                         NORMAL    RECORD    YEAR
 MAXIMUM TEMPERATURE (F)   33        63      1981
 MINIMUM TEMPERATURE (F)   12       -22      1972


SUNRISE AND SUNSET
FEBRUARY 22 2018......SUNRISE   652 AM EST   SUNSET   543 PM EST
FEBRUARY 23 2018......SUNRISE   651 AM EST   SUNSET   545 PM EST


-  INDICATES NEGATIVE NUMBERS.
R  INDICATES RECORD WAS SET OR TIED.
MM INDICATES DATA IS MISSING.
T  INDICATES TRACE AMOUNT.




$$
