000
CDUS41 KBUF 071024
CLIART


CLIMATE REPORT
NATIONAL WEATHER SERVICE BUFFALO NY
614 AM EDT MON JUL 7 2014


...................................

...THE WATERTOWN NY CLIMATE SUMMARY FOR JULY 6 2014...

CLIMATE NORMAL PERIOD 1981 TO 2010
CLIMATE RECORD PERIOD 1949 TO 2014


WEATHER ITEM   OBSERVED TIME   RECORD YEAR NORMAL DEPARTURE LAST
                VALUE   (LST)  VALUE       VALUE  FROM      YEAR
                                                  NORMAL
..................................................................
TEMPERATURE (F)
 YESTERDAY
  MAXIMUM         80    417 PM  93    1993  79      1       81
  MINIMUM         60    434 AM  40    1962  57      3       66
  AVERAGE         70                        68      2       74

PRECIPITATION (IN)
  YESTERDAY        0.00          2.34 1959   0.09  -0.09     0.00
  MONTH TO DATE    0.49                      0.50  -0.01     1.08
  SINCE JUN 1      3.40                      3.35   0.05     7.12
  SINCE JAN 1     22.00                     16.50   5.50    17.74

DEGREE DAYS
 HEATING
  YESTERDAY        0                         1     -1        0
  MONTH TO DATE    3                         7     -4        0
  SINCE JUN 1     65                       114    -49      103
  SINCE JUL 1      3                         7     -4        0

 COOLING
  YESTERDAY        5                         4      1        9
  MONTH TO DATE   43                        24     19       50
  SINCE JUN 1    155                        86     69      124
  SINCE JAN 1    178                        97     81      156
..................................................................


WIND (MPH)
  HIGHEST WIND SPEED    20   HIGHEST WIND DIRECTION    SW (220)
  HIGHEST GUST SPEED    26   HIGHEST GUST DIRECTION     W (260)
  AVERAGE WIND SPEED     9.0


SKY COVER
  AVERAGE SKY COVER 0.0


WEATHER CONDITIONS
 THE FOLLOWING WEATHER WAS RECORDED YESTERDAY.
  NO SIGNIFICANT WEATHER WAS OBSERVED.


RELATIVE HUMIDITY (PERCENT)
 HIGHEST    78           500 AM
 LOWEST     36           300 PM
 AVERAGE    57

..........................................................


THE WATERTOWN NY CLIMATE NORMALS FOR TODAY
                         NORMAL    RECORD    YEAR
 MAXIMUM TEMPERATURE (F)   79        99      2008
 MINIMUM TEMPERATURE (F)   58        41      1990


SUNRISE AND SUNSET
JULY  7 2014..........SUNRISE   529 AM EDT   SUNSET   849 PM EDT
JULY  8 2014..........SUNRISE   530 AM EDT   SUNSET   848 PM EDT


-  INDICATES NEGATIVE NUMBERS.
R  INDICATES RECORD WAS SET OR TIED.
MM INDICATES DATA IS MISSING.
T  INDICATES TRACE AMOUNT.




$$
