000
CDUS41 KBUF 171021
CLIART


CLIMATE REPORT
NATIONAL WEATHER SERVICE BUFFALO NY
620 AM EDT WED SEP 17 2014


...................................

...THE WATERTOWN NY CLIMATE SUMMARY FOR SEPTEMBER 16 2014...

CLIMATE NORMAL PERIOD 1981 TO 2010
CLIMATE RECORD PERIOD 1949 TO 2014


WEATHER ITEM   OBSERVED TIME   RECORD YEAR NORMAL DEPARTURE LAST
                VALUE   (LST)  VALUE       VALUE  FROM      YEAR
                                                  NORMAL
..................................................................
TEMPERATURE (F)
 YESTERDAY
  MAXIMUM         66    323 PM  88    1991  70     -4       56
  MINIMUM         43   1139 PM  30    1959  49     -6       34
  AVERAGE         55                        60     -5       45

PRECIPITATION (IN)
  YESTERDAY        0.24          3.66 2005   0.12   0.12     0.06
  MONTH TO DATE    1.29                      1.80  -0.51     1.72
  SINCE SEP 1      1.29                      1.80  -0.51     1.72
  SINCE JAN 1     33.55                     23.60   9.95    23.52

DEGREE DAYS
 HEATING
  YESTERDAY       10                         7      3       20
  MONTH TO DATE   78                        73      5       88
  SINCE SEP 1     78                        73      5       88
  SINCE JUL 1    128                       145    -17      131

 COOLING
  YESTERDAY        0                         1     -1        0
  MONTH TO DATE   52                        26     26       48
  SINCE SEP 1     52                        26     26       48
  SINCE JAN 1    412                       350     62      481
..................................................................


WIND (MPH)
  HIGHEST WIND SPEED    14   HIGHEST WIND DIRECTION     W (260)
  HIGHEST GUST SPEED    20   HIGHEST GUST DIRECTION    SW (230)
  AVERAGE WIND SPEED     5.6


SKY COVER
  AVERAGE SKY COVER 0.5


WEATHER CONDITIONS
 THE FOLLOWING WEATHER WAS RECORDED YESTERDAY.
  HEAVY RAIN
  RAIN
  LIGHT RAIN
  FOG
  HAZE


RELATIVE HUMIDITY (PERCENT)
 HIGHEST    86           700 AM
 LOWEST     48           200 PM
 AVERAGE    67

..........................................................


THE WATERTOWN NY CLIMATE NORMALS FOR TODAY
                         NORMAL    RECORD    YEAR
 MAXIMUM TEMPERATURE (F)   70        85      1955
 MINIMUM TEMPERATURE (F)   48        29      1990


SUNRISE AND SUNSET
SEPTEMBER 17 2014.....SUNRISE   645 AM EDT   SUNSET   711 PM EDT
SEPTEMBER 18 2014.....SUNRISE   647 AM EDT   SUNSET   709 PM EDT


-  INDICATES NEGATIVE NUMBERS.
R  INDICATES RECORD WAS SET OR TIED.
MM INDICATES DATA IS MISSING.
T  INDICATES TRACE AMOUNT.

$$
