000
CDUS41 KBUF 300705
CLIART


CLIMATE REPORT
NATIONAL WEATHER SERVICE BUFFALO NY
305 AM EDT THU MAR 30 2017


...................................

...THE WATERTOWN NY CLIMATE SUMMARY FOR MARCH 29 2017...

CLIMATE NORMAL PERIOD 1981 TO 2010
CLIMATE RECORD PERIOD 1949 TO 2017


WEATHER ITEM   OBSERVED TIME   RECORD YEAR NORMAL DEPARTURE LAST
                VALUE   (LST)  VALUE       VALUE  FROM      YEAR
                                                  NORMAL
..................................................................
TEMPERATURE (F)
 YESTERDAY
  MAXIMUM         45    258 PM  78    1977  46     -1       44
  MINIMUM         24    614 AM   9    1974  26     -2       27
  AVERAGE         35                        36     -1       36

PRECIPITATION (IN)
  YESTERDAY        0.00          0.66 1954   0.07  -0.07      T
  MONTH TO DATE    1.88                      2.14  -0.26     1.97
  SINCE MAR 1      1.88                      2.14  -0.26     1.97
  SINCE JAN 1      5.51                      7.02  -1.51     7.78

DEGREE DAYS
 HEATING
  YESTERDAY       30                        29      1       29
  MONTH TO DATE 1113                      1011    102      883
  SINCE MAR 1   1113                      1011    102      883
  SINCE JUL 1   5724                      6452   -728     5531

 COOLING
  YESTERDAY        0                         0      0        0
  MONTH TO DATE    0                         0      0        0
  SINCE MAR 1      0                         0      0        0
  SINCE JAN 1      0                         0      0        0
..................................................................


WIND (MPH)
  HIGHEST WIND SPEED    20   HIGHEST WIND DIRECTION    NW (330)
  HIGHEST GUST SPEED    26   HIGHEST GUST DIRECTION    NW (330)
  AVERAGE WIND SPEED     6.8


SKY COVER
  AVERAGE SKY COVER 0.4


WEATHER CONDITIONS
 THE FOLLOWING WEATHER WAS RECORDED YESTERDAY.
  NO SIGNIFICANT WEATHER WAS OBSERVED.


RELATIVE HUMIDITY (PERCENT)
 HIGHEST   100           200 AM
 LOWEST     49           100 PM
 AVERAGE    75

..........................................................


THE WATERTOWN NY CLIMATE NORMALS FOR TODAY
                         NORMAL    RECORD    YEAR
 MAXIMUM TEMPERATURE (F)   47        84      1977
 MINIMUM TEMPERATURE (F)   27         7      1965


SUNRISE AND SUNSET
MARCH 30 2017.........SUNRISE   649 AM EDT   SUNSET   729 PM EDT
MARCH 31 2017.........SUNRISE   647 AM EDT   SUNSET   730 PM EDT


-  INDICATES NEGATIVE NUMBERS.
R  INDICATES RECORD WAS SET OR TIED.
MM INDICATES DATA IS MISSING.
T  INDICATES TRACE AMOUNT.




$$
