000
CDUS41 KBUF 140705
CLIART


CLIMATE REPORT
NATIONAL WEATHER SERVICE BUFFALO NY
205 AM EST THU DEC 14 2017


...................................

...THE WATERTOWN NY CLIMATE SUMMARY FOR DECEMBER 13 2017...

CLIMATE NORMAL PERIOD 1981 TO 2010
CLIMATE RECORD PERIOD 1949 TO 2017


WEATHER ITEM   OBSERVED TIME   RECORD YEAR NORMAL DEPARTURE LAST
                VALUE   (LST)  VALUE       VALUE  FROM      YEAR
                                                  NORMAL
..................................................................
TEMPERATURE (F)
 YESTERDAY
  MAXIMUM         18   1205 AM  56    1991  36    -18       36
  MINIMUM         -1    827 PM -22    2005  19    -20       24
  AVERAGE          9                        27    -18       30

PRECIPITATION (IN)
  YESTERDAY        T             0.88 1996   0.10  -0.10     0.03
  MONTH TO DATE    0.97                      1.42  -0.45     0.89
  SINCE DEC 1      0.97                      1.42  -0.45     0.89
  SINCE JAN 1     47.86                     34.35  13.51    29.22

DEGREE DAYS
 HEATING
  YESTERDAY       56                        38     18       35
  MONTH TO DATE  436                       459    -23      426
  SINCE DEC 1    436                       459    -23      426
  SINCE JUL 1   1795                      2058   -263     1768

 COOLING
  YESTERDAY        0                         0      0        0
  MONTH TO DATE    0                         0      0        0
  SINCE DEC 1      0                         0      0        0
  SINCE JAN 1    389                       362     27      566
..................................................................


WIND (MPH)
  HIGHEST WIND SPEED    18   HIGHEST WIND DIRECTION    NW (300)
  HIGHEST GUST SPEED    22   HIGHEST GUST DIRECTION     W (260)
  AVERAGE WIND SPEED     9.1


SKY COVER
  AVERAGE SKY COVER 0.6


WEATHER CONDITIONS
 THE FOLLOWING WEATHER WAS RECORDED YESTERDAY.
  LIGHT SNOW
  FOG
  HAZE


RELATIVE HUMIDITY (PERCENT)
 HIGHEST    96           100 AM
 LOWEST     67           400 PM
 AVERAGE    82

..........................................................


THE WATERTOWN NY CLIMATE NORMALS FOR TODAY
                         NORMAL    RECORD    YEAR
 MAXIMUM TEMPERATURE (F)   35        67      2015
 MINIMUM TEMPERATURE (F)   18       -20      2005
                                             1989


SUNRISE AND SUNSET
DECEMBER 14 2017......SUNRISE   731 AM EST   SUNSET   427 PM EST
DECEMBER 15 2017......SUNRISE   732 AM EST   SUNSET   427 PM EST


-  INDICATES NEGATIVE NUMBERS.
R  INDICATES RECORD WAS SET OR TIED.
MM INDICATES DATA IS MISSING.
T  INDICATES TRACE AMOUNT.




$$
