000
CDUS41 KBUF 240706
CLIART


CLIMATE REPORT
NATIONAL WEATHER SERVICE BUFFALO NY
305 AM EDT TUE MAR 24 2015


...................................

...THE WATERTOWN NY CLIMATE SUMMARY FOR MARCH 23 2015...

CLIMATE NORMAL PERIOD 1981 TO 2010
CLIMATE RECORD PERIOD 1949 TO 2015


WEATHER ITEM   OBSERVED TIME   RECORD YEAR NORMAL DEPARTURE LAST
                VALUE   (LST)  VALUE       VALUE  FROM      YEAR
                                                  NORMAL
..................................................................
TEMPERATURE (F)
 YESTERDAY
  MAXIMUM         21    340 PM  73    1979  43    -22       31
  MINIMUM          8    616 AM   1    1992  24    -16       15
  AVERAGE         15                        34    -19       23

PRECIPITATION (IN)
  YESTERDAY        0.00          1.64 1950   0.07  -0.07     0.01
  MONTH TO DATE    0.43                      1.69  -1.26     1.19
  SINCE MAR 1      0.43                      1.69  -1.26     1.19
  SINCE JAN 1      3.52                      6.57  -3.05     8.29

DEGREE DAYS
 HEATING
  YESTERDAY       50                        32     18       42
  MONTH TO DATE  898                       831     67     1018
  SINCE MAR 1    898                       831     67     1018
  SINCE JUL 1   6418                      6272    146     6689

 COOLING
  YESTERDAY        0                         0      0        0
  MONTH TO DATE    0                         0      0        0
  SINCE MAR 1      0                         0      0        0
  SINCE JAN 1      0                         0      0        0
..................................................................


WIND (MPH)
  HIGHEST WIND SPEED    15   HIGHEST WIND DIRECTION     W (260)
  HIGHEST GUST SPEED    19   HIGHEST GUST DIRECTION     W (260)
  AVERAGE WIND SPEED     7.1


SKY COVER
  AVERAGE SKY COVER 0.0


WEATHER CONDITIONS
 THE FOLLOWING WEATHER WAS RECORDED YESTERDAY.
  NO SIGNIFICANT WEATHER WAS OBSERVED.


RELATIVE HUMIDITY (PERCENT)
 HIGHEST    70           300 AM
 LOWEST     43          1200 PM
 AVERAGE    57

..........................................................


THE WATERTOWN NY CLIMATE NORMALS FOR TODAY
                         NORMAL    RECORD    YEAR
 MAXIMUM TEMPERATURE (F)   44        70      1976
 MINIMUM TEMPERATURE (F)   24        -3      1965


SUNRISE AND SUNSET
MARCH 24 2015.........SUNRISE   700 AM EDT   SUNSET   721 PM EDT
MARCH 25 2015.........SUNRISE   659 AM EDT   SUNSET   722 PM EDT


-  INDICATES NEGATIVE NUMBERS.
R  INDICATES RECORD WAS SET OR TIED.
MM INDICATES DATA IS MISSING.
T  INDICATES TRACE AMOUNT.




$$
