000
CDUS41 KBUF 231004
CLIART


CLIMATE REPORT
NATIONAL WEATHER SERVICE BUFFALO NY
604 AM EDT SAT JUL 23 2016


...................................

...THE WATERTOWN NY CLIMATE SUMMARY FOR JULY 22 2016...

CLIMATE NORMAL PERIOD 1981 TO 2010
CLIMATE RECORD PERIOD 1949 TO 2016


WEATHER ITEM   OBSERVED TIME   RECORD YEAR NORMAL DEPARTURE LAST
                VALUE   (LST)  VALUE       VALUE  FROM      YEAR
                                                  NORMAL
..................................................................
TEMPERATURE (F)
 YESTERDAY
  MAXIMUM         86   1221 PM  94    1955  80      6       72
  MINIMUM         64   1159 PM  46    1997  59      5       59
  AVERAGE         75                        69      6       66

PRECIPITATION (IN)
  YESTERDAY        T             0.72 1960   0.09  -0.09     0.00
  MONTH TO DATE    0.32                      1.83  -1.51     1.34
  SINCE JUN 1      3.92                      4.68  -0.76     7.05
  SINCE JAN 1     14.92                     17.83  -2.91    14.45

DEGREE DAYS
 HEATING
  YESTERDAY        0                         1     -1        0
  MONTH TO DATE    5                        23    -18       38
  SINCE JUN 1    103                       130    -27      154
  SINCE JUL 1      5                        23    -18       38

 COOLING
  YESTERDAY       10                         5      5        1
  MONTH TO DATE  133                        99     34       68
  SINCE JUN 1    180                       161     19       99
  SINCE JAN 1    210                       172     38      145
..................................................................


WIND (MPH)
  HIGHEST WIND SPEED    22   HIGHEST WIND DIRECTION    SW (230)
  HIGHEST GUST SPEED    30   HIGHEST GUST DIRECTION    SW (230)
  AVERAGE WIND SPEED    12.2


SKY COVER
  AVERAGE SKY COVER 0.2


WEATHER CONDITIONS
 THE FOLLOWING WEATHER WAS RECORDED YESTERDAY.
  NO SIGNIFICANT WEATHER WAS OBSERVED.


RELATIVE HUMIDITY (PERCENT)
 HIGHEST    87          1100 PM
 LOWEST     45          1200 AM
 AVERAGE    66

..........................................................


THE WATERTOWN NY CLIMATE NORMALS FOR TODAY
                         NORMAL    RECORD    YEAR
 MAXIMUM TEMPERATURE (F)   80        93      1964
 MINIMUM TEMPERATURE (F)   59        39      1981


SUNRISE AND SUNSET
JULY 23 2016..........SUNRISE   543 AM EDT   SUNSET   837 PM EDT
JULY 24 2016..........SUNRISE   544 AM EDT   SUNSET   836 PM EDT


-  INDICATES NEGATIVE NUMBERS.
R  INDICATES RECORD WAS SET OR TIED.
MM INDICATES DATA IS MISSING.
T  INDICATES TRACE AMOUNT.




$$
