000
CDUS41 KBUF 210706
CLIART


CLIMATE REPORT
NATIONAL WEATHER SERVICE BUFFALO NY
305 AM EDT THU APR 21 2016


...................................

...THE WATERTOWN NY CLIMATE SUMMARY FOR APRIL 20 2016...

CLIMATE NORMAL PERIOD 1981 TO 2010
CLIMATE RECORD PERIOD 1949 TO 2016


WEATHER ITEM   OBSERVED TIME   RECORD YEAR NORMAL DEPARTURE LAST
                VALUE   (LST)  VALUE       VALUE  FROM      YEAR
                                                  NORMAL
..................................................................
TEMPERATURE (F)
 YESTERDAY
  MAXIMUM         61    448 PM  83    1957  57      4       63
  MINIMUM         27    529 AM  20    1969  35     -8       44
  AVERAGE         44                        46     -2       54

PRECIPITATION (IN)
  YESTERDAY        0.00          0.97 2011   0.09  -0.09     0.42
  MONTH TO DATE    0.83                      1.94  -1.11     1.60
  SINCE MAR 1      3.48                      4.24  -0.76     2.43
  SINCE JAN 1      9.29                      9.12   0.17     5.52

DEGREE DAYS
 HEATING
  YESTERDAY       21                        19      2       11
  MONTH TO DATE  539                       464     75      405
  SINCE MAR 1   1450                      1530    -80     1586
  SINCE JUL 1   6098                      6971   -873     7106

 COOLING
  YESTERDAY        0                         0      0        0
  MONTH TO DATE    0                         0      0        0
  SINCE MAR 1      0                         0      0        0
  SINCE JAN 1      0                         0      0        0
..................................................................


WIND (MPH)
  HIGHEST WIND SPEED    13   HIGHEST WIND DIRECTION     W (270)
  HIGHEST GUST SPEED    16   HIGHEST GUST DIRECTION    NE (60)
  AVERAGE WIND SPEED     4.2


SKY COVER
  AVERAGE SKY COVER 0.0


WEATHER CONDITIONS
 THE FOLLOWING WEATHER WAS RECORDED YESTERDAY.
  NO SIGNIFICANT WEATHER WAS OBSERVED.


RELATIVE HUMIDITY (PERCENT)
 HIGHEST    92          1200 AM
 LOWEST     20           400 PM
 AVERAGE    56

..........................................................


THE WATERTOWN NY CLIMATE NORMALS FOR TODAY
                         NORMAL    RECORD    YEAR
 MAXIMUM TEMPERATURE (F)   57        85      1976
 MINIMUM TEMPERATURE (F)   35        22      2013
                                             1981


SUNRISE AND SUNSET
APRIL 21 2016.........SUNRISE   610 AM EDT   SUNSET   756 PM EDT
APRIL 22 2016.........SUNRISE   609 AM EDT   SUNSET   757 PM EDT


-  INDICATES NEGATIVE NUMBERS.
R  INDICATES RECORD WAS SET OR TIED.
MM INDICATES DATA IS MISSING.
T  INDICATES TRACE AMOUNT.




$$
