582
CDUS41 KBUF 170705
CLIART


CLIMATE REPORT
NATIONAL WEATHER SERVICE BUFFALO NY
305 AM EDT TUE OCT 17 2017


...................................

...THE WATERTOWN NY CLIMATE SUMMARY FOR OCTOBER 16 2017...

CLIMATE NORMAL PERIOD 1981 TO 2010
CLIMATE RECORD PERIOD 1949 TO 2017


WEATHER ITEM   OBSERVED TIME   RECORD YEAR NORMAL DEPARTURE LAST
                VALUE   (LST)  VALUE       VALUE  FROM      YEAR
                                                  NORMAL
..................................................................
TEMPERATURE (F)
 YESTERDAY
  MAXIMUM         48    221 PM  79    1989  58    -10       71
  MINIMUM         29   1159 PM  21    1994  38     -9       58
  AVERAGE         39                        48     -9       65

PRECIPITATION (IN)
  YESTERDAY        T             2.29 1955   0.11  -0.11     0.20
  MONTH TO DATE    5.56                      1.98   3.58     1.75
  SINCE SEP 1      6.85                      5.70   1.15     4.20
  SINCE JAN 1     37.58                     27.50  10.08    23.23

DEGREE DAYS
 HEATING
  YESTERDAY       26                        17      9        0
  MONTH TO DATE  124                       232   -108      165
  SINCE SEP 1    271                       434   -163      309
  SINCE JUL 1    341                       506   -165      320

 COOLING
  YESTERDAY        0                         0      0        0
  MONTH TO DATE    5                         0      5        0
  SINCE SEP 1     58                        35     23       47
  SINCE JAN 1    388                       359     29      561
..................................................................


WIND (MPH)
  HIGHEST WIND SPEED    17   HIGHEST WIND DIRECTION    NW (310)
  HIGHEST GUST SPEED    21   HIGHEST GUST DIRECTION    NW (320)
  AVERAGE WIND SPEED     5.9


SKY COVER
  AVERAGE SKY COVER 0.7


WEATHER CONDITIONS
 THE FOLLOWING WEATHER WAS RECORDED YESTERDAY.
  LIGHT RAIN


RELATIVE HUMIDITY (PERCENT)
 HIGHEST   100           800 PM
 LOWEST     60           100 PM
 AVERAGE    80

..........................................................


THE WATERTOWN NY CLIMATE NORMALS FOR TODAY
                         NORMAL    RECORD    YEAR
 MAXIMUM TEMPERATURE (F)   58        78      1980
 MINIMUM TEMPERATURE (F)   38        20      1997


SUNRISE AND SUNSET
OCTOBER 17 2017.......SUNRISE   721 AM EDT   SUNSET   617 PM EDT
OCTOBER 18 2017.......SUNRISE   723 AM EDT   SUNSET   615 PM EDT


-  INDICATES NEGATIVE NUMBERS.
R  INDICATES RECORD WAS SET OR TIED.
MM INDICATES DATA IS MISSING.
T  INDICATES TRACE AMOUNT.




$$
