000
CDUS41 KBUF 150705
CLIART


CLIMATE REPORT
NATIONAL WEATHER SERVICE BUFFALO NY
305 AM EDT THU JUN 15 2017


...................................

...THE WATERTOWN NY CLIMATE SUMMARY FOR JUNE 14 2017...

CLIMATE NORMAL PERIOD 1981 TO 2010
CLIMATE RECORD PERIOD 1949 TO 2017


WEATHER ITEM   OBSERVED TIME   RECORD YEAR NORMAL DEPARTURE LAST
                VALUE   (LST)  VALUE       VALUE  FROM      YEAR
                                                  NORMAL
..................................................................
TEMPERATURE (F)
 YESTERDAY
  MAXIMUM         73    442 PM  95    1949  74     -1       66
  MINIMUM         46    502 AM  36    2016  52     -6       36
  AVERAGE         60                        63     -3       51

PRECIPITATION (IN)
  YESTERDAY        0.00          0.58 2002   0.10  -0.10     0.00
  MONTH TO DATE    1.33                      1.41  -0.08     2.52
  SINCE JUN 1      1.33                      1.41  -0.08     2.52
  SINCE JAN 1     17.00                     14.56   2.44    13.52

DEGREE DAYS
 HEATING
  YESTERDAY        5                         4      1       14
  MONTH TO DATE   83                        70     13       81
  SINCE JUN 1     83                        70     13       81
  SINCE JUL 1   6732                      7546   -814     6721

 COOLING
  YESTERDAY        0                         2     -2        0
  MONTH TO DATE   26                        17      9        7
  SINCE JUN 1     26                        17      9        7
  SINCE JAN 1     45                        28     17       37
..................................................................


WIND (MPH)
  HIGHEST WIND SPEED    16   HIGHEST WIND DIRECTION    NE (40)
  HIGHEST GUST SPEED    20   HIGHEST GUST DIRECTION     N (10)
  AVERAGE WIND SPEED     7.2


SKY COVER
  AVERAGE SKY COVER 0.0


WEATHER CONDITIONS
 THE FOLLOWING WEATHER WAS RECORDED YESTERDAY.
  NO SIGNIFICANT WEATHER WAS OBSERVED.


RELATIVE HUMIDITY (PERCENT)
 HIGHEST   100          1200 AM
 LOWEST     34           600 PM
 AVERAGE    67

..........................................................


THE WATERTOWN NY CLIMATE NORMALS FOR TODAY
                         NORMAL    RECORD    YEAR
 MAXIMUM TEMPERATURE (F)   74        90      1949
 MINIMUM TEMPERATURE (F)   53        36      1965


SUNRISE AND SUNSET
JUNE 15 2017..........SUNRISE   521 AM EDT   SUNSET   849 PM EDT
JUNE 16 2017..........SUNRISE   521 AM EDT   SUNSET   849 PM EDT


-  INDICATES NEGATIVE NUMBERS.
R  INDICATES RECORD WAS SET OR TIED.
MM INDICATES DATA IS MISSING.
T  INDICATES TRACE AMOUNT.




$$
