000
CDUS41 KBUF 230705
CLIART


CLIMATE REPORT
NATIONAL WEATHER SERVICE BUFFALO NY
305 AM EDT SUN AUG 23 2015


...................................

...THE WATERTOWN NY CLIMATE SUMMARY FOR AUGUST 22 2015...

CLIMATE NORMAL PERIOD 1981 TO 2010
CLIMATE RECORD PERIOD 1949 TO 2015


WEATHER ITEM   OBSERVED TIME   RECORD YEAR NORMAL DEPARTURE LAST
                VALUE   (LST)  VALUE       VALUE  FROM      YEAR
                                                  NORMAL
..................................................................
TEMPERATURE (F)
 YESTERDAY
  MAXIMUM         75    339 PM  88    1974  78     -3       78
  MINIMUM         51    534 AM  34    1988  56     -5       62
  AVERAGE         63                        66     -3       70

PRECIPITATION (IN)
  YESTERDAY        0.00          2.29 2014   0.11  -0.11     2.29
  MONTH TO DATE    2.62                      2.26   0.36     5.07
  SINCE JUN 1      9.92                      7.76   2.16    13.01
  SINCE JAN 1     17.32                     20.91  -3.59    31.61

DEGREE DAYS
 HEATING
  YESTERDAY        2                         2      0        0
  MONTH TO DATE    7                        25    -18       21
  SINCE JUN 1    161                       158      3      102
  SINCE JUL 1     45                        51     -6       40

 COOLING
  YESTERDAY        0                         3     -3        5
  MONTH TO DATE   95                        87      8       64
  SINCE JUN 1    249                       288    -39      299
  SINCE JAN 1    295                       299     -4      322
..................................................................


WIND (MPH)
  HIGHEST WIND SPEED    13   HIGHEST WIND DIRECTION    SW (230)
  HIGHEST GUST SPEED    15   HIGHEST GUST DIRECTION    SW (230)
  AVERAGE WIND SPEED     2.7


SKY COVER
  AVERAGE SKY COVER 0.3


WEATHER CONDITIONS
 THE FOLLOWING WEATHER WAS RECORDED YESTERDAY.
  FOG
  FOG W/VISIBILITY <= 1/4 MILE


RELATIVE HUMIDITY (PERCENT)
 HIGHEST   100           500 AM
 LOWEST     50          1200 PM
 AVERAGE    75

..........................................................


THE WATERTOWN NY CLIMATE NORMALS FOR TODAY
                         NORMAL    RECORD    YEAR
 MAXIMUM TEMPERATURE (F)   77        85      1954
 MINIMUM TEMPERATURE (F)   55        38      1973


SUNRISE AND SUNSET
AUGUST 23 2015........SUNRISE   617 AM EDT   SUNSET   756 PM EDT
AUGUST 24 2015........SUNRISE   618 AM EDT   SUNSET   754 PM EDT


-  INDICATES NEGATIVE NUMBERS.
R  INDICATES RECORD WAS SET OR TIED.
MM INDICATES DATA IS MISSING.
T  INDICATES TRACE AMOUNT.




$$
