000
CDUS41 KBUF 211013
CLIART


CLIMATE REPORT
NATIONAL WEATHER SERVICE BUFFALO NY
613 AM EDT TUE MAR 21 2017


...................................

...THE WATERTOWN NY CLIMATE SUMMARY FOR MARCH 20 2017...

CLIMATE NORMAL PERIOD 1981 TO 2010
CLIMATE RECORD PERIOD 1949 TO 2017


WEATHER ITEM   OBSERVED TIME   RECORD YEAR NORMAL DEPARTURE LAST
                VALUE   (LST)  VALUE       VALUE  FROM      YEAR
                                                  NORMAL
..................................................................
TEMPERATURE (F)
 YESTERDAY
  MAXIMUM         37    536 PM  74    2012  42     -5       40
  MINIMUM         12    406 AM   1    1956  22    -10       12
  AVERAGE         25                        32     -7       26

PRECIPITATION (IN)
  YESTERDAY        0.00          0.67 2003   0.07  -0.07     0.00
  MONTH TO DATE    1.48                      1.47   0.01     1.20
  SINCE MAR 1      1.48                      1.47   0.01     1.20
  SINCE JAN 1      5.11                      6.35  -1.24     7.01

DEGREE DAYS
 HEATING
  YESTERDAY       40                        33      7       39
  MONTH TO DATE  827                       735     92      625
  SINCE MAR 1    827                       735     92      625
  SINCE JUL 1   5438                      6176   -738     5273

 COOLING
  YESTERDAY        0                         0      0        0
  MONTH TO DATE    0                         0      0        0
  SINCE MAR 1      0                         0      0        0
  SINCE JAN 1      0                         0      0        0
..................................................................


WIND (MPH)
  HIGHEST WIND SPEED    15   HIGHEST WIND DIRECTION    SW (230)
  HIGHEST GUST SPEED    18   HIGHEST GUST DIRECTION    SW (220)
  AVERAGE WIND SPEED     5.3


SKY COVER
  AVERAGE SKY COVER 0.7


WEATHER CONDITIONS
 THE FOLLOWING WEATHER WAS RECORDED YESTERDAY.
  FOG


RELATIVE HUMIDITY (PERCENT)
 HIGHEST   100          1200 AM
 LOWEST     76           300 PM
 AVERAGE    88

..........................................................


THE WATERTOWN NY CLIMATE NORMALS FOR TODAY
                         NORMAL    RECORD    YEAR
 MAXIMUM TEMPERATURE (F)   43        76      2012
 MINIMUM TEMPERATURE (F)   23        -1      1988


SUNRISE AND SUNSET
MARCH 21 2017.........SUNRISE   705 AM EDT   SUNSET   718 PM EDT
MARCH 22 2017.........SUNRISE   703 AM EDT   SUNSET   719 PM EDT


-  INDICATES NEGATIVE NUMBERS.
R  INDICATES RECORD WAS SET OR TIED.
MM INDICATES DATA IS MISSING.
T  INDICATES TRACE AMOUNT.




$$
