000
CDUS41 KBUF 150705
CLIART


CLIMATE REPORT
NATIONAL WEATHER SERVICE BUFFALO NY
305 AM EDT SUN OCT 15 2017


...................................

...THE WATERTOWN NY CLIMATE SUMMARY FOR OCTOBER 14 2017...

CLIMATE NORMAL PERIOD 1981 TO 2010
CLIMATE RECORD PERIOD 1949 TO 2017


WEATHER ITEM   OBSERVED TIME   RECORD YEAR NORMAL DEPARTURE LAST
                VALUE   (LST)  VALUE       VALUE  FROM      YEAR
                                                  NORMAL
..................................................................
TEMPERATURE (F)
 YESTERDAY
  MAXIMUM         67    132 PM  83    2014  59      8       56
  MINIMUM         58    616 AM  22    1991  39     19       27
  AVERAGE         63                        49     14       42

PRECIPITATION (IN)
  YESTERDAY        T             1.08 1982   0.12  -0.12     0.00
  MONTH TO DATE    5.51                      1.76   3.75     1.55
  SINCE SEP 1      6.80                      5.48   1.32     4.00
  SINCE JAN 1     37.53                     27.28  10.25    23.03

DEGREE DAYS
 HEATING
  YESTERDAY        2                        16    -14       23
  MONTH TO DATE   97                       198   -101      149
  SINCE SEP 1    244                       400   -156      293
  SINCE JUL 1    314                       472   -158      304

 COOLING
  YESTERDAY        0                         0      0        0
  MONTH TO DATE    5                         0      5        0
  SINCE SEP 1     58                        35     23       47
  SINCE JAN 1    388                       359     29      561
..................................................................


WIND (MPH)
  HIGHEST WIND SPEED    13   HIGHEST WIND DIRECTION    SW (210)
  HIGHEST GUST SPEED    19   HIGHEST GUST DIRECTION    SW (210)
  AVERAGE WIND SPEED     5.7


SKY COVER
  AVERAGE SKY COVER 1.0


WEATHER CONDITIONS
 THE FOLLOWING WEATHER WAS RECORDED YESTERDAY.
  LIGHT RAIN
  FOG


RELATIVE HUMIDITY (PERCENT)
 HIGHEST   100           600 AM
 LOWEST     78          1200 AM
 AVERAGE    89

..........................................................


THE WATERTOWN NY CLIMATE NORMALS FOR TODAY
                         NORMAL    RECORD    YEAR
 MAXIMUM TEMPERATURE (F)   58        78      2014
                                             1954
 MINIMUM TEMPERATURE (F)   38        19      1996


SUNRISE AND SUNSET
OCTOBER 15 2017.......SUNRISE   719 AM EDT   SUNSET   620 PM EDT
OCTOBER 16 2017.......SUNRISE   720 AM EDT   SUNSET   618 PM EDT


-  INDICATES NEGATIVE NUMBERS.
R  INDICATES RECORD WAS SET OR TIED.
MM INDICATES DATA IS MISSING.
T  INDICATES TRACE AMOUNT.




$$
