000
CDUS41 KBUF 010705
CLIART


CLIMATE REPORT
NATIONAL WEATHER SERVICE BUFFALO NY
305 AM EDT TUE SEP 1 2015


...................................

...THE WATERTOWN NY CLIMATE SUMMARY FOR AUGUST 31 2015...

CLIMATE NORMAL PERIOD 1981 TO 2010
CLIMATE RECORD PERIOD 1949 TO 2015


WEATHER ITEM   OBSERVED TIME   RECORD YEAR NORMAL DEPARTURE LAST
                VALUE   (LST)  VALUE       VALUE  FROM      YEAR
                                                  NORMAL
..................................................................
TEMPERATURE (F)
 YESTERDAY
  MAXIMUM         79    236 PM  91    1993  76      3       78
  MINIMUM         62   1159 PM  34    1976  53      9       70
  AVERAGE         71                        65      6       74

PRECIPITATION (IN)
  YESTERDAY        0.00          3.90 2005   0.10  -0.10     0.52
  MONTH TO DATE    2.65                      3.15  -0.50     5.72
  SINCE JUN 1      9.95                      8.65   1.30    13.66
  SINCE JAN 1     17.35                     21.80  -4.45    32.26

DEGREE DAYS
 HEATING
  YESTERDAY        0                         3     -3        0
  MONTH TO DATE   17                        45    -28       31
  SINCE JUN 1    171                       179     -8      112
  SINCE JUL 1     55                        72    -17       50

 COOLING
  YESTERDAY        6                         2      4        9
  MONTH TO DATE  106                       112     -6      102
  SINCE JUN 1    260                       313    -53      337
  SINCE JAN 1    306                       324    -18      360
..................................................................


WIND (MPH)
  HIGHEST WIND SPEED    16   HIGHEST WIND DIRECTION    SW (220)
  HIGHEST GUST SPEED    21   HIGHEST GUST DIRECTION     W (260)
  AVERAGE WIND SPEED     6.6


SKY COVER
  AVERAGE SKY COVER 0.4


WEATHER CONDITIONS
 THE FOLLOWING WEATHER WAS RECORDED YESTERDAY.
  FOG
  FOG W/VISIBILITY <= 1/4 MILE
  HAZE


RELATIVE HUMIDITY (PERCENT)
 HIGHEST    93           600 AM
 LOWEST     67          1200 PM
 AVERAGE    80

..........................................................


THE WATERTOWN NY CLIMATE NORMALS FOR TODAY
                         NORMAL    RECORD    YEAR
 MAXIMUM TEMPERATURE (F)   76        89      1953
 MINIMUM TEMPERATURE (F)   53        37      1991


SUNRISE AND SUNSET
SEPTEMBER  1 2015.....SUNRISE   627 AM EDT   SUNSET   740 PM EDT
SEPTEMBER  2 2015.....SUNRISE   628 AM EDT   SUNSET   739 PM EDT


-  INDICATES NEGATIVE NUMBERS.
R  INDICATES RECORD WAS SET OR TIED.
MM INDICATES DATA IS MISSING.
T  INDICATES TRACE AMOUNT.




$$
