000
CDUS41 KBUF 020705
CLIART


CLIMATE REPORT
NATIONAL WEATHER SERVICE BUFFALO NY
305 AM EDT TUE SEP 2 2014


...................................

...THE WATERTOWN NY CLIMATE SUMMARY FOR SEPTEMBER 1 2014...

CLIMATE NORMAL PERIOD 1981 TO 2010
CLIMATE RECORD PERIOD 1949 TO 2014


WEATHER ITEM   OBSERVED TIME   RECORD YEAR NORMAL DEPARTURE LAST
                VALUE   (LST)  VALUE       VALUE  FROM      YEAR
                                                  NORMAL
..................................................................
TEMPERATURE (F)
 YESTERDAY
  MAXIMUM         84    341 PM  89    1953  76      8       86
  MINIMUM         69    557 AM  37    1991  53     16       57
  AVERAGE         77                        64     13       72

PRECIPITATION (IN)
  YESTERDAY        0.00          1.27 1980   0.10  -0.10     0.28
  MONTH TO DATE    0.00                      0.10  -0.10     0.28
  SINCE SEP 1      0.00                      0.10  -0.10     0.28
  SINCE JAN 1     32.26                     21.90  10.36    22.08

DEGREE DAYS
 HEATING
  YESTERDAY        0                         3     -3        0
  MONTH TO DATE    0                         3     -3        0
  SINCE SEP 1      0                         3     -3        0
  SINCE JUL 1     50                        75    -25       43

 COOLING
  YESTERDAY       12                         2     10        7
  MONTH TO DATE   12                         2     10        7
  SINCE SEP 1     12                         2     10        7
  SINCE JAN 1    372                       326     46      440
..................................................................


WIND (MPH)
  HIGHEST WIND SPEED    10   HIGHEST WIND DIRECTION     W (270)
  HIGHEST GUST SPEED    16   HIGHEST GUST DIRECTION     S (200)
  AVERAGE WIND SPEED     5.6


SKY COVER
  AVERAGE SKY COVER 0.6


WEATHER CONDITIONS
 THE FOLLOWING WEATHER WAS RECORDED YESTERDAY.
  FOG
  HAZE


RELATIVE HUMIDITY (PERCENT)
 HIGHEST    84           100 AM
 LOWEST     58           500 PM
 AVERAGE    71

..........................................................


THE WATERTOWN NY CLIMATE NORMALS FOR TODAY
                         NORMAL    RECORD    YEAR
 MAXIMUM TEMPERATURE (F)   75        90      1973
 MINIMUM TEMPERATURE (F)   53        31      1967


SUNRISE AND SUNSET
SEPTEMBER  2 2014.....SUNRISE   628 AM EDT   SUNSET   738 PM EDT
SEPTEMBER  3 2014.....SUNRISE   630 AM EDT   SUNSET   736 PM EDT


-  INDICATES NEGATIVE NUMBERS.
R  INDICATES RECORD WAS SET OR TIED.
MM INDICATES DATA IS MISSING.
T  INDICATES TRACE AMOUNT.




$$
