000
CDUS41 KBUF 160705
CLIART


CLIMATE REPORT
NATIONAL WEATHER SERVICE BUFFALO NY
305 AM EDT TUE SEP 16 2014


...................................

...THE WATERTOWN NY CLIMATE SUMMARY FOR SEPTEMBER 15 2014...

CLIMATE NORMAL PERIOD 1981 TO 2010
CLIMATE RECORD PERIOD 1949 TO 2014


WEATHER ITEM   OBSERVED TIME   RECORD YEAR NORMAL DEPARTURE LAST
                VALUE   (LST)  VALUE       VALUE  FROM      YEAR
                                                  NORMAL
..................................................................
TEMPERATURE (F)
 YESTERDAY
  MAXIMUM         67    151 PM  83    1971  71     -4       68
  MINIMUM         41   1202 AM  33    1988  49     -8       50
  AVERAGE         54                        60     -6       59

PRECIPITATION (IN)
  YESTERDAY        0.01          1.10 1952   0.13  -0.12     0.38
  MONTH TO DATE    1.05                      1.68  -0.63     1.66
  SINCE SEP 1      1.05                      1.68  -0.63     1.66
  SINCE JAN 1     33.31                     23.48   9.83    23.46

DEGREE DAYS
 HEATING
  YESTERDAY       11                         6      5        6
  MONTH TO DATE   68                        66      2       68
  SINCE SEP 1     68                        66      2       68
  SINCE JUL 1    118                       138    -20      111

 COOLING
  YESTERDAY        0                         1     -1        0
  MONTH TO DATE   52                        25     27       48
  SINCE SEP 1     52                        25     27       48
  SINCE JAN 1    412                       349     63      481
..................................................................


WIND (MPH)
  HIGHEST WIND SPEED    16   HIGHEST WIND DIRECTION    SW (230)
  HIGHEST GUST SPEED    26   HIGHEST GUST DIRECTION    SW (220)
  AVERAGE WIND SPEED     4.4


SKY COVER
  AVERAGE SKY COVER 0.8


WEATHER CONDITIONS
 THE FOLLOWING WEATHER WAS RECORDED YESTERDAY.
  LIGHT RAIN
  HAZE


RELATIVE HUMIDITY (PERCENT)
 HIGHEST    83           100 AM
 LOWEST     44           100 PM
 AVERAGE    64

..........................................................


THE WATERTOWN NY CLIMATE NORMALS FOR TODAY
                         NORMAL    RECORD    YEAR
 MAXIMUM TEMPERATURE (F)   70        88      1991
 MINIMUM TEMPERATURE (F)   49        30      1959


SUNRISE AND SUNSET
SEPTEMBER 16 2014.....SUNRISE   644 AM EDT   SUNSET   713 PM EDT
SEPTEMBER 17 2014.....SUNRISE   645 AM EDT   SUNSET   711 PM EDT


-  INDICATES NEGATIVE NUMBERS.
R  INDICATES RECORD WAS SET OR TIED.
MM INDICATES DATA IS MISSING.
T  INDICATES TRACE AMOUNT.




$$
