000
CDUS41 KBUF 170705
CLIART


CLIMATE REPORT
NATIONAL WEATHER SERVICE BUFFALO NY
305 AM EDT SAT SEP 17 2016


...................................

...THE WATERTOWN NY CLIMATE SUMMARY FOR SEPTEMBER 16 2016...

CLIMATE NORMAL PERIOD 1981 TO 2010
CLIMATE RECORD PERIOD 1949 TO 2016


WEATHER ITEM   OBSERVED TIME   RECORD YEAR NORMAL DEPARTURE LAST
                VALUE   (LST)  VALUE       VALUE  FROM      YEAR
                                                  NORMAL
..................................................................
TEMPERATURE (F)
 YESTERDAY
  MAXIMUM         76    233 PM  88    1991  70      6       78
  MINIMUM         38    545 AM  30    1959  49    -11       53
  AVERAGE         57                        60     -3       66

PRECIPITATION (IN)
  YESTERDAY        0.00          3.66 2005   0.12  -0.12     0.00
  MONTH TO DATE    1.67                      1.80  -0.13     2.47
  SINCE SEP 1      1.67                      1.80  -0.13     2.47
  SINCE JAN 1     20.70                     23.60  -2.90    19.82

DEGREE DAYS
 HEATING
  YESTERDAY        8                         7      1        0
  MONTH TO DATE   58                        73    -15       17
  SINCE SEP 1     58                        73    -15       17
  SINCE JUL 1     69                       145    -76       72

 COOLING
  YESTERDAY        0                         1     -1        1
  MONTH TO DATE   35                        26      9       72
  SINCE SEP 1     35                        26      9       72
  SINCE JAN 1    549                       350    199      378
..................................................................


WIND (MPH)
  HIGHEST WIND SPEED    12   HIGHEST WIND DIRECTION     S (160)
  HIGHEST GUST SPEED    18   HIGHEST GUST DIRECTION    SW (210)
  AVERAGE WIND SPEED     4.5


SKY COVER
  AVERAGE SKY COVER 0.0


WEATHER CONDITIONS
 THE FOLLOWING WEATHER WAS RECORDED YESTERDAY.
  FOG
  HAZE


RELATIVE HUMIDITY (PERCENT)
 HIGHEST   100          1200 AM
 LOWEST     35           200 PM
 AVERAGE    68

..........................................................


THE WATERTOWN NY CLIMATE NORMALS FOR TODAY
                         NORMAL    RECORD    YEAR
 MAXIMUM TEMPERATURE (F)   70        85      1955
 MINIMUM TEMPERATURE (F)   48        29      1990


SUNRISE AND SUNSET
SEPTEMBER 17 2016.....SUNRISE   646 AM EDT   SUNSET   710 PM EDT
SEPTEMBER 18 2016.....SUNRISE   647 AM EDT   SUNSET   708 PM EDT


-  INDICATES NEGATIVE NUMBERS.
R  INDICATES RECORD WAS SET OR TIED.
MM INDICATES DATA IS MISSING.
T  INDICATES TRACE AMOUNT.




$$
