498
CDUS41 KBUF 221026
CLIART


CLIMATE REPORT
NATIONAL WEATHER SERVICE BUFFALO NY
625 AM EDT MON AUG 22 2016


...................................

...THE WATERTOWN NY CLIMATE SUMMARY FOR AUGUST 21 2016...

CLIMATE NORMAL PERIOD 1981 TO 2010
CLIMATE RECORD PERIOD 1949 TO 2016


WEATHER ITEM   OBSERVED TIME   RECORD YEAR NORMAL DEPARTURE LAST
                VALUE   (LST)  VALUE       VALUE  FROM      YEAR
                                                  NORMAL
..................................................................
TEMPERATURE (F)
 YESTERDAY
  MAXIMUM         78   1251 AM  86    1976  78      0       73
  MINIMUM         64   1159 PM  38    1969  56      8       59
  AVERAGE         71                        67      4       66

PRECIPITATION (IN)
  YESTERDAY        1.30R         1.30 2016   0.10   1.20     0.00
  MONTH TO DATE    2.83                      2.15   0.68     2.62
  SINCE JUN 1      6.83                      7.65  -0.82     9.92
  SINCE JAN 1     17.83                     20.80  -2.97    17.32

DEGREE DAYS
 HEATING
  YESTERDAY        0                         2     -2        0
  MONTH TO DATE    0                        23    -23        5
  SINCE JUN 1    103                       156    -53      159
  SINCE JUL 1      5                        49    -44       43

 COOLING
  YESTERDAY        6                         3      3        1
  MONTH TO DATE  187                        84    103       95
  SINCE JUN 1    436                       285    151      249
  SINCE JAN 1    466                       296    170      295
..................................................................


WIND (MPH)
  HIGHEST WIND SPEED    21   HIGHEST WIND DIRECTION     S (160)
  HIGHEST GUST SPEED    31   HIGHEST GUST DIRECTION     S (160)
  AVERAGE WIND SPEED    12.2


SKY COVER
  AVERAGE SKY COVER 0.3


WEATHER CONDITIONS
 THE FOLLOWING WEATHER WAS RECORDED YESTERDAY.
  HEAVY RAIN
  RAIN
  LIGHT RAIN
  FOG
  FOG W/VISIBILITY <= 1/4 MILE


RELATIVE HUMIDITY (PERCENT)
 HIGHEST    93          1100 AM
 LOWEST     58          1200 AM
 AVERAGE    76

..........................................................


THE WATERTOWN NY CLIMATE NORMALS FOR TODAY
                         NORMAL    RECORD    YEAR
 MAXIMUM TEMPERATURE (F)   78        88      1974
 MINIMUM TEMPERATURE (F)   56        34      1988


SUNRISE AND SUNSET
AUGUST 22 2016........SUNRISE   617 AM EDT   SUNSET   756 PM EDT
AUGUST 23 2016........SUNRISE   618 AM EDT   SUNSET   755 PM EDT


-  INDICATES NEGATIVE NUMBERS.
R  INDICATES RECORD WAS SET OR TIED.
MM INDICATES DATA IS MISSING.
T  INDICATES TRACE AMOUNT.

$$
