000
CDUS41 KBUF 241006
CLIART


CLIMATE REPORT
NATIONAL WEATHER SERVICE BUFFALO NY
604 AM EDT FRI JUL 24 2015


...................................

...THE WATERTOWN NY CLIMATE SUMMARY FOR JULY 23 2015...

CLIMATE NORMAL PERIOD 1981 TO 2010
CLIMATE RECORD PERIOD 1949 TO 2015


WEATHER ITEM   OBSERVED TIME   RECORD YEAR NORMAL DEPARTURE LAST
                VALUE   (LST)  VALUE       VALUE  FROM      YEAR
                                                  NORMAL
..................................................................
TEMPERATURE (F)
 YESTERDAY
  MAXIMUM         75    237 PM  93    1964  80     -5       80
  MINIMUM         58    118 AM  39    1981  59     -1       62
  AVERAGE         67                        69     -2       71

PRECIPITATION (IN)
  YESTERDAY        0.00          0.73 1962   0.09  -0.09     0.19
  MONTH TO DATE    1.34                      1.92  -0.58     3.68
  SINCE JUN 1      7.05                      4.77   2.28     6.59
  SINCE JAN 1     14.45                     17.92  -3.47    25.19

DEGREE DAYS
 HEATING
  YESTERDAY        0                         1     -1        0
  MONTH TO DATE   38                        24     14       13
  SINCE JUN 1    154                       131     23       75
  SINCE JUL 1     38                        24     14       13

 COOLING
  YESTERDAY        2                         5     -3        6
  MONTH TO DATE   70                       104    -34      111
  SINCE JUN 1    101                       166    -65      223
  SINCE JAN 1    147                       177    -30      246
..................................................................


WIND (MPH)
  HIGHEST WIND SPEED    16   HIGHEST WIND DIRECTION    SW (220)
  HIGHEST GUST SPEED    21   HIGHEST GUST DIRECTION     W (260)
  AVERAGE WIND SPEED     6.9


SKY COVER
  AVERAGE SKY COVER 0.5


WEATHER CONDITIONS
 THE FOLLOWING WEATHER WAS RECORDED YESTERDAY.
  NO SIGNIFICANT WEATHER WAS OBSERVED.


RELATIVE HUMIDITY (PERCENT)
 HIGHEST    93           100 AM
 LOWEST     53           100 PM
 AVERAGE    73

..........................................................


THE WATERTOWN NY CLIMATE NORMALS FOR TODAY
                         NORMAL    RECORD    YEAR
 MAXIMUM TEMPERATURE (F)   80        90      1973
 MINIMUM TEMPERATURE (F)   59        43      2004


SUNRISE AND SUNSET
JULY 24 2015..........SUNRISE   544 AM EDT   SUNSET   837 PM EDT
JULY 25 2015..........SUNRISE   545 AM EDT   SUNSET   836 PM EDT


-  INDICATES NEGATIVE NUMBERS.
R  INDICATES RECORD WAS SET OR TIED.
MM INDICATES DATA IS MISSING.
T  INDICATES TRACE AMOUNT.




$$
