000
CDUS41 KBUF 152034
CLIART


CLIMATE REPORT
NATIONAL WEATHER SERVICE BUFFALO NY
434 PM EDT SAT JUL 15 2017


...................................

...THE WATERTOWN NY CLIMATE SUMMARY FOR JULY 15 2017...
VALID TODAY AS OF 0400 PM LOCAL TIME.

CLIMATE NORMAL PERIOD 1981 TO 2010
CLIMATE RECORD PERIOD 1949 TO 2017


WEATHER ITEM   OBSERVED TIME   RECORD YEAR NORMAL DEPARTURE LAST
                VALUE   (LST)  VALUE       VALUE  FROM      YEAR
                                                  NORMAL
..................................................................
TEMPERATURE (F)
 TODAY
  MAXIMUM         76    134 PM  90    1979  79     -3       87
  MINIMUM         67    722 AM  44    1989  58      9       67
  AVERAGE         72                        69      3       77

PRECIPITATION (IN)
  TODAY            0.07          1.24 1996   0.08  -0.01      T
  MONTH TO DATE    2.65                      1.23   1.42     0.32
  SINCE JUN 1      8.83                      4.08   4.75     3.92
  SINCE JAN 1     24.50                     17.23   7.27    14.92

DEGREE DAYS
 HEATING
  TODAY            0                         1     -1        0
  MONTH TO DATE    2                        16    -14        4
  SINCE JUN 1    104                       123    -19      102
  SINCE JUL 1      2                        16    -14        4

 COOLING
  TODAY            7                         5      2       12
  MONTH TO DATE   65                        64      1       97
  SINCE JUN 1    145                       126     19      144
  SINCE JAN 1    164                       137     27      174
..................................................................


WIND (MPH)
  HIGHEST WIND SPEED    17   HIGHEST WIND DIRECTION     W (260)
  HIGHEST GUST SPEED    24   HIGHEST GUST DIRECTION     W (260)
  AVERAGE WIND SPEED     8.2


SKY COVER
  AVERAGE SKY COVER 0.8


WEATHER CONDITIONS
 THE FOLLOWING WEATHER WAS RECORDED TODAY.
  RAIN
  LIGHT RAIN
  FOG


RELATIVE HUMIDITY (PERCENT)
 HIGHEST   100          1200 AM
 LOWEST     73          1200 PM
 AVERAGE    87

..........................................................


THE WATERTOWN NY CLIMATE NORMALS FOR TOMORROW
                         NORMAL    RECORD    YEAR
 MAXIMUM TEMPERATURE (F)   80        89      2013
 MINIMUM TEMPERATURE (F)   59        42      2015


SUNRISE AND SUNSET
JULY 15 2017..........SUNRISE   536 AM EDT   SUNSET   844 PM EDT
JULY 16 2017..........SUNRISE   536 AM EDT   SUNSET   844 PM EDT


-  INDICATES NEGATIVE NUMBERS.
R  INDICATES RECORD WAS SET OR TIED.
MM INDICATES DATA IS MISSING.
T  INDICATES TRACE AMOUNT.




$$
