000
CDUS41 KBUF 130705
CLIART


CLIMATE REPORT
NATIONAL WEATHER SERVICE BUFFALO NY
305 AM EDT WED SEP 13 2017


...................................

...THE WATERTOWN NY CLIMATE SUMMARY FOR SEPTEMBER 12 2017...

CLIMATE NORMAL PERIOD 1981 TO 2010
CLIMATE RECORD PERIOD 1949 TO 2017


WEATHER ITEM   OBSERVED TIME   RECORD YEAR NORMAL DEPARTURE LAST
                VALUE   (LST)  VALUE       VALUE  FROM      YEAR
                                                  NORMAL
..................................................................
TEMPERATURE (F)
 YESTERDAY
  MAXIMUM         72    402 PM  85    1951  72      0       72
  MINIMUM         42    611 AM  33    2002  50     -8       46
  AVERAGE         57                        61     -4       59

PRECIPITATION (IN)
  YESTERDAY        0.00          1.69 2015   0.12  -0.12     0.00
  MONTH TO DATE    1.13                      1.31  -0.18     1.67
  SINCE SEP 1      1.13                      1.31  -0.18     1.67
  SINCE JAN 1     31.86                     23.11   8.75    20.70

DEGREE DAYS
 HEATING
  YESTERDAY        8                         5      3        6
  MONTH TO DATE   98                        48     50       28
  SINCE SEP 1     98                        48     50       28
  SINCE JUL 1    168                       120     48       39

 COOLING
  YESTERDAY        0                         1     -1        0
  MONTH TO DATE    0                        22    -22       35
  SINCE SEP 1      0                        22    -22       35
  SINCE JAN 1    330                       346    -16      549
..................................................................


WIND (MPH)
  HIGHEST WIND SPEED    12   HIGHEST WIND DIRECTION     W (260)
  HIGHEST GUST SPEED    15   HIGHEST GUST DIRECTION     W (260)
  AVERAGE WIND SPEED     3.5


SKY COVER
  AVERAGE SKY COVER 0.0


WEATHER CONDITIONS
 THE FOLLOWING WEATHER WAS RECORDED YESTERDAY.
  NO SIGNIFICANT WEATHER WAS OBSERVED.


RELATIVE HUMIDITY (PERCENT)
 HIGHEST   100          1200 AM
 LOWEST     57           400 PM
 AVERAGE    79

..........................................................


THE WATERTOWN NY CLIMATE NORMALS FOR TODAY
                         NORMAL    RECORD    YEAR
 MAXIMUM TEMPERATURE (F)   72        89      1951
 MINIMUM TEMPERATURE (F)   50        32      1964


SUNRISE AND SUNSET
SEPTEMBER 13 2017.....SUNRISE   641 AM EDT   SUNSET   718 PM EDT
SEPTEMBER 14 2017.....SUNRISE   642 AM EDT   SUNSET   716 PM EDT


-  INDICATES NEGATIVE NUMBERS.
R  INDICATES RECORD WAS SET OR TIED.
MM INDICATES DATA IS MISSING.
T  INDICATES TRACE AMOUNT.




$$
